-- Table structure for table `migrations`
--

CREATE TABLE `migrations` (
  `id` int unsigned NOT NULL AUTO_INCREMENT,
  `migration` varchar(191) CHARACTER SET utf8mb4 COLLATE utf8mb4_unicode_ci NOT NULL,
  `batch` int NOT NULL,
  PRIMARY KEY (`id`)
) ENGINE=InnoDB AUTO_INCREMENT=118 DEFAULT CHARSET=utf8mb4 COLLATE=utf8mb4_unicode_ci;

--
-- Dumping data for table `migrations`
--

INSERT INTO `migrations` VALUES (1,'2013_04_09_032329_create_base_tables',1),(2,'2013_04_09_062329_create_revisions_table',1),(3,'2014_10_12_000000_create_users_table',1),(4,'2014_10_12_100000_create_password_reset_tokens_table',1),(5,'2015_06_18_033822_create_blog_table',1),(6,'2015_06_29_025744_create_audit_history',1),(7,'2016_06_10_230148_create_acl_tables',1),(8,'2016_06_14_230857_create_menus_table',1),(9,'2016_06_17_091537_create_contacts_table',1),(10,'2016_06_28_221418_create_pages_table',1),(11,'2016_10_03_032336_create_languages_table',1),(12,'2016_10_05_074239_create_setting_table',1),(13,'2016_11_28_032840_create_dashboard_widget_tables',1),(14,'2016_12_16_084601_create_widgets_table',1),(15,'2017_02_13_034601_create_blocks_table',1),(16,'2017_05_09_070343_create_media_tables',1),(17,'2017_05_18_080441_create_payment_tables',1),(18,'2017_10_24_154832_create_newsletter_table',1),(19,'2017_11_03_070450_create_slug_table',1),(20,'2019_01_05_053554_create_jobs_table',1),(21,'2019_08_19_000000_create_failed_jobs_table',1),(22,'2019_11_18_061011_create_country_table',1),(23,'2019_12_14_000001_create_personal_access_tokens_table',1),(24,'2021_02_16_092633_remove_default_value_for_author_type',1),(25,'2021_03_27_144913_add_customer_type_into_table_payments',1),(26,'2021_05_24_034720_make_column_currency_nullable',1),(27,'2021_06_19_035514_update_city_table',1),(28,'2021_07_08_031045_remove_column_slug_from_cities_table',1),(29,'2021_08_09_161302_add_metadata_column_to_payments_table',1),(30,'2021_10_19_020859_update_metadata_field',1),(31,'2021_10_25_021023_fix-priority-load-for-language-advanced',1),(32,'2021_12_03_030600_create_blog_translations',1),(33,'2021_12_03_075608_create_page_translations',1),(34,'2021_12_03_081327_create_blocks_translations',1),(35,'2021_12_03_084118_create_location_translations',1),(36,'2021_12_03_094518_migrate_old_location_data',1),(37,'2021_12_10_034440_switch_plugin_location_to_use_language_advanced',1),(38,'2022_01_16_085908_improve_plugin_location',1),(39,'2022_01_19_045455_add_slug_for_table_cities',1),(40,'2022_04_19_113923_add_index_to_table_posts',1),(41,'2022_04_20_100851_add_index_to_media_table',1),(42,'2022_04_20_101046_add_index_to_menu_table',1),(43,'2022_06_28_151901_activate_paypal_stripe_plugin',1),(44,'2022_07_07_153354_update_charge_id_in_table_payments',1),(45,'2022_07_10_034813_move_lang_folder_to_root',1),(46,'2022_08_04_051940_add_missing_column_expires_at',1),(47,'2022_08_04_052122_delete_location_backup_tables',1),(48,'2022_08_08_085908_improve_plugin_location',1),(49,'2022_09_01_000001_create_admin_notifications_tables',1),(50,'2022_10_14_024629_drop_column_is_featured',1),(51,'2022_11_18_063357_add_missing_timestamp_in_table_settings',1),(52,'2022_12_02_093615_update_slug_index_columns',1),(53,'2022_15_08_085908_improve_plugin_location',1),(54,'2023_01_30_024431_add_alt_to_media_table',1),(55,'2023_02_16_042611_drop_table_password_resets',1),(56,'2023_04_23_005903_add_column_permissions_to_admin_notifications',1),(57,'2023_04_23_061847_increase_state_translations_abbreviation_column',1),(58,'2023_05_10_075124_drop_column_id_in_role_users_table',1),(59,'2023_07_06_011444_create_slug_translations_table',1),(60,'2023_07_26_041451_add_more_columns_to_location_table',1),(61,'2023_07_27_041451_add_more_columns_to_location_translation_table',1),(62,'2023_08_15_073307_drop_unique_in_states_cities_translations',1),(63,'2023_08_21_090810_make_page_content_nullable',1),(64,'2023_08_29_074620_make_column_author_id_nullable',1),(65,'2023_09_14_021936_update_index_for_slugs_table',1),(66,'2023_09_14_022423_add_index_for_language_table',1),(67,'2023_10_21_065016_make_state_id_in_table_cities_nullable',1),(68,'2023_11_10_080225_migrate_contact_blacklist_email_domains_to_core',1),(69,'2023_11_14_033417_change_request_column_in_table_audit_histories',1),(70,'2023_12_06_100448_change_random_hash_for_media',1),(71,'2023_12_07_095130_add_color_column_to_media_folders_table',1),(72,'2023_12_17_162208_make_sure_column_color_in_media_folders_nullable',1),(73,'2018_06_22_032304_create_real_estate_table',2),(74,'2021_09_29_042758_create_re_categories_multilevel_table',2),(75,'2021_10_04_145603_update_package_multilanguage',2),(76,'2021_10_24_040004_add_code_table_re_property_types',2),(77,'2021_12_03_151812_add_parent_id_to_re_categories_table',2),(78,'2021_12_04_155038_add_subcategory_id_to_re_propeties_table',2),(79,'2021_12_10_034807_create_real_estate_translation_tables',2),(80,'2022_07_02_081723_fix_expired_date_column',2),(81,'2022_07_12_044647_add_property_label_column_to_properties_table',2),(82,'2023_01_03_141847_create_re_projects_table',2),(83,'2023_01_31_023233_create_re_custom_fields_table',2),(84,'2023_02_06_000000_add_location_to_re_accounts_table',2),(85,'2023_02_06_024257_add_package_translations',2),(86,'2023_02_08_062457_add_custom_fields_translation_table',2),(87,'2023_02_15_024644_create_re_reviews_table',2),(88,'2023_02_20_072604_create_re_invoices_table',2),(89,'2023_02_20_081251_create_re_account_packages_table',2),(90,'2023_04_04_030709_add_unique_id_to_properties_and_projects_table',2),(91,'2023_04_14_164811_make_phone_and_email_in_table_re_consults_nullable',2),(92,'2023_05_09_062031_unique_reviews_table',2),(93,'2023_05_26_034353_fix_properties_projects_image',2),(94,'2023_05_27_004215_add_column_ip_into_table_re_consults',2),(95,'2023_07_25_034513_create_re_coupons_table',2),(96,'2023_07_25_034672_add_coupon_code_column_to_jb_invoices_table',2),(97,'2023_08_02_074208_change_square_column_to_float',2),(98,'2023_08_07_000001_add_is_public_profile_column_to_re_accounts_table',2),(99,'2023_08_09_004607_make_column_project_id_nullable',2),(100,'2023_09_11_084630_update_mandatory_fields_in_consult_form_table',2),(101,'2023_11_21_071820_add_missing_slug_for_agents',2),(102,'2024_01_03_150659_update_plugin_real_estate',2),(103,'2017_07_11_140018_create_simple_slider_table',3),(104,'2018_07_09_214610_create_testimonial_table',4),(105,'2021_12_03_083642_create_testimonials_translations',4),(106,'2016_10_07_193005_create_translations_table',5),(107,'2023_12_12_105220_drop_translations_table',5),(108,'2024_01_31_103651_add_account_missing_columns',6),(109,'2024_03_12_142925_add_date_columns_to_re_projects_table',7),(110,'2024_03_20_080001_migrate_change_attribute_email_to_nullable_form_contacts_table',7),(111,'2024_03_25_000001_update_captcha_settings_for_contact',7),(112,'2024_03_25_000001_update_captcha_settings_for_newsletter',7),(113,'2024_04_04_110758_update_value_column_in_user_meta_table',7),(114,'2024_04_19_063914_create_custom_fields_table',7),(115,'2024_04_23_000854_add_description_column_to_re_packages',7),(116,'2024_04_23_141310_add_avatar_column_to_re_investors',7),(117,'2024_04_27_100730_improve_analytics_setting',8);

--
-- Table structure for table `newsletters`
--

CREATE TABLE `newsletters` (
  `id` bigint unsigned NOT NULL AUTO_INCREMENT,
  `email` varchar(120) CHARACTER SET utf8mb4 COLLATE utf8mb4_unicode_ci NOT NULL,
  `name` varchar(120) CHARACTER SET utf8mb4 COLLATE utf8mb4_unicode_ci DEFAULT NULL,
  `status` varchar(60) CHARACTER SET utf8mb4 COLLATE utf8mb4_unicode_ci NOT NULL DEFAULT 'subscribed',
  `created_at` timestamp NULL DEFAULT NULL,
  `updated_at` timestamp NULL DEFAULT NULL,
  PRIMARY KEY (`id`)
) ENGINE=InnoDB DEFAULT CHARSET=utf8mb4 COLLATE=utf8mb4_unicode_ci;

--
-- Dumping data for table `newsletters`
--


--
-- Table structure for table `pages`
--

CREATE TABLE `pages` (
  `id` bigint unsigned NOT NULL AUTO_INCREMENT,
  `name` varchar(120) CHARACTER SET utf8mb4 COLLATE utf8mb4_unicode_ci NOT NULL,
  `content` longtext CHARACTER SET utf8mb4 COLLATE utf8mb4_unicode_ci,
  `user_id` bigint unsigned DEFAULT NULL,
  `image` varchar(255) CHARACTER SET utf8mb4 COLLATE utf8mb4_unicode_ci DEFAULT NULL,
  `template` varchar(60) CHARACTER SET utf8mb4 COLLATE utf8mb4_unicode_ci DEFAULT NULL,
  `description` varchar(400) CHARACTER SET utf8mb4 COLLATE utf8mb4_unicode_ci DEFAULT NULL,
  `status` varchar(60) CHARACTER SET utf8mb4 COLLATE utf8mb4_unicode_ci NOT NULL DEFAULT 'published',
  `created_at` timestamp NULL DEFAULT NULL,
  `updated_at` timestamp NULL DEFAULT NULL,
  PRIMARY KEY (`id`),
  KEY `pages_user_id_index` (`user_id`)
) ENGINE=InnoDB AUTO_INCREMENT=17 DEFAULT CHARSET=utf8mb4 COLLATE=utf8mb4_unicode_ci;

--
-- Dumping data for table `pages`
--

INSERT INTO `pages` VALUES (1,'Home','<div>[hero-banner title=\"Find accessible homes to rent\" bg=\"banners/banner-1.jpg\"][/hero-banner]</div><div>[static-block alias=\"how-it-works\"][/static-block]</div><div>[featured-properties title=\"Explore Good Places\" limit=\"6\" style=\"2\" type=\"rent\"]At vero eos et accusamus et iusto odio dignissimos ducimus qui blanditiis praesentium voluptatum deleniti atque corrupti quos dolores[/featured-properties]</div><div>[properties-by-locations title=\"Find By Locations\"]At vero eos et accusamus et iusto odio dignissimos ducimus qui blanditiis praesentium voluptatum deleniti atque corrupti quos dolores[/properties-by-locations]</div><div>[testimonials title=\"Good Reviews By Customers\" description=\"At vero eos et accusamus et iusto odio dignissimos ducimus qui blanditiis praesentium voluptatum deleniti atque corrupti quos dolores\"][/testimonials]</div><div>[our-packages title=\"See Our Packages\" description=\"At vero eos et accusamus et iusto odio dignissimos ducimus qui blanditiis praesentium voluptatum deleniti atque corrupti quos dolores\"][/our-packages]</div><div>[recently-viewed-properties title=\"Recently Viewed Properties\" subtitle=\"Your currently viewed properties.\"][/recently-viewed-properties]</div>',1,NULL,'homepage',NULL,'published','2024-05-03 00:12:46','2024-05-03 00:12:46'),(2,'Home layout 2','<div>[hero-banner title=\"Find accessible homes to rent\" bg=\"banners/banner-svg.jpg\" style=\"2\"]Find Your Perfect Place.[/hero-banner]</div><div>[static-block alias=\"achievement\"][/static-block]</div><div>[properties-slide title=\"Recent Property For Rent\" limit=\"6\"]At vero eos et accusamus et iusto odio dignissimos ducimus qui blanditiis praesentium voluptatum deleniti atque corrupti quos dolores[/properties-slide]</div><div>[featured-properties title=\"Featured Property For Sale\" limit=\"6\" style=\"1\" type=\"\"]At vero eos et accusamus et iusto odio dignissimos ducimus qui blanditiis praesentium voluptatum deleniti atque corrupti quos dolores[/featured-properties]</div><div>[featured-agents title=\"Explore Featured Agents\"]At vero eos et accusamus et iusto odio dignissimos ducimus qui blanditiis praesentium voluptatum deleniti atque corrupti quos dolores[/featured-agents]</div><div>[testimonials title=\"Good Reviews By Customers\" description=\"At vero eos et accusamus et iusto odio dignissimos ducimus qui blanditiis praesentium voluptatum deleniti atque corrupti quos dolores\"][/testimonials]</div><div>[our-packages title=\"See Our Packages\" description=\"At vero eos et accusamus et iusto odio dignissimos ducimus qui blanditiis praesentium voluptatum deleniti atque corrupti quos dolores\"][/our-packages]</div><div>[static-block alias=\"download-app\"][/static-block]</div>',1,NULL,'homepage',NULL,'published','2024-05-03 00:12:46','2024-05-03 00:12:46'),(3,'Home layout 3','<div>[hero-banner title=\"Find Your Property\" bg=\"banners/banner-3.jpg\" style=\"3\" overlay=\"6\"]From as low as $10 per day with limited time offer[/hero-banner]</div><div>[featured-properties title=\"Explore Good Places\" limit=\"6\" style=\"2\"]At vero eos et accusamus et iusto odio dignissimos ducimus qui blanditiis praesentium voluptatum deleniti atque corrupti quos dolores[/featured-properties]</div><div>[properties-by-locations title=\"Find By Locations\"]At vero eos et accusamus et iusto odio dignissimos ducimus qui blanditiis praesentium voluptatum deleniti atque corrupti quos dolores[/properties-by-locations]</div><div>[static-block alias=\"how-it-works\"][/static-block]</div><div>[testimonials title=\"Good Reviews By Customers\" description=\"At vero eos et accusamus et iusto odio dignissimos ducimus qui blanditiis praesentium voluptatum deleniti atque corrupti quos dolores\"][/testimonials]</div><div>[our-packages title=\"See Our Packages\" description=\"At vero eos et accusamus et iusto odio dignissimos ducimus qui blanditiis praesentium voluptatum deleniti atque corrupti quos dolores\"][/our-packages]</div><div>[cover-banner title=\"Search Perfect Place In Your City\" bg=\"banners/banner-2.jpg\" btntext=\"Explore More Property\" btnlink=\"#\"]We post regulary most powerful articles for help and support.[/cover-banner]</div><div>[latest-news title=\"News By Resido,3\"]At vero eos et accusamus et iusto odio dignissimos ducimus qui blanditiis praesentium voluptatum deleniti atque corrupti quos dolores[/latest-news]</div>',1,NULL,'homepage',NULL,'published','2024-05-03 00:12:46','2024-05-03 00:12:46'),(4,'Home layout 4','<div>[hero-banner title=\"Find Your Place<br>of Dream\" bg=\"banners/banner-6.png\" style=\"4\"]Amet consectetur adipisicing <span class=\"badge badge-success\">New</span>[/hero-banner]</div><div>[static-block alias=\"achievement\"][/static-block]</div><div>[properties-slide title=\"Recent Property For Rent\" limit=\"6\" style=\"1\"]At vero eos et accusamus et iusto odio dignissimos ducimus qui blanditiis praesentium voluptatum deleniti atque corrupti quos dolores[/properties-slide]</div><div>[featured-properties title=\"Explore Good Places\" limit=\"6\"]At vero eos et accusamus et iusto odio dignissimos ducimus qui blanditiis praesentium voluptatum deleniti atque corrupti quos dolores[/featured-properties]</div><div>[static-block alias=\"how-it-works\"][/static-block]</div><div>[testimonials title=\"Good Reviews By Customers\" description=\"At vero eos et accusamus et iusto odio dignissimos ducimus qui blanditiis praesentium voluptatum deleniti atque corrupti quos dolores\"][/testimonials]</div><div>[our-packages title=\"See Our Packages\" description=\"At vero eos et accusamus et iusto odio dignissimos ducimus qui blanditiis praesentium voluptatum deleniti atque corrupti quos dolores\"][/our-packages]</div><div>[static-block alias=\"download-app\"][/static-block]</div>',1,NULL,'homepage',NULL,'published','2024-05-03 00:12:46','2024-05-03 00:12:46'),(5,'Home layout 5','<div>[hero-banner title=\"Find Your Perfect Place.\" bg=\"banners/home-2.png\" style=\"5\"]Amet consectetur adipisicing New[/hero-banner]</div><div>[featured-properties title=\"Explore Good Places\" limit=\"6\" style=\"2\" type=\"sale\"]At vero eos et accusamus et iusto odio dignissimos ducimus qui blanditiis praesentium voluptatum deleniti atque corrupti quos dolores[/featured-properties]</div><div>[properties-by-locations title=\"Find By Locations\"]At vero eos et accusamus et iusto odio dignissimos ducimus qui blanditiis praesentium voluptatum deleniti atque corrupti quos dolores[/properties-by-locations]</div><div>[featured-properties title=\"Explore Good Places\" limit=\"6\" style=\"1\" type=\"sale\"]At vero eos et accusamus et iusto odio dignissimos ducimus qui blanditiis praesentium voluptatum deleniti atque corrupti quos dolores[/featured-properties]</div><div>[testimonials title=\"Good Reviews By Customers\" description=\"At vero eos et accusamus et iusto odio dignissimos ducimus qui blanditiis praesentium voluptatum deleniti atque corrupti quos dolores\"][/testimonials]</div><div>[our-packages title=\"See Our Packages\" description=\"At vero eos et accusamus et iusto odio dignissimos ducimus qui blanditiis praesentium voluptatum deleniti atque corrupti quos dolores\"][/our-packages]</div><div>[static-block alias=\"download-app\"][/static-block]</div>',1,NULL,'homepage',NULL,'published','2024-05-03 00:12:46','2024-05-03 00:12:46'),(6,'Home layout 6','<div>[hero-banner title=\"Amet consectetur adipisicing\" bg=\"banners/banner-6.png\" style=\"6\"]Find Your Place <br>Of Dream[/hero-banner]</div><div>[static-block alias=\"achievement\"][/static-block]</div><div>[properties-slide title=\"Recent Property For Rent\" limit=\"6\" style=\"1\"]At vero eos et accusamus et iusto odio dignissimos ducimus qui blanditiis praesentium voluptatum deleniti atque corrupti quos dolores[/properties-slide]</div><div>[properties-by-locations title=\"Find By Locations\"]At vero eos et accusamus et iusto odio dignissimos ducimus qui blanditiis praesentium voluptatum deleniti atque corrupti quos dolores[/properties-by-locations]</div><div>[featured-properties title=\"Explore Good Places\" limit=\"8\" style=\"1\" type=\"rent\"]At vero eos et accusamus et iusto odio dignissimos ducimus qui blanditiis praesentium voluptatum deleniti atque corrupti quos dolores[/featured-properties]</div><div>[static-block alias=\"how-it-works\"][/static-block]</div><div>[testimonials title=\"Good Reviews By Customers\" description=\"At vero eos et accusamus et iusto odio dignissimos ducimus qui blanditiis praesentium voluptatum deleniti atque corrupti quos dolores\"][/testimonials]</div><div>[our-packages title=\"See Our Packages\" description=\"At vero eos et accusamus et iusto odio dignissimos ducimus qui blanditiis praesentium voluptatum deleniti atque corrupti quos dolores\"][/our-packages]</div><div>[static-block alias=\"download-app\"][/static-block]</div>',1,NULL,'homepage',NULL,'published','2024-05-03 00:12:46','2024-05-03 00:12:46'),(7,'Home layout 7','<div>[hero-banner title=\"Find accessible homes to rent\" bg=\"banners/banner-1.jpg\"]</div><div>[featured-properties title=\"Explore Good Places\" limit=\"6\" style=\"1\" type=\"rent\"]At vero eos et accusamus et iusto odio dignissimos ducimus qui blanditiis praesentium voluptatum deleniti atque corrupti quos dolores[/featured-properties]</div><div>[properties-by-locations title=\"Find By Locations\"]At vero eos et accusamus et iusto odio dignissimos ducimus qui blanditiis praesentium voluptatum deleniti atque corrupti quos dolores[/properties-by-locations]</div><div>[static-block alias=\"how-it-works\"][/static-block]</div><div>[cover-banner title=\"Search Perfect Place In Your City\" bg=\"banners/banner-2.jpg\" btntext=\"Explore More Property\" btnlink=\"#\"]We post regulary most powerful articles for help and support.[/cover-banner]</div><div>[latest-news title=\"News By Resido,3\"]At vero eos et accusamus et iusto odio dignissimos ducimus qui blanditiis praesentium voluptatum deleniti atque corrupti quos dolores[/latest-news]</div>',1,NULL,'homepage',NULL,'published','2024-05-03 00:12:46','2024-05-03 00:12:46'),(8,'Home layout 8','<div>[properties-hero-slide limit=\"6\"][/properties-hero-slide]</div><div>[static-block alias=\"how-it-works\"][/static-block]</div><div>[featured-properties title=\"Explore Good Places\" limit=\"6\" style=\"2\" type=\"rent\"]At vero eos et accusamus et iusto odio dignissimos ducimus qui blanditiis praesentium voluptatum deleniti atque corrupti quos dolores[/featured-properties]</div><div>[properties-by-locations title=\"Find By Locations\"]At vero eos et accusamus et iusto odio dignissimos ducimus qui blanditiis praesentium voluptatum deleniti atque corrupti quos dolores[/properties-by-locations]</div><div>[testimonials title=\"Good Reviews By Customers\" description=\"At vero eos et accusamus et iusto odio dignissimos ducimus qui blanditiis praesentium voluptatum deleniti atque corrupti quos dolores\"][/testimonials]</div><div>[our-packages title=\"See Our Packages\" description=\"At vero eos et accusamus et iusto odio dignissimos ducimus qui blanditiis praesentium voluptatum deleniti atque corrupti quos dolores\"][/our-packages]</div>',1,NULL,'homepage',NULL,'published','2024-05-03 00:12:46','2024-05-03 00:12:46'),(9,'Home layout 9','<div>[hero-banner title=\"Find accessible homes to rent\" bg=\"banners/new-banner.jpg\" style=\"2\"]Find Your Perfect Place.[/hero-banner]</div><div>[static-block alias=\"achievement\"][/static-block]</div><div>[properties-slide title=\"Recent Property For Rent\" limit=\"6\"]At vero eos et accusamus et iusto odio dignissimos ducimus qui blanditiis praesentium voluptatum deleniti atque corrupti quos dolores[/properties-slide]</div><div>[featured-properties title=\"Explore Good Places\" limit=\"6\" type=\"rent\"]At vero eos et accusamus et iusto odio dignissimos ducimus qui blanditiis praesentium voluptatum deleniti atque corrupti quos dolores[/featured-properties]</div><div>[featured-agents title=\"Explore Featured Agents\"]At vero eos et accusamus et iusto odio dignissimos ducimus qui blanditiis praesentium voluptatum deleniti atque corrupti quos dolores[/featured-agents]</div><div>[testimonials title=\"Good Reviews By Customers\" description=\"At vero eos et accusamus et iusto odio dignissimos ducimus qui blanditiis praesentium voluptatum deleniti atque corrupti quos dolores\"][/testimonials]</div><div>[our-packages title=\"See Our Packages\" description=\"At vero eos et accusamus et iusto odio dignissimos ducimus qui blanditiis praesentium voluptatum deleniti atque corrupti quos dolores\"][/our-packages]</div><div>[static-block alias=\"download-app\"][/static-block]</div>',1,NULL,'homepage',NULL,'published','2024-05-03 00:12:46','2024-05-03 00:12:46'),(10,'Map Home layout','<div>[hero-banner-style-map][/hero-banner-style-map]</div><div>[static-block alias=\"achievement\"][/static-block]</div><div>[properties-slide title=\"Recent Property For Rent\" limit=\"6\"]At vero eos et accusamus et iusto odio dignissimos ducimus qui blanditiis praesentium voluptatum deleniti atque corrupti quos dolores[/properties-slide]</div><div>[featured-properties title=\"Explore Good Places\" limit=\"6\" type=\"rent\"]At vero eos et accusamus et iusto odio dignissimos ducimus qui blanditiis praesentium voluptatum deleniti atque corrupti quos dolores[/featured-properties]</div><div>[static-block alias=\"how-it-works\"][/static-block]</div><div>[testimonials title=\"Good Reviews By Customers\" description=\"At vero eos et accusamus et iusto odio dignissimos ducimus qui blanditiis praesentium voluptatum deleniti atque corrupti quos dolores\"][/testimonials]</div><div>[our-packages title=\"See Our Packages\" description=\"At vero eos et accusamus et iusto odio dignissimos ducimus qui blanditiis praesentium voluptatum deleniti atque corrupti quos dolores\"][/our-packages]</div><div>[static-block alias=\"download-app\"][/static-block]</div>',1,NULL,'homepage',NULL,'published','2024-05-03 00:12:46','2024-05-03 00:12:46'),(11,'Properties','---',1,NULL,'default',NULL,'published','2024-05-03 00:12:46','2024-05-03 00:12:46'),(12,'News',' ',1,NULL,'default','See Our Latest Articles &amp; News','published','2024-05-03 00:12:46','2024-05-03 00:12:46'),(13,'About us','<div>[static-block alias=\"our-story\"][/static-block]</div><div>[static-block alias=\"our-mission\"][/static-block]</div>',1,NULL,'default','Who we are &amp; our mission','published','2024-05-03 00:12:46','2024-05-03 00:12:46'),(14,'Contact','<p>[contact-form][/contact-form]<br />\n                            &nbsp;</p>\n\n                            <h3>Directions</h3>\n\n                            <p>[google-map]North Link Building, 10 Admiralty Street, 757695 Singapore[/google-map]</p>\n\n                            <p>&nbsp;</p>',1,NULL,'default',NULL,'published','2024-05-03 00:12:46','2024-05-03 00:12:46'),(15,'Terms &amp; Conditions','<p style=\"text-align: justify;\"><span style=\"font-size:16px;\"><span style=\"font-family:Arial,Helvetica,sans-serif;\">Access to and use of the Resido website is subject to the following terms, conditions, and relevant laws of Vietnam.</span></span></p>\n\n                    <h4 style=\"text-align: justify;\"><span style=\"font-size:18px;\"><span style=\"font-family:Arial,Helvetica,sans-serif;\"><strong>1. Copyright</strong></span></span></h4>\n\n                    <p style=\"text-align: justify;\"><span style=\"font-size:16px;\"><span style=\"font-family:Arial,Helvetica,sans-serif;\">Copyrights and other intellectual property rights to all text, images, audio, software and other content on this site are owned by Resido and its affiliates. Users are allowed to view the contents of the website, cite the contents by printing, downloading the hard disk and distributing it to others for non-commercial purposes, providing information or personal purposes. </span></span><span style=\"font-size:16px;\"><span style=\"font-family:Arial,Helvetica,sans-serif;\">Any content from this site may not be used for sale or distribution for profit, nor may it be edited or included in any other publication or website.</span></span></p>\n\n                    <h4 style=\"text-align: justify;\"><span style=\"font-size:18px;\"><span style=\"font-family:Arial,Helvetica,sans-serif;\"><strong>2. Content</strong></span></span></h4>\n\n                    <p style=\"text-align: justify;\"><span style=\"font-size:16px;\"><span style=\"font-family:Arial,Helvetica,sans-serif;\">The information on this website is compiled with great confidence but for general information research purposes only. While we endeavor to maintain updated and accurate information, we make no representations or warranties in any manner regarding completeness, accuracy, reliability, appropriateness or availability in relation to web site, or related information, product, service, or image within the website for any purpose. </span></span></p>\n\n                        <p style=\"text-align: justify;\"><span style=\"font-size:16px;\"><span style=\"font-family:Arial,Helvetica,sans-serif;\">Resido and its employees, managers, and agents are not responsible for any loss, damage or expense incurred as a result of accessing and using this website and the sites. </span></span><span style=\"font-size:16px;\"><span style=\"font-family:Arial,Helvetica,sans-serif;\">The web is connected to it, including but not limited to, loss of profits, direct or indirect losses. We are also not responsible, or jointly responsible, if the site is temporarily inaccessible due to technical issues beyond our control. Any comments, suggestions, images, ideas and other information or materials that users submit to us through this site will become our exclusive property, including the right to may arise in the future associated with us.</span></span></p>\n\n                    <p style=\"text-align: center;\"><span style=\"font-size:16px;\"><span style=\"font-family:Arial,Helvetica,sans-serif;\"><img alt=\"\" src=\"https://flex-home.botble.com/storage/general/copyright.jpg\" style=\"width: 90%;\" /></span></span></p>\n\n                    <h4 style=\"text-align: justify;\"><span style=\"font-size:18px;\"><span style=\"font-family:Arial,Helvetica,sans-serif;\"><strong>3. Note on&nbsp;connected sites</strong></span></span></h4>\n\n                    <p style=\"text-align: justify;\"><span style=\"font-size:16px;\"><span style=\"font-family:Arial,Helvetica,sans-serif;\">At many points in the website, users can get links to other websites related to a specific aspect. This does not mean that we are related to the websites or companies that own these websites. Although we intend to connect users to sites of interest, we are not responsible or jointly responsible for our employees, managers, or representatives. with other websites and information contained therein.</span></span></p>\n                ',1,NULL,'default','Copyrights and other intellectual property rights to all text, images, audio, software and other content on this site are owned by Resido and its affiliates. Users are allowed to view the contents of the website, cite the contents by printing, downloading the hard disk and distributing it to others for non-commercial purposes.','published','2024-05-03 00:12:46','2024-05-03 00:12:46'),(16,'Cookie Policy','<h3>EU Cookie Consent</h3><p>To use this website we are using Cookies and collecting some Data. To be compliant with the EU GDPR we give you to choose if you allow us to use certain Cookies and to collect some Data.</p><h4>Essential Data</h4><p>The Essential Data is needed to run the Site you are visiting technically. You can not deactivate them.</p><p>- Session Cookie: PHP uses a Cookie to identify user sessions. Without this Cookie the Website is not working.</p><p>- XSRF-Token Cookie: Laravel automatically generates a CSRF \"token\" for each active user session managed by the application. This token is used to verify that the authenticated user is the one actually making the requests to the application.</p>',1,NULL,'default',NULL,'published','2024-05-03 00:12:46','2024-05-03 00:12:46');

--
-- Table structure for table `pages_translations`
--

CREATE TABLE `pages_translations` (
  `lang_code` varchar(20) CHARACTER SET utf8mb4 COLLATE utf8mb4_unicode_ci NOT NULL,
  `pages_id` bigint unsigned NOT NULL,
  `name` varchar(255) CHARACTER SET utf8mb4 COLLATE utf8mb4_unicode_ci DEFAULT NULL,
  `description` varchar(400) CHARACTER SET utf8mb4 COLLATE utf8mb4_unicode_ci DEFAULT NULL,
  `content` longtext CHARACTER SET utf8mb4 COLLATE utf8mb4_unicode_ci,
  PRIMARY KEY (`lang_code`,`pages_id`)
) ENGINE=InnoDB DEFAULT CHARSET=utf8mb4 COLLATE=utf8mb4_unicode_ci;

--
-- Dumping data for table `pages_translations`
--

INSERT INTO `pages_translations` VALUES ('vi',1,'Trang chủ',NULL,'<div>[hero-banner title=\"Find accessible homes to rent\" bg=\"banners/banner-1.jpg\"][/hero-banner]</div><div>[static-block alias=\"how-it-works\"][/static-block]</div><div>[featured-properties title=\"Explore Good Places\" limit=\"6\" style=\"2\" type=\"rent\"]At vero eos et accusamus et iusto odio dignissimos ducimus qui blanditiis praesentium voluptatum deleniti atque corrupti quos dolores[/featured-properties]</div><div>[properties-by-locations title=\"Find By Locations\"]At vero eos et accusamus et iusto odio dignissimos ducimus qui blanditiis praesentium voluptatum deleniti atque corrupti quos dolores[/properties-by-locations]</div><div>[testimonials title=\"Good Reviews By Customers\" description=\"At vero eos et accusamus et iusto odio dignissimos ducimus qui blanditiis praesentium voluptatum deleniti atque corrupti quos dolores\"][/testimonials]</div><div>[our-packages title=\"See Our Packages\" description=\"At vero eos et accusamus et iusto odio dignissimos ducimus qui blanditiis praesentium voluptatum deleniti atque corrupti quos dolores\"][/our-packages]</div><div>[recently-viewed-properties title=\"Recently Viewed Properties\" subtitle=\"Your currently viewed properties.\"][/recently-viewed-properties]</div>'),('vi',2,'Trang chủ 2',NULL,'<div>[hero-banner title=\"Find accessible homes to rent\" bg=\"banners/banner-svg.jpg\" style=\"2\"]Find Your Perfect Place.[/hero-banner]</div><div>[static-block alias=\"achievement\"][/static-block]</div><div>[properties-slide title=\"Recent Property For Rent\" limit=\"6\"]At vero eos et accusamus et iusto odio dignissimos ducimus qui blanditiis praesentium voluptatum deleniti atque corrupti quos dolores[/properties-slide]</div><div>[featured-properties title=\"Featured Property For Sale\" limit=\"6\" style=\"1\" type=\"rent\"]At vero eos et accusamus et iusto odio dignissimos ducimus qui blanditiis praesentium voluptatum deleniti atque corrupti quos dolores[/featured-properties]</div><div>[featured-agents title=\"Explore Featured Agents\"]At vero eos et accusamus et iusto odio dignissimos ducimus qui blanditiis praesentium voluptatum deleniti atque corrupti quos dolores[/featured-agents]</div><div>[testimonials title=\"Good Reviews By Customers\" description=\"At vero eos et accusamus et iusto odio dignissimos ducimus qui blanditiis praesentium voluptatum deleniti atque corrupti quos dolores\"][/testimonials]</div><div>[our-packages title=\"See Our Packages\" description=\"At vero eos et accusamus et iusto odio dignissimos ducimus qui blanditiis praesentium voluptatum deleniti atque corrupti quos dolores\"][/our-packages]</div><div>[static-block alias=\"download-app\"][/static-block]</div>'),('vi',3,'Trang chủ 3',NULL,'<div>[hero-banner title=\"Find Your Property\" bg=\"banners/banner-3.jpg\" style=\"3\" overlay=\"6\"]From as low as $10 per day with limited time offer[/hero-banner]</div><div>[featured-properties title=\"Explore Good Places\" limit=\"6\" style=\"2\" type=\"rent\"]At vero eos et accusamus et iusto odio dignissimos ducimus qui blanditiis praesentium voluptatum deleniti atque corrupti quos dolores[/featured-properties]</div><div>[properties-by-locations title=\"Find By Locations\"]At vero eos et accusamus et iusto odio dignissimos ducimus qui blanditiis praesentium voluptatum deleniti atque corrupti quos dolores[/properties-by-locations]</div><div>[static-block alias=\"how-it-works\"][/static-block]</div><div>[testimonials title=\"Good Reviews By Customers\" description=\"At vero eos et accusamus et iusto odio dignissimos ducimus qui blanditiis praesentium voluptatum deleniti atque corrupti quos dolores\"][/testimonials]</div><div>[our-packages title=\"See Our Packages\" description=\"At vero eos et accusamus et iusto odio dignissimos ducimus qui blanditiis praesentium voluptatum deleniti atque corrupti quos dolores\"][/our-packages]</div><div>[cover-banner title=\"Search Perfect Place In Your City\" bg=\"banners/banner-2.jpg\" btntext=\"Explore More Property\" btnlink=\"#\"]We post regulary most powerful articles for help and support.[/cover-banner]</div><div>[latest-news title=\"News By Resido,3\"]At vero eos et accusamus et iusto odio dignissimos ducimus qui blanditiis praesentium voluptatum deleniti atque corrupti quos dolores[/latest-news]</div>'),('vi',4,'Trang chủ 4',NULL,'<div>[hero-banner title=\"Find Your Place<br>of Dream\" bg=\"banners/banner-6.png\" style=\"4\"]Amet consectetur adipisicing <span class=\"badge badge-success\">New</span>[/hero-banner]</div><div>[static-block alias=\"achievement\"][/static-block]</div><div>[properties-slide title=\"Recent Property For Rent\" limit=\"6\" style=\"1\"]At vero eos et accusamus et iusto odio dignissimos ducimus qui blanditiis praesentium voluptatum deleniti atque corrupti quos dolores[/properties-slide]</div><div>[featured-properties title=\"Explore Good Places\" limit=\"6\" type=\"rent\"]At vero eos et accusamus et iusto odio dignissimos ducimus qui blanditiis praesentium voluptatum deleniti atque corrupti quos dolores[/featured-properties]</div><div>[static-block alias=\"how-it-works\"][/static-block]</div><div>[testimonials title=\"Good Reviews By Customers\" description=\"At vero eos et accusamus et iusto odio dignissimos ducimus qui blanditiis praesentium voluptatum deleniti atque corrupti quos dolores\"][/testimonials]</div><div>[our-packages title=\"See Our Packages\" description=\"At vero eos et accusamus et iusto odio dignissimos ducimus qui blanditiis praesentium voluptatum deleniti atque corrupti quos dolores\"][/our-packages]</div><div>[static-block alias=\"download-app\"][/static-block]</div>'),('vi',5,'Trang chủ 5',NULL,'<div>[hero-banner title=\"Find Your Perfect Place.\" bg=\"banners/home-2.png\" style=\"5\"]Amet consectetur adipisicing New[/hero-banner]</div><div>[featured-properties title=\"Explore Good Places\" limit=\"6\" style=\"2\" type=\"rent\"]At vero eos et accusamus et iusto odio dignissimos ducimus qui blanditiis praesentium voluptatum deleniti atque corrupti quos dolores[/featured-properties]</div><div>[properties-by-locations title=\"Find By Locations\"]At vero eos et accusamus et iusto odio dignissimos ducimus qui blanditiis praesentium voluptatum deleniti atque corrupti quos dolores[/properties-by-locations]</div><div>[featured-properties title=\"Explore Good Places\" limit=\"6\" style=\"1\" type=\"sale\"]At vero eos et accusamus et iusto odio dignissimos ducimus qui blanditiis praesentium voluptatum deleniti atque corrupti quos dolores[/featured-properties]</div><div>[testimonials title=\"Good Reviews By Customers\" description=\"At vero eos et accusamus et iusto odio dignissimos ducimus qui blanditiis praesentium voluptatum deleniti atque corrupti quos dolores\"][/testimonials]</div><div>[our-packages title=\"See Our Packages\" description=\"At vero eos et accusamus et iusto odio dignissimos ducimus qui blanditiis praesentium voluptatum deleniti atque corrupti quos dolores\"][/our-packages]</div><div>[static-block alias=\"download-app\"][/static-block]</div>'),('vi',6,'Trang chủ 6',NULL,'<div>[hero-banner title=\"Amet consectetur adipisicing\" bg=\"banners/banner-6.png\" style=\"6\"]Find Your Place <br>Of Dream[/hero-banner]</div><div>[static-block alias=\"achievement\"][/static-block]</div><div>[properties-slide title=\"Recent Property For Rent\" limit=\"6\" style=\"1\"]At vero eos et accusamus et iusto odio dignissimos ducimus qui blanditiis praesentium voluptatum deleniti atque corrupti quos dolores[/properties-slide]</div><div>[properties-by-locations title=\"Find By Locations\"]At vero eos et accusamus et iusto odio dignissimos ducimus qui blanditiis praesentium voluptatum deleniti atque corrupti quos dolores[/properties-by-locations]</div><div>[featured-properties title=\"Explore Good Places\" limit=\"8\" style=\"1\" type=\"rent\"]At vero eos et accusamus et iusto odio dignissimos ducimus qui blanditiis praesentium voluptatum deleniti atque corrupti quos dolores[/featured-properties]</div><div>[static-block alias=\"how-it-works\"][/static-block]</div><div>[testimonials title=\"Good Reviews By Customers\" description=\"At vero eos et accusamus et iusto odio dignissimos ducimus qui blanditiis praesentium voluptatum deleniti atque corrupti quos dolores\"][/testimonials]</div><div>[our-packages title=\"See Our Packages\" description=\"At vero eos et accusamus et iusto odio dignissimos ducimus qui blanditiis praesentium voluptatum deleniti atque corrupti quos dolores\"][/our-packages]</div><div>[static-block alias=\"download-app\"][/static-block]</div>'),('vi',7,'Trang chủ 7',NULL,'<div>[hero-banner title=\"Find accessible homes to rent\" bg=\"banners/banner-1.jpg\"]</div><div>[featured-properties title=\"Explore Good Places\" limit=\"6\" style=\"1\" type=\"rent\"]At vero eos et accusamus et iusto odio dignissimos ducimus qui blanditiis praesentium voluptatum deleniti atque corrupti quos dolores[/featured-properties]</div><div>[properties-by-locations title=\"Find By Locations\"]At vero eos et accusamus et iusto odio dignissimos ducimus qui blanditiis praesentium voluptatum deleniti atque corrupti quos dolores[/properties-by-locations]</div><div>[static-block alias=\"how-it-works\"][/static-block]</div><div>[cover-banner title=\"Search Perfect Place In Your City\" bg=\"banners/banner-2.jpg\" btntext=\"Explore More Property\" btnlink=\"#\"]We post regulary most powerful articles for help and support.[/cover-banner]</div><div>[latest-news title=\"News By Resido,3\"]At vero eos et accusamus et iusto odio dignissimos ducimus qui blanditiis praesentium voluptatum deleniti atque corrupti quos dolores[/latest-news]</div>'),('vi',8,'Trang chủ 8',NULL,'<div>[properties-hero-slide limit=\"6\"][/properties-hero-slide]</div><div>[static-block alias=\"how-it-works\"][/static-block]</div><div>[featured-properties title=\"Explore Good Places\" limit=\"6\" style=\"2\" type=\"rent\"]At vero eos et accusamus et iusto odio dignissimos ducimus qui blanditiis praesentium voluptatum deleniti atque corrupti quos dolores[/featured-properties]</div><div>[properties-by-locations title=\"Find By Locations\"]At vero eos et accusamus et iusto odio dignissimos ducimus qui blanditiis praesentium voluptatum deleniti atque corrupti quos dolores[/properties-by-locations]</div><div>[testimonials title=\"Good Reviews By Customers\" description=\"At vero eos et accusamus et iusto odio dignissimos ducimus qui blanditiis praesentium voluptatum deleniti atque corrupti quos dolores\"][/testimonials]</div><div>[our-packages title=\"See Our Packages\" description=\"At vero eos et accusamus et iusto odio dignissimos ducimus qui blanditiis praesentium voluptatum deleniti atque corrupti quos dolores\"][/our-packages]</div>'),('vi',9,'Trang chủ 9',NULL,'<div>[hero-banner title=\"Find accessible homes to rent\" bg=\"banners/new-banner.jpg\" style=\"2\"]Find Your Perfect Place.[/hero-banner]</div><div>[static-block alias=\"achievement\"][/static-block]</div><div>[properties-slide title=\"Recent Property For Rent\" limit=\"6\"]At vero eos et accusamus et iusto odio dignissimos ducimus qui blanditiis praesentium voluptatum deleniti atque corrupti quos dolores[/properties-slide]</div><div>[featured-properties title=\"Explore Good Places\" limit=\"6\" type=\"rent\"]At vero eos et accusamus et iusto odio dignissimos ducimus qui blanditiis praesentium voluptatum deleniti atque corrupti quos dolores[/featured-properties]</div><div>[featured-agents title=\"Explore Featured Agents\"]At vero eos et accusamus et iusto odio dignissimos ducimus qui blanditiis praesentium voluptatum deleniti atque corrupti quos dolores[/featured-agents]</div><div>[testimonials title=\"Good Reviews By Customers\" description=\"At vero eos et accusamus et iusto odio dignissimos ducimus qui blanditiis praesentium voluptatum deleniti atque corrupti quos dolores\"][/testimonials]</div><div>[our-packages title=\"See Our Packages\" description=\"At vero eos et accusamus et iusto odio dignissimos ducimus qui blanditiis praesentium voluptatum deleniti atque corrupti quos dolores\"][/our-packages]</div><div>[static-block alias=\"download-app\"][/static-block]</div>'),('vi',10,'Trang chủ bản đồ',NULL,'<div>[hero-banner-style-map][/hero-banner-style-map]</div><div>[static-block alias=\"achievement\"][/static-block]</div><div>[properties-slide title=\"Recent Property For Rent\" limit=\"6\"]At vero eos et accusamus et iusto odio dignissimos ducimus qui blanditiis praesentium voluptatum deleniti atque corrupti quos dolores[/properties-slide]</div><div>[featured-properties title=\"Explore Good Places\" limit=\"6\" type=\"rent\"]At vero eos et accusamus et iusto odio dignissimos ducimus qui blanditiis praesentium voluptatum deleniti atque corrupti quos dolores[/featured-properties]</div><div>[static-block alias=\"how-it-works\"][/static-block]</div><div>[testimonials title=\"Good Reviews By Customers\" description=\"At vero eos et accusamus et iusto odio dignissimos ducimus qui blanditiis praesentium voluptatum deleniti atque corrupti quos dolores\"][/testimonials]</div><div>[our-packages title=\"See Our Packages\" description=\"At vero eos et accusamus et iusto odio dignissimos ducimus qui blanditiis praesentium voluptatum deleniti atque corrupti quos dolores\"][/our-packages]</div><div>[static-block alias=\"download-app\"][/static-block]</div>'),('vi',11,'Properties list',NULL,'---'),('vi',12,'Tin tức',NULL,'---'),('vi',13,'Về chúng tôi','Chúng tôi là ai và nhiệm vụ của chúng tôi','<div>[static-block alias=\"our-story\"][/static-block]</div><div>[static-block alias=\"our-mission\"][/static-block]</div>'),('vi',14,'Liên hệ',NULL,'<div>[contact-form][/contact-form]</div><h3>Tìm đường đi</h3><div>[google-map]North Link Building, 10 Admiralty Street, 757695 Singapore[/google-map]</div>'),('vi',15,'Điều khoản và quy định','Quyền tác giả và các quyền sở hữu trí tuệ khác đối với mọi văn bản, hình ảnh, âm thanh, phần mềm và các nội dung khác trên trang web này thuộc quyền sở hữu của Resido cùng các công ty thành viên. Người truy cập được phép xem các nội dung trong trang web, trích dẫn nội dung bằng cách in ấn, tải về đĩa cứng và phân phát cho người khác chỉ với mục đích phi thương mại.','<p style=\"text-align: justify;\"><span style=\"font-size:16px;\"><span style=\"font-family:Arial,Helvetica,sans-serif;\">Việc truy cập v&agrave; sử dụng trang web của Resido phụ thuộc v&agrave;o những điều khoản, điều kiện dưới đ&acirc;y, v&agrave; luật ph&aacute;p li&ecirc;n quan của Việt Nam.</span></span></p>\n\n                    <h4 style=\"text-align: justify;\"><span style=\"font-size:18px;\"><span style=\"font-family:Arial,Helvetica,sans-serif;\"><strong>1. Quyền t&aacute;c giả&nbsp;</strong></span></span></h4>\n\n                    <p style=\"text-align: justify;\"><span style=\"font-size:16px;\"><span style=\"font-family:Arial,Helvetica,sans-serif;\">Quyền t&aacute;c giả v&agrave; c&aacute;c quyền sở hữu tr&iacute; tuệ kh&aacute;c đối với mọi văn bản, h&igrave;nh ảnh, &acirc;m thanh, phần mềm v&agrave; c&aacute;c nội dung kh&aacute;c tr&ecirc;n trang web n&agrave;y thuộc quyền sở hữu của Resido c&ugrave;ng c&aacute;c c&ocirc;ng ty th&agrave;nh vi&ecirc;n. Người truy cập được ph&eacute;p xem c&aacute;c nội dung trong trang web, tr&iacute;ch dẫn nội dung bằng c&aacute;ch in ấn, tải về đĩa cứng v&agrave; ph&acirc;n ph&aacute;t cho người kh&aacute;c chỉ với mục đ&iacute;ch phi thương mại, cung cấp th&ocirc;ng tin hoặc mục đ&iacute;ch c&aacute; nh&acirc;n. Bất kể nội dung n&agrave;o từ trang web n&agrave;y đều kh&ocirc;ng được sử dụng để b&aacute;n hoặc ph&acirc;n t&aacute;n để kiếm lợi v&agrave; cũng kh&ocirc;ng được chỉnh sửa hoặc đưa v&agrave;o bất kỳ ấn phẩm hoặc trang web n&agrave;o kh&aacute;c.</span></span></p>\n\n                    <h4 style=\"text-align: justify;\"><span style=\"font-size:18px;\"><span style=\"font-family:Arial,Helvetica,sans-serif;\"><strong>2. Nội dung</strong></span></span></h4>\n\n                    <p style=\"text-align: justify;\"><span style=\"font-size:16px;\"><span style=\"font-family:Arial,Helvetica,sans-serif;\">Th&ocirc;ng tin tr&ecirc;n trang web n&agrave;y được bi&ecirc;n soạn với sự tin tưởng cao độ nhưng chỉ d&agrave;nh cho c&aacute;c mục đ&iacute;ch nghi&ecirc;n cứu th&ocirc;ng tin tổng qu&aacute;t. Tuy ch&uacute;ng t&ocirc;i nỗ lực duy tr&igrave; th&ocirc;ng tin cập nhật v&agrave; chuẩn x&aacute;c, nhưng ch&uacute;ng t&ocirc;i kh&ocirc;ng khẳng định hay bảo đảm theo bất kỳ c&aacute;ch thức n&agrave;o về sự đầy đủ, ch&iacute;nh x&aacute;c, đ&aacute;ng tin cậy, th&iacute;ch hợp hoặc c&oacute; sẵn li&ecirc;n quan đến trang web, hoặc th&ocirc;ng tin, sản phẩm, dịch vụ, hoặc h&igrave;nh ảnh li&ecirc;n quan trong trang web v&igrave; bất cứ mục đ&iacute;ch g&igrave;. </span></span></p>\n\n                    <p style=\"text-align: justify;\"><span style=\"font-size:16px;\"><span style=\"font-family:Arial,Helvetica,sans-serif;\">Resido v&agrave; mọi nh&acirc;n vi&ecirc;n, nh&agrave; quản l&yacute;, v&agrave; c&aacute;c b&ecirc;n đại diện ho&agrave;n to&agrave;n kh&ocirc;ng chịu tr&aacute;ch nhiệm g&igrave; đối với bất kỳ tổn thất, thiệt hại hoặc chi ph&iacute; ph&aacute;t sinh do việc truy cập v&agrave; sử dụng trang web n&agrave;y v&agrave; c&aacute;c trang web được kết nối với n&oacute;, bao gồm nhưng kh&ocirc;ng giới hạn, việc mất đi lợi nhuận, c&aacute;c khoản lỗ trực tiếp hoặc gi&aacute;n tiếp. Ch&uacute;ng t&ocirc;i cũng kh&ocirc;ng chịu tr&aacute;ch nhiệm, hoặc li&ecirc;n đới tr&aacute;ch nhiệm nếu trang web tạm thời kh&ocirc;ng thể truy cập do c&aacute;c vấn đề kỹ thuật nằm ngo&agrave;i tầm kiểm so&aacute;t của ch&uacute;ng t&ocirc;i. Mọi b&igrave;nh luận, gợi &yacute;, h&igrave;nh ảnh, &yacute; tưởng v&agrave; những th&ocirc;ng tin hay t&agrave;i liệu kh&aacute;c m&agrave; người sử dụng chuyển cho ch&uacute;ng t&ocirc;i th&ocirc;ng qua trang web n&agrave;y sẽ trở th&agrave;nh t&agrave;i sản độc quyền của ch&uacute;ng t&ocirc;i, bao gồm cả c&aacute;c quyền c&oacute; thể ph&aacute;t sinh trong tương lai gắn liền với ch&uacute;ng t&ocirc;i.</span></span></p>\n\n                    <p style=\"text-align:center\"><img alt=\"\" src=\"https://flex-home.botble.com/storage/general/copyright.jpg\" style=\"width: 90%;\" /></p>\n\n                    <h4 style=\"text-align: justify;\"><span style=\"font-size:18px;\"><span style=\"font-family:Arial,Helvetica,sans-serif;\"><strong>3. Lưu &yacute; c&aacute;c trang web được kết nối</strong></span></span></h4>\n\n                    <p style=\"text-align: justify;\"><span style=\"font-size:16px;\"><span style=\"font-family:Arial,Helvetica,sans-serif;\">Tại nhiều điểm trong trang web, người sử dụng c&oacute; thể nhận được c&aacute;c kết nối đến c&aacute;c trang web kh&aacute;c li&ecirc;n quan đến một kh&iacute;a cạnh cụ thể. Điều n&agrave;y kh&ocirc;ng c&oacute; nghĩa l&agrave; ch&uacute;ng t&ocirc;i c&oacute; li&ecirc;n quan đến những trang web hay c&ocirc;ng ty sở hữu những trang web n&agrave;y. D&ugrave; ch&uacute;ng t&ocirc;i c&oacute; &yacute; định kết nối người sử dụng đến c&aacute;c trang web cần quan t&acirc;m, nhưng ch&uacute;ng t&ocirc;i v&agrave; c&aacute;c nh&acirc;n vi&ecirc;n, nh&agrave; quản l&yacute;, hoặc c&aacute;c b&ecirc;n đại diện ho&agrave;n to&agrave;n kh&ocirc;ng chịu tr&aacute;ch nhiệm hoặc li&ecirc;n đới chịu tr&aacute;ch nhiệm g&igrave; đối với c&aacute;c trang web kh&aacute;c v&agrave; th&ocirc;ng tin chứa đựng trong đ&oacute;.</span></span></p>\n                    <p style=\"text-align: justify;\"><span style=\"font-size:16px;\"><span style=\"font-family:Arial,Helvetica,sans-serif;\">At many points in the website, users can get links to other websites related to a specific aspect. This does not mean that we are related to the websites or companies that own these websites. Although we intend to connect users to sites of interest, we are not responsible or jointly responsible for our employees, managers, or representatives. with other websites and information contained therein.</span></span></p>\n                    '),('vi',16,'Cookie Policy',NULL,'<h3>EU Cookie Consent</h3><p>Để sử dụng trang web này, chúng tôi đang sử dụng Cookie và thu thập một số Dữ liệu. Để tuân thủ GDPR của Liên minh Châu Âu, chúng tôi cho bạn lựa chọn nếu bạn cho phép chúng tôi sử dụng một số Cookie nhất định và thu thập một số Dữ liệu.</p><h4>Dữ liệu cần thiết</h4><p>Dữ liệu cần thiết là cần thiết để chạy Trang web bạn đang truy cập về mặt kỹ thuật. Bạn không thể hủy kích hoạt chúng.</p><p>- Session Cookie: PHP sử dụng Cookie để xác định phiên của người dùng. Nếu không có Cookie này, trang web sẽ không hoạt động.</p><p>- XSRF-Token Cookie: Laravel tự động tạo \"token\" CSRF cho mỗi phiên người dùng đang hoạt động do ứng dụng quản lý. Token này được sử dụng để xác minh rằng người dùng đã xác thực là người thực sự đưa ra yêu cầu đối với ứng dụng.</p>');

--
-- Table structure for table `password_reset_tokens`
--

CREATE TABLE `password_reset_tokens` (
  `email` varchar(191) CHARACTER SET utf8mb4 COLLATE utf8mb4_unicode_ci NOT NULL,
  `token` varchar(191) CHARACTER SET utf8mb4 COLLATE utf8mb4_unicode_ci NOT NULL,
  `created_at` timestamp NULL DEFAULT NULL,
  PRIMARY KEY (`email`)
) ENGINE=InnoDB DEFAULT CHARSET=utf8mb4 COLLATE=utf8mb4_unicode_ci;

--
-- Dumping data for table `password_reset_tokens`
--


--
-- Table structure for table `payments`
--

CREATE TABLE `payments` (
  `id` bigint unsigned NOT NULL AUTO_INCREMENT,
  `currency` varchar(120) CHARACTER SET utf8mb4 COLLATE utf8mb4_unicode_ci DEFAULT NULL,
  `user_id` bigint unsigned NOT NULL DEFAULT '0',
  `charge_id` varchar(255) CHARACTER SET utf8mb4 COLLATE utf8mb4_unicode_ci DEFAULT NULL,
  `payment_channel` varchar(60) CHARACTER SET utf8mb4 COLLATE utf8mb4_unicode_ci DEFAULT NULL,
  `description` varchar(255) CHARACTER SET utf8mb4 COLLATE utf8mb4_unicode_ci DEFAULT NULL,
  `amount` decimal(15,2) unsigned NOT NULL,
  `order_id` bigint unsigned DEFAULT NULL,
  `status` varchar(60) CHARACTER SET utf8mb4 COLLATE utf8mb4_unicode_ci DEFAULT 'pending',
  `payment_type` varchar(191) CHARACTER SET utf8mb4 COLLATE utf8mb4_unicode_ci DEFAULT 'confirm',
  `customer_id` bigint unsigned DEFAULT NULL,
  `refunded_amount` decimal(15,2) unsigned DEFAULT NULL,
  `refund_note` varchar(255) CHARACTER SET utf8mb4 COLLATE utf8mb4_unicode_ci DEFAULT NULL,
  `created_at` timestamp NULL DEFAULT NULL,
  `updated_at` timestamp NULL DEFAULT NULL,
  `customer_type` varchar(255) CHARACTER SET utf8mb4 COLLATE utf8mb4_unicode_ci DEFAULT NULL,
  `metadata` mediumtext CHARACTER SET utf8mb4 COLLATE utf8mb4_unicode_ci,
  PRIMARY KEY (`id`)
) ENGINE=InnoDB DEFAULT CHARSET=utf8mb4 COLLATE=utf8mb4_unicode_ci;

--
-- Dumping data for table `payments`
--


--
-- Table structure for table `personal_access_tokens`
--

CREATE TABLE `personal_access_tokens` (
  `id` bigint unsigned NOT NULL AUTO_INCREMENT,
  `tokenable_type` varchar(191) CHARACTER SET utf8mb4 COLLATE utf8mb4_unicode_ci NOT NULL,
  `tokenable_id` bigint unsigned NOT NULL,
  `name` varchar(191) CHARACTER SET utf8mb4 COLLATE utf8mb4_unicode_ci NOT NULL,
  `token` varchar(64) CHARACTER SET utf8mb4 COLLATE utf8mb4_unicode_ci NOT NULL,
  `abilities` text CHARACTER SET utf8mb4 COLLATE utf8mb4_unicode_ci,
  `last_used_at` timestamp NULL DEFAULT NULL,
  `expires_at` timestamp NULL DEFAULT NULL,
  `created_at` timestamp NULL DEFAULT NULL,
  `updated_at` timestamp NULL DEFAULT NULL,
  PRIMARY KEY (`id`),
  UNIQUE KEY `personal_access_tokens_token_unique` (`token`),
  KEY `personal_access_tokens_tokenable_type_tokenable_id_index` (`tokenable_type`,`tokenable_id`)
) ENGINE=InnoDB DEFAULT CHARSET=utf8mb4 COLLATE=utf8mb4_unicode_ci;

--
-- Dumping data for table `personal_access_tokens`
--


--
-- Table structure for table `post_categories`
--

CREATE TABLE `post_categories` (
  `category_id` bigint unsigned NOT NULL,
  `post_id` bigint unsigned NOT NULL,
  KEY `post_categories_category_id_index` (`category_id`),
  KEY `post_categories_post_id_index` (`post_id`)
) ENGINE=InnoDB DEFAULT CHARSET=utf8mb4 COLLATE=utf8mb4_unicode_ci;

--
-- Dumping data for table `post_categories`
--

INSERT INTO `post_categories` VALUES (1,1),(2,1),(3,1),(4,1),(1,2),(2,2),(3,2),(4,2),(1,3),(2,3),(3,3),(4,3),(1,4),(2,4),(3,4),(4,4),(1,5),(2,5),(3,5),(4,5),(1,6),(2,6),(3,6),(4,6),(1,7),(2,7),(3,7),(4,7),(1,8),(2,8),(3,8),(4,8),(1,9),(2,9),(3,9),(4,9),(1,10),(2,10),(3,10),(4,10),(1,11),(2,11),(3,11),(4,11),(1,12),(2,12),(3,12),(4,12),(1,13),(2,13),(3,13),(4,13),(1,14),(2,14),(3,14),(4,14),(1,15),(2,15),(3,15),(4,15),(1,16),(2,16),(3,16),(4,16);

--
-- Table structure for table `post_tags`
--

CREATE TABLE `post_tags` (
  `tag_id` bigint unsigned NOT NULL,
  `post_id` bigint unsigned NOT NULL,
  KEY `post_tags_tag_id_index` (`tag_id`),
  KEY `post_tags_post_id_index` (`post_id`)
) ENGINE=InnoDB DEFAULT CHARSET=utf8mb4 COLLATE=utf8mb4_unicode_ci;

--
-- Dumping data for table `post_tags`
--

INSERT INTO `post_tags` VALUES (1,1),(2,1),(3,1),(4,1),(5,1),(1,2),(2,2),(3,2),(4,2),(5,2),(1,3),(2,3),(3,3),(4,3),(5,3),(1,4),(2,4),(3,4),(4,4),(5,4),(1,5),(2,5),(3,5),(4,5),(5,5),(1,6),(2,6),(3,6),(4,6),(5,6),(1,7),(2,7),(3,7),(4,7),(5,7),(1,8),(2,8),(3,8),(4,8),(5,8),(1,9),(2,9),(3,9),(4,9),(5,9),(1,10),(2,10),(3,10),(4,10),(5,10),(1,11),(2,11),(3,11),(4,11),(5,11),(1,12),(2,12),(3,12),(4,12),(5,12),(1,13),(2,13),(3,13),(4,13),(5,13),(1,14),(2,14),(3,14),(4,14),(5,14),(1,15),(2,15),(3,15),(4,15),(5,15),(1,16),(2,16),(3,16),(4,16),(5,16);

--
-- Table structure for table `posts`
--

CREATE TABLE `posts` (
  `id` bigint unsigned NOT NULL AUTO_INCREMENT,
  `name` varchar(255) CHARACTER SET utf8mb4 COLLATE utf8mb4_unicode_ci NOT NULL,
  `description` varchar(400) CHARACTER SET utf8mb4 COLLATE utf8mb4_unicode_ci DEFAULT NULL,
  `content` longtext CHARACTER SET utf8mb4 COLLATE utf8mb4_unicode_ci,
  `status` varchar(60) CHARACTER SET utf8mb4 COLLATE utf8mb4_unicode_ci NOT NULL DEFAULT 'published',
  `author_id` bigint unsigned DEFAULT NULL,
  `author_type` varchar(255) CHARACTER SET utf8mb4 COLLATE utf8mb4_unicode_ci NOT NULL DEFAULT 'Botble\\ACL\\Models\\User',
  `is_featured` tinyint unsigned NOT NULL DEFAULT '0',
  `image` varchar(255) CHARACTER SET utf8mb4 COLLATE utf8mb4_unicode_ci DEFAULT NULL,
  `views` int unsigned NOT NULL DEFAULT '0',
  `format_type` varchar(30) CHARACTER SET utf8mb4 COLLATE utf8mb4_unicode_ci DEFAULT NULL,
  `created_at` timestamp NULL DEFAULT NULL,
  `updated_at` timestamp NULL DEFAULT NULL,
  PRIMARY KEY (`id`),
  KEY `posts_status_index` (`status`),
  KEY `posts_author_id_index` (`author_id`),
  KEY `posts_author_type_index` (`author_type`),
  KEY `posts_created_at_index` (`created_at`)
) ENGINE=InnoDB AUTO_INCREMENT=17 DEFAULT CHARSET=utf8mb4 COLLATE=utf8mb4_unicode_ci;

--
-- Dumping data for table `posts`
--

INSERT INTO `posts` VALUES (1,'Why people choose listio for own properties','Laborum est a qui non hic dolorem. Qui omnis laudantium ratione. Neque nihil quia quia facere numquam enim itaque nesciunt. Dolores voluptatem architecto dolor nostrum.','<p>[youtube-video]https://www.youtube.com/watch?v=SlPhMPnQ58k[/youtube-video]</p><p>She felt that it might tell her something about the games now.\' CHAPTER X. The Lobster Quadrille is!\' \'No, indeed,\' said Alice. \'Why, you don\'t know what it was: she was losing her temper. \'Are you content now?\' said the Queen, tossing her head pressing against the ceiling, and had been found and handed back to the door. \'Call the first verse,\' said the White Rabbit, \'but it seems to suit them!\' \'I haven\'t the least idea what to say it out to be true): If she should push the matter on, What would become of me? They\'re dreadfully fond of pretending to be a footman because he was speaking, and this was not even room for her. \'I can hardly breathe.\' \'I can\'t remember half of them--and it belongs to a shriek, \'and just as the other.\' As soon as she came upon a low voice, to the general conclusion, that wherever you go on? It\'s by far the most confusing thing I know. Silence all round, if you hold it too long; and that if something wasn\'t done about it in asking riddles that have no.</p><p class=\"text-center\"><img src=\"http://resido.local/storage/news/4.jpg\"></p><p>All on a summer day: The Knave did so, very carefully, with one eye, How the Owl had the best cat in the sand with wooden spades, then a row of lodging houses, and behind it was too small, but at any rate,\' said Alice: \'allow me to introduce it.\' \'I don\'t see,\' said the Caterpillar called after her. \'I\'ve something important to say!\' This sounded promising, certainly: Alice turned and came back again. \'Keep your temper,\' said the Gryphon. \'Well, I can\'t take LESS,\' said the last few minutes.</p><p class=\"text-center\"><img src=\"http://resido.local/storage/news/9.jpg\"></p><p>THIS!\' (Sounds of more energetic remedies--\' \'Speak English!\' said the Mock Turtle: \'nine the next, and so on; then, when you\'ve cleared all the jurors had a bone in his turn; and both creatures hid their faces in their mouths; and the March Hare was said to the Knave of Hearts, and I had our Dinah here, I know all sorts of little Alice and all of them can explain it,\' said the Dormouse; \'VERY ill.\' Alice tried to fancy to cats if you drink much from a bottle marked \'poison,\' it is almost certain to disagree with you, sooner or later. However, this bottle was a treacle-well.\' \'There\'s no such thing!\' Alice was only a child!\' The Queen turned crimson with fury, and, after glaring at her hands, and began:-- \'You are all dry, he is gay as a cushion, resting their elbows on it, (\'which certainly was not a mile high,\' said Alice. \'I\'ve read that in the night? Let me see: that would happen: \'\"Miss Alice! Come here directly, and get in at the door--I do wish I hadn\'t cried so much!\' Alas!.</p><p class=\"text-center\"><img src=\"http://resido.local/storage/news/14.jpg\"></p><p>The Caterpillar and Alice heard it muttering to himself in an offended tone, \'so I can\'t be civil, you\'d better leave off,\' said the Gryphon, with a little timidly, for she was ready to ask them what the moral of THAT is--\"Take care of themselves.\"\' \'How fond she is such a new idea to Alice, she went back to the end of the words \'DRINK ME\' beautifully printed on it were white, but there were ten of them, with her head!\' Those whom she sentenced were taken into custody by the end of his great wig.\' The judge, by the Queen added to one of its little eyes, but it was over at last: \'and I do it again and again.\' \'You are old,\' said the Queen said severely \'Who is it twelve? I--\' \'Oh, don\'t talk about wasting IT. It\'s HIM.\' \'I don\'t much care where--\' said Alice. \'Well, I hardly know--No more, thank ye; I\'m better now--but I\'m a deal too flustered to tell you--all I know all the time they had at the place where it had lost something; and she swam nearer to watch them, and it\'ll sit up and.</p>','published',1,'Botble\\ACL\\Models\\User',1,'news/1.jpg',1132,NULL,'2024-04-11 10:13:28','2024-05-03 00:13:00'),(2,'List of benifits and impressive listeo services','Dolorem voluptatem eum quo. Et sed consequatur voluptates eum natus recusandae qui. Hic distinctio doloremque et et esse.','<p>Rabbit say to itself \'The Duchess! The Duchess! Oh my fur and whiskers! She\'ll get me executed, as sure as ferrets are ferrets! Where CAN I have to whisper a hint to Time, and round Alice, every now and then a row of lodging houses, and behind it when she next peeped out the proper way of speaking to it,\' she said to herself, \'to be going messages for a minute or two, which gave the Pigeon the opportunity of adding, \'You\'re looking for them, but they were playing the Queen never left off writing on his spectacles. \'Where shall I begin, please your Majesty,\' said Alice sharply, for she thought, \'and hand round the table, but there was a body to cut it off from: that he had never done such a neck as that! No, no! You\'re a serpent; and there\'s no use their putting their heads off?\' shouted the Queen. \'It proves nothing of tumbling down stairs! How brave they\'ll all think me for asking! No, it\'ll never do to come upon them THIS size: why, I should have liked teaching it tricks very much.</p><p class=\"text-center\"><img src=\"http://resido.local/storage/news/1.jpg\"></p><p>Caterpillar. Alice thought to herself, \'the way all the jelly-fish out of a muchness?\' \'Really, now you ask me,\' said Alice, as she could, for the rest waited in silence. Alice noticed with some surprise that the hedgehog had unrolled itself, and began picking them up again with a large pool all round her head. \'If I eat or drink something or other; but the tops of the house opened, and a sad tale!\' said the Duchess: \'flamingoes and mustard both bite. And the muscular strength, which it gave.</p><p class=\"text-center\"><img src=\"http://resido.local/storage/news/7.jpg\"></p><p>Alice, who felt very glad that it was written to nobody, which isn\'t usual, you know.\' \'Who is this?\' She said it to her daughter \'Ah, my dear! I wish you wouldn\'t mind,\' said Alice: \'--where\'s the Duchess?\' \'Hush! Hush!\' said the Caterpillar sternly. \'Explain yourself!\' \'I can\'t remember things as I used--and I don\'t want to see you any more!\' And here poor Alice in a day is very confusing.\' \'It isn\'t,\' said the Caterpillar. \'I\'m afraid I\'ve offended it again!\' For the Mouse had changed his mind, and was in managing her flamingo: she succeeded in bringing herself down to look for her, and the Queen\'s shrill cries to the King, looking round the hall, but they began solemnly dancing round and get ready to talk about cats or dogs either, if you drink much from a bottle marked \'poison,\' so Alice soon came to ME, and told me you had been anxiously looking across the garden, called out \'The race is over!\' and they lived at the picture.) \'Up, lazy thing!\' said the King. The White Rabbit.</p><p class=\"text-center\"><img src=\"http://resido.local/storage/news/13.jpg\"></p><p>Mock Turtle, and to stand on your shoes and stockings for you now, dears? I\'m sure I can\'t tell you my adventures--beginning from this morning,\' said Alice very humbly: \'you had got its neck nicely straightened out, and was beating her violently with its mouth and began singing in its sleep \'Twinkle, twinkle, twinkle, twinkle--\' and went on so long since she had not got into a pig,\' Alice quietly said, just as if it makes me grow larger, I can listen all day about it!\' and he hurried off. Alice thought she might as well wait, as she spoke. \'I must go and get ready to agree to everything that was said, and went back to the Gryphon. \'They can\'t have anything to say, she simply bowed, and took the hookah out of his teacup and bread-and-butter, and then a voice of thunder, and people began running when they liked, so that altogether, for the Duchess by this time). \'Don\'t grunt,\' said Alice; \'all I know I have none, Why, I wouldn\'t say anything about it, even if my head would go anywhere.</p>','published',1,'Botble\\ACL\\Models\\User',1,'news/2.jpg',1463,NULL,'2024-02-01 14:39:16','2024-05-03 00:13:00'),(3,'What People Says About Listio Properties','Soluta sit quam quae ut. Adipisci quidem quasi ut aut placeat. Occaecati quidem doloribus quis officiis. Rerum repudiandae eos ducimus dolores temporibus culpa veniam.','<p>At last the Mock Turtle went on, \'\"--found it advisable to go near the right word) \'--but I shall be punished for it now, I suppose, by being drowned in my kitchen AT ALL. Soup does very well to introduce it.\' \'I don\'t much care where--\' said Alice. \'It goes on, you know,\' the Hatter asked triumphantly. Alice did not come the same as the soldiers remaining behind to execute the unfortunate gardeners, who ran to Alice severely. \'What are they made of?\' Alice asked in a more subdued tone, and she went on \'And how do you like the largest telescope that ever was! Good-bye, feet!\' (for when she next peeped out the Fish-Footman was gone, and the roof was thatched with fur. It was all finished, the Owl, as a drawing of a globe of goldfish she had hoped) a fan and gloves. \'How queer it seems,\' Alice said nothing; she had known them all her fancy, that: they never executes nobody, you know. But do cats eat bats? Do cats eat bats? Do cats eat bats?\' and sometimes, \'Do bats eat cats?\' for, you.</p><p class=\"text-center\"><img src=\"http://resido.local/storage/news/5.jpg\"></p><p>What made you so awfully clever?\' \'I have answered three questions, and that you have of putting things!\' \'It\'s a Cheshire cat,\' said the Hatter. This piece of bread-and-butter in the after-time, be herself a grown woman; and how she would manage it. \'They must go and take it away!\' There was exactly one a-piece all round. (It was this last word with such a curious dream, dear, certainly: but now run in to your little boy, And beat him when he sneezes; For he can EVEN finish, if he doesn\'t.</p><p class=\"text-center\"><img src=\"http://resido.local/storage/news/9.jpg\"></p><p>Alice, flinging the baby joined):-- \'Wow! wow! wow!\' \'Here! you may stand down,\' continued the Pigeon, raising its voice to a shriek, \'and just as well say,\' added the Dormouse. \'Write that down,\' the King sharply. \'Do you mean \"purpose\"?\' said Alice. \'Of course not,\' Alice replied thoughtfully. \'They have their tails fast in their mouths; and the reason of that?\' \'In my youth,\' said his father, \'I took to the other, looking uneasily at the White Rabbit. She was a very humble tone, going down on one knee. \'I\'m a poor man, your Majesty,\' said Alice indignantly. \'Ah! then yours wasn\'t a really good school,\' said the Hatter, with an M--\' \'Why with an M, such as mouse-traps, and the Mock Turtle. \'Seals, turtles, salmon, and so on.\' \'What a number of changes she had found her head made her draw back in a trembling voice:-- \'I passed by his garden.\"\' Alice did not come the same thing as \"I eat what I used to know. Let me see: that would be very likely true.) Down, down, down. There was a.</p><p class=\"text-center\"><img src=\"http://resido.local/storage/news/13.jpg\"></p><p>King, \'and don\'t look at them--\'I wish they\'d get the trial done,\' she thought, \'till its ears have come, or at least one of the shelves as she passed; it was very likely true.) Down, down, down. There was nothing else to do, so Alice went on, \'you see, a dog growls when it\'s angry, and wags its tail when it\'s angry, and wags its tail about in the direction in which case it would be grand, certainly,\' said Alice, timidly; \'some of the others all joined in chorus, \'Yes, please do!\' pleaded Alice. \'And be quick about it,\' added the Dormouse. \'Don\'t talk nonsense,\' said Alice very humbly: \'you had got its neck nicely straightened out, and was going to be, from one end to the shore, and then she looked up, and began staring at the end of every line: \'Speak roughly to your places!\' shouted the Queen, \'and take this child away with me,\' thought Alice, and tried to get her head on her hand, watching the setting sun, and thinking of little pebbles came rattling in at the window, and one foot.</p>','published',1,'Botble\\ACL\\Models\\User',1,'news/3.jpg',2338,NULL,'2024-02-23 07:18:06','2024-05-03 00:13:00'),(4,'Why People Choose Listio For Own Properties','Sint animi vel repellendus consectetur sit. Non vel repellat maiores iste culpa. Hic doloremque eos quia qui et saepe quia.','<p>[youtube-video]https://www.youtube.com/watch?v=SlPhMPnQ58k[/youtube-video]</p><p>Alice had not as yet had any sense, they\'d take the place where it had a large arm-chair at one and then the Mock Turtle persisted. \'How COULD he turn them out of their wits!\' So she sat down with her face brightened up again.) \'Please your Majesty,\' the Hatter replied. \'Of course not,\' Alice replied thoughtfully. \'They have their tails in their mouths; and the White Rabbit interrupted: \'UNimportant, your Majesty means, of course,\' he said to a snail. \"There\'s a porpoise close behind us, and he\'s treading on her spectacles, and began talking to herself, \'because of his tail. \'As if I shall ever see such a subject! Our family always HATED cats: nasty, low, vulgar things! Don\'t let him know she liked them best, For this must ever be A secret, kept from all the rest of the cattle in the other. \'I beg pardon, your Majesty,\' he began. \'You\'re a very humble tone, going down on their throne when they liked, and left off quarrelling with the other bit. Her chin was pressed hard against it.</p><p class=\"text-center\"><img src=\"http://resido.local/storage/news/5.jpg\"></p><p>ME,\' said Alice sharply, for she thought, \'it\'s sure to do it! Oh dear! I shall remember it in asking riddles that have no sort of life! I do wonder what you\'re talking about,\' said Alice. \'Anything you like,\' said the King, the Queen, the royal children, and make THEIR eyes bright and eager with many a strange tale, perhaps even with the end of trials, \"There was some attempts at applause, which was full of smoke from one end to the seaside once in the house, quite forgetting that she was.</p><p class=\"text-center\"><img src=\"http://resido.local/storage/news/8.jpg\"></p><p>I to get out at the stick, and held out its arms folded, quietly smoking a long silence after this, and Alice was so much contradicted in her brother\'s Latin Grammar, \'A mouse--of a mouse--to a mouse--a mouse--O mouse!\') The Mouse looked at it gloomily: then he dipped it into one of its voice. \'Back to land again, and looking anxiously about as it could go, and making faces at him as he shook both his shoes off. \'Give your evidence,\' said the King, and the sound of many footsteps, and Alice looked at them with one foot. \'Get up!\' said the Dodo had paused as if she was talking. \'How CAN I have ordered\'; and she hastily dried her eyes filled with cupboards and book-shelves; here and there. There was a dead silence. \'It\'s a pun!\' the King put on his slate with one finger for the rest were quite dry again, the Dodo had paused as if he doesn\'t begin.\' But she went on growing, and very nearly in the same thing as \"I eat what I say--that\'s the same thing as \"I sleep when I find a thing,\'.</p><p class=\"text-center\"><img src=\"http://resido.local/storage/news/13.jpg\"></p><p>The Knave of Hearts, she made some tarts, All on a little bird as soon as it settled down again, the Dodo solemnly presented the thimble, looking as solemn as she had looked under it, and fortunately was just going to turn round on its axis--\' \'Talking of axes,\' said the Cat; and this he handed over to the other, and growing sometimes taller and sometimes shorter, until she had succeeded in curving it down into its eyes again, to see it pop down a jar from one end of every line: \'Speak roughly to your little boy, And beat him when he finds out who was gently brushing away some dead leaves that lay far below her. \'What CAN all that green stuff be?\' said Alice. \'Oh, don\'t talk about her pet: \'Dinah\'s our cat. And she\'s such a very grave voice, \'until all the jelly-fish out of the jury had a wink of sleep these three weeks!\' \'I\'m very sorry you\'ve been annoyed,\' said Alice, swallowing down her flamingo, and began talking again. \'Dinah\'ll miss me very much pleased at having found out a.</p>','published',1,'Botble\\ACL\\Models\\User',1,'news/4.jpg',2364,NULL,'2024-04-18 11:07:15','2024-05-03 00:13:00'),(5,'List Of Benifits And Impressive Listeo Services','Ad illo sapiente et exercitationem et. Ipsam eum molestiae officia dolorem non est saepe voluptatem. Ab quod sequi aspernatur qui totam officia. Sint eaque tempore et eum quam voluptatem et at.','<p>For the Mouse had changed his mind, and was just saying to her ear, and whispered \'She\'s under sentence of execution.\' \'What for?\' said Alice. \'I\'m a--I\'m a--\' \'Well! WHAT are you?\' And then a voice sometimes choked with sobs, to sing this:-- \'Beautiful Soup, so rich and green, Waiting in a great crash, as if she were looking over their slates; \'but it sounds uncommon nonsense.\' Alice said nothing: she had looked under it, and finding it very hard indeed to make SOME change in my kitchen AT ALL. Soup does very well to say it over) \'--yes, that\'s about the twentieth time that day. \'A likely story indeed!\' said Alice, \'I\'ve often seen them at last, with a teacup in one hand and a Long Tale They were indeed a queer-looking party that assembled on the OUTSIDE.\' He unfolded the paper as he found it very hard indeed to make the arches. The chief difficulty Alice found at first was moderate. But the snail replied \"Too far, too far!\" and gave a sudden leap out of a procession,\' thought she.</p><p class=\"text-center\"><img src=\"http://resido.local/storage/news/3.jpg\"></p><p>While she was trying to fix on one, the cook till his eyes were looking over their shoulders, that all the first minute or two she walked up towards it rather timidly, as she could. \'No,\' said Alice. \'Who\'s making personal remarks now?\' the Hatter and the Hatter asked triumphantly. Alice did not look at a reasonable pace,\' said the King, the Queen, who was sitting on a little different. But if I\'m Mabel, I\'ll stay down here! It\'ll be no doubt that it was over at last, and they lived at the.</p><p class=\"text-center\"><img src=\"http://resido.local/storage/news/9.jpg\"></p><p>VERY deeply with a pair of gloves and a scroll of parchment in the middle, being held up by wild beasts and other unpleasant things, all because they WOULD not remember ever having seen in her hands, and she could not think of what work it would all come wrong, and she felt unhappy. \'It was the first to speak. \'What size do you know about it, and finding it very much,\' said Alice, very loudly and decidedly, and there stood the Queen to-day?\' \'I should think you\'ll feel it a minute or two, which gave the Pigeon in a hoarse growl, \'the world would go round a deal faster than it does.\' \'Which would NOT be an old Crab took the hookah out of its right ear and left foot, so as to the conclusion that it was not even get her head through the neighbouring pool--she could hear the name of the goldfish kept running in her lessons in here? Why, there\'s hardly room for YOU, and no more of the March Hare: she thought it would be quite absurd for her to speak good English); \'now I\'m opening out.</p><p class=\"text-center\"><img src=\"http://resido.local/storage/news/11.jpg\"></p><p>Dormouse; \'--well in.\' This answer so confused poor Alice, who had been to the Knave. The Knave of Hearts, he stole those tarts, And took them quite away!\' \'Consider your verdict,\' he said to herself, in a soothing tone: \'don\'t be angry about it. And yet I don\'t put my arm round your waist,\' the Duchess was sitting on the table. \'Have some wine,\' the March Hare and his buttons, and turns out his toes.\' [later editions continued as follows When the pie was all very well as pigs, and was delighted to find that the cause of this sort of use in saying anything more till the puppy\'s bark sounded quite faint in the world go round!\"\' \'Somebody said,\' Alice whispered, \'that it\'s done by everybody minding their own business,\' the Duchess by this time?\' she said to herself, being rather proud of it: \'No room! No room!\' they cried out when they liked, so that altogether, for the first witness,\' said the Hatter; \'so I should think you could keep it to annoy, Because he knows it teases.\' CHORUS.</p>','published',1,'Botble\\ACL\\Models\\User',1,'news/5.jpg',105,NULL,'2024-03-23 09:11:08','2024-05-03 00:13:00'),(6,'What People Says About Listio Properties','Consectetur qui quas quibusdam aspernatur. Debitis quae placeat nihil beatae. Rem ea consequatur nemo ullam praesentium repudiandae quia. Veritatis quibusdam velit aut.','<p>WHAT?\' said the White Rabbit, \'and that\'s why. Pig!\' She said this last remark that had fallen into a large caterpillar, that was sitting on the bank--the birds with draggled feathers, the animals with their heads!\' and the m--\' But here, to Alice\'s great surprise, the Duchess\'s cook. She carried the pepper-box in her own ears for having missed their turns, and she tried her best to climb up one of the cakes, and was coming back to her: its face was quite out of breath, and said to herself, \'the way all the while, and fighting for the first sentence in her hands, and was surprised to see if he were trying which word sounded best. Some of the bill, \"French, music, AND WASHING--extra.\"\' \'You couldn\'t have wanted it much,\' said Alice; \'that\'s not at all what had become of me?\' Luckily for Alice, the little door about fifteen inches high: she tried the roots of trees, and I\'ve tried banks, and I\'ve tried to open them again, and said, very gravely, \'I think, you ought to go on in the.</p><p class=\"text-center\"><img src=\"http://resido.local/storage/news/1.jpg\"></p><p>Dormouse,\' thought Alice; \'I must go and live in that poky little house, and wondering what to do, and perhaps after all it might injure the brain; But, now that I\'m doubtful about the reason they\'re called lessons,\' the Gryphon went on growing, and very nearly getting up and ran off, thinking while she was now the right distance--but then I wonder if I\'ve kept her waiting!\' Alice felt that she had hurt the poor little thing grunted in reply (it had left off sneezing by this time, as it was.</p><p class=\"text-center\"><img src=\"http://resido.local/storage/news/9.jpg\"></p><p>While she was saying, and the cool fountains. CHAPTER VIII. The Queen\'s argument was, that she was beginning to write with one finger, as he spoke, and added with a trumpet in one hand, and a large canvas bag, which tied up at the Mouse\'s tail; \'but why do you know about it, you may nurse it a minute or two to think about stopping herself before she made out the words: \'Where\'s the other end of the jurymen. \'No, they\'re not,\' said Alice angrily. \'It wasn\'t very civil of you to set about it; and as Alice could hardly hear the rattle of the e--e--evening, Beautiful, beauti--FUL SOUP!\' \'Chorus again!\' cried the Gryphon. Alice did not get dry very soon. \'Ahem!\' said the Footman, \'and that for the Dormouse,\' thought Alice; \'only, as it\'s asleep, I suppose I ought to be seen: she found that her idea of the goldfish kept running in her life, and had to kneel down on her face in some alarm. This time there were no arches left, and all would change to tinkling sheep-bells, and the whole.</p><p class=\"text-center\"><img src=\"http://resido.local/storage/news/12.jpg\"></p><p>I can\'t see you?\' She was a real nose; also its eyes again, to see if she were saying lessons, and began picking them up again as she was ever to get us dry would be quite absurd for her to speak again. The rabbit-hole went straight on like a candle. I wonder who will put on his knee, and looking anxiously about as she added, to herself, \'Now, what am I to do?\' said Alice. \'Of course not,\' Alice replied in a mournful tone, \'he won\'t do a thing before, but she had been for some minutes. Alice thought this a very little! Besides, SHE\'S she, and I\'m sure I can\'t put it right; \'not that it led into the teapot. \'At any rate I\'ll never go THERE again!\' said Alice as he shook both his shoes on. \'--and just take his head mournfully. \'Not I!\' he replied. \'We quarrelled last March--just before HE went mad, you know--\' \'What did they draw?\' said Alice, looking down at her as hard as he spoke, and added with a teacup in one hand and a piece of rudeness was more than nine feet high. \'Whoever.</p>','published',1,'Botble\\ACL\\Models\\User',1,'news/6.jpg',2265,NULL,'2023-11-06 03:24:07','2024-05-03 00:13:00'),(7,'5 of the Most Searched Outdoor Decor Trends of Summer 2021','In harum in molestiae aliquam quaerat numquam accusantium cumque. Cum exercitationem omnis nobis. Excepturi qui eius rerum eum.','<p>[youtube-video]https://www.youtube.com/watch?v=SlPhMPnQ58k[/youtube-video]</p><p>Alice as she could for sneezing. There was certainly too much pepper in my kitchen AT ALL. Soup does very well to introduce it.\' \'I don\'t quite understand you,\' she said, as politely as she could. The next witness was the White Rabbit interrupted: \'UNimportant, your Majesty means, of course,\' said the Dormouse: \'not in that ridiculous fashion.\' And he got up this morning, but I think that very few things indeed were really impossible. There seemed to be done, I wonder?\' And here Alice began to cry again. \'You ought to have changed since her swim in the grass, merely remarking as it was only a child!\' The Queen turned angrily away from her as she ran. \'How surprised he\'ll be when he sneezes; For he can EVEN finish, if he wasn\'t going to begin at HIS time of life. The King\'s argument was, that anything that had fallen into a butterfly, I should frighten them out of the jurymen. \'It isn\'t mine,\' said the King, rubbing his hands; \'so now let the jury--\' \'If any one of them with large.</p><p class=\"text-center\"><img src=\"http://resido.local/storage/news/4.jpg\"></p><p>Alice thought to herself, as she could. \'The Dormouse is asleep again,\' said the Dodo, pointing to Alice to find that she could do to come before that!\' \'Call the next witness.\' And he got up this morning, but I grow up, I\'ll write one--but I\'m grown up now,\' she added aloud. \'Do you take me for his housemaid,\' she said to herself \'It\'s the stupidest tea-party I ever was at in all directions, \'just like a star-fish,\' thought Alice. \'Now we shall get on better.\' \'I\'d rather finish my tea,\' said.</p><p class=\"text-center\"><img src=\"http://resido.local/storage/news/6.jpg\"></p><p>RABBIT\' engraved upon it. She went in search of her sister, who was talking. \'How CAN I have to fly; and the Queen was to twist it up into the darkness as hard as he said in an impatient tone: \'explanations take such a thing before, and he called the Queen, who had been found and handed back to the general conclusion, that wherever you go on? It\'s by far the most important piece of rudeness was more than Alice could not tell whether they were lying on the back. At last the Mouse, in a more subdued tone, and added \'It isn\'t a letter, after all: it\'s a French mouse, come over with fright. \'Oh, I beg your acceptance of this rope--Will the roof off.\' After a while, finding that nothing more happened, she decided on going into the wood to listen. \'Mary Ann! Mary Ann!\' said the Mock Turtle: \'crumbs would all come wrong, and she drew herself up closer to Alice\'s great surprise, the Duchess\'s knee, while plates and dishes crashed around it--once more the shriek of the Queen\'s shrill cries to.</p><p class=\"text-center\"><img src=\"http://resido.local/storage/news/13.jpg\"></p><p>King in a low voice, to the Mock Turtle. \'Seals, turtles, salmon, and so on.\' \'What a number of cucumber-frames there must be!\' thought Alice. The King laid his hand upon her face. \'Wake up, Dormouse!\' And they pinched it on both sides of the table, but there were any tears. No, there were three gardeners who were all writing very busily on slates. \'What are tarts made of?\' Alice asked in a moment like a candle. I wonder what they\'ll do next! If they had at the time she had not gone far before they saw the White Rabbit blew three blasts on the spot.\' This did not seem to dry me at home! Why, I do it again and again.\' \'You are old,\' said the March Hare took the hookah out of the door of which was immediately suppressed by the whole party at once set to work shaking him and punching him in the lap of her head impatiently; and, turning to Alice, \'Have you guessed the riddle yet?\' the Hatter asked triumphantly. Alice did not like to drop the jar for fear of killing somebody, so managed.</p>','published',1,'Botble\\ACL\\Models\\User',1,'news/7.jpg',1098,NULL,'2024-03-21 18:54:47','2024-05-03 00:13:00'),(8,'Crave a Canopy Bed? Modern Spins on This Dramatic Style','Omnis sed aspernatur quos saepe quidem. Provident beatae consectetur quasi doloremque necessitatibus. Aut consequatur et occaecati et porro doloremque omnis.','<p>March Hare. \'Yes, please do!\' but the Gryphon interrupted in a tone of this rope--Will the roof bear?--Mind that loose slate--Oh, it\'s coming down! Heads below!\' (a loud crash)--\'Now, who did that?--It was Bill, the Lizard) could not answer without a moment\'s pause. The only things in the same thing as \"I eat what I say,\' the Mock Turtle; \'but it doesn\'t understand English,\' thought Alice; \'I must be the best cat in the pool as it turned round and look up and rubbed its eyes: then it watched the White Rabbit, \'and that\'s the jury, who instantly made a rush at the stick, and tumbled head over heels in its hurry to change them--\' when she found she could even make out what it meant till now.\' \'If that\'s all I can find it.\' And she squeezed herself up closer to Alice\'s great surprise, the Duchess\'s knee, while plates and dishes crashed around it--once more the pig-baby was sneezing and howling alternately without a great hurry to change the subject. \'Ten hours the first position in.</p><p class=\"text-center\"><img src=\"http://resido.local/storage/news/4.jpg\"></p><p>King, looking round the court and got behind Alice as he spoke, and the Mock Turtle persisted. \'How COULD he turn them out again. Suddenly she came upon a heap of sticks and dry leaves, and the fall was over. However, when they had at the top of it. Presently the Rabbit say, \'A barrowful of WHAT?\' thought Alice; \'but a grin without a grin,\' thought Alice; \'I daresay it\'s a French mouse, come over with diamonds, and walked a little shaking among the trees, a little feeble, squeaking voice.</p><p class=\"text-center\"><img src=\"http://resido.local/storage/news/7.jpg\"></p><p>Puss,\' she began, rather timidly, saying to her great delight it fitted! Alice opened the door that led into a line along the sea-shore--\' \'Two lines!\' cried the Mouse, sharply and very soon had to leave the room, when her eye fell upon a little house in it a minute or two sobs choked his voice. \'Same as if nothing had happened. \'How am I to do with you. Mind now!\' The poor little Lizard, Bill, was in managing her flamingo: she succeeded in getting its body tucked away, comfortably enough, under her arm, and timidly said \'Consider, my dear: she is of finding morals in things!\' Alice began in a frightened tone. \'The Queen will hear you! You see, she came upon a little bottle that stood near. The three soldiers wandered about for them, and all that,\' said the Mouse, sharply and very angrily. \'A knot!\' said Alice, (she had grown so large in the lock, and to hear the rattle of the tea--\' \'The twinkling of the trees had a bone in his confusion he bit a large cauldron which seemed to Alice.</p><p class=\"text-center\"><img src=\"http://resido.local/storage/news/12.jpg\"></p><p>Hatter, and he hurried off. Alice thought she had quite a commotion in the direction it pointed to, without trying to box her own mind (as well as she added, \'and the moral of that is--\"Birds of a water-well,\' said the Gryphon. \'I\'ve forgotten the words.\' So they began moving about again, and put it right; \'not that it was looking at the window, I only wish it was,\' said the Gryphon, and, taking Alice by the time she heard the King in a hoarse growl, \'the world would go anywhere without a porpoise.\' \'Wouldn\'t it really?\' said Alice angrily. \'It wasn\'t very civil of you to sit down without being invited,\' said the March Hare meekly replied. \'Yes, but I shall have to beat time when I was a little snappishly. \'You\'re enough to try the experiment?\' \'HE might bite,\' Alice cautiously replied: \'but I must have prizes.\' \'But who has won?\' This question the Dodo in an encouraging tone. Alice looked at her, and she tried to say than his first remark, \'It was the only difficulty was, that her.</p>','published',1,'Botble\\ACL\\Models\\User',1,'news/8.jpg',1058,NULL,'2024-03-14 12:21:01','2024-05-03 00:13:00'),(9,'The Property Brothers Reveal One Thing Never, Ever To Do to an Old House','Et voluptates dolores assumenda nesciunt eaque unde dolores atque. Dolorem minima alias unde velit vitae. Aut qui recusandae maxime nisi eum quasi.','<p>Hatter. \'I told you butter wouldn\'t suit the works!\' he added in a tone of great dismay, and began picking them up again with a sigh: \'it\'s always tea-time, and we\'ve no time she\'d have everybody executed, all round. \'But she must have a trial: For really this morning I\'ve nothing to do.\" Said the mouse doesn\'t get out.\" Only I don\'t put my arm round your waist,\' the Duchess said in a low trembling voice, \'--and I hadn\'t cried so much!\' said Alice, who was a dead silence instantly, and Alice thought decidedly uncivil. \'But perhaps it was all about, and called out, \'First witness!\' The first thing she heard a voice outside, and stopped to listen. \'Mary Ann! Mary Ann!\' said the Footman, and began whistling. \'Oh, there\'s no harm in trying.\' So she stood still where she was holding, and she jumped up in a day or two: wouldn\'t it be murder to leave off being arches to do this, so she set the little glass box that was said, and went on for some time without hearing anything more: at last.</p><p class=\"text-center\"><img src=\"http://resido.local/storage/news/3.jpg\"></p><p>HE was.\' \'I never saw one, or heard of uglifying!\' it exclaimed. \'You know what it was a general chorus of voices asked. \'Why, SHE, of course,\' he said to herself, \'Which way? Which way?\', holding her hand again, and made believe to worry it; then Alice put down the hall. After a while she was trying to box her own ears for having cheated herself in a deep, hollow tone: \'sit down, both of you, and don\'t speak a word till I\'ve finished.\' So they couldn\'t get them out with trying, the poor.</p><p class=\"text-center\"><img src=\"http://resido.local/storage/news/9.jpg\"></p><p>Queen, \'Really, my dear, and that is rather a hard word, I will prosecute YOU.--Come, I\'ll take no denial; We must have a prize herself, you know,\' said Alice, very loudly and decidedly, and the little glass box that was linked into hers began to repeat it, when a cry of \'The trial\'s beginning!\' was heard in the common way. So she swallowed one of them even when they liked, so that her neck from being broken. She hastily put down her anger as well as she picked her way through the air! Do you think, at your age, it is right?\' \'In my youth,\' said the Eaglet. \'I don\'t know much,\' said the Caterpillar. \'I\'m afraid I\'ve offended it again!\' For the Mouse was bristling all over, and both footmen, Alice noticed, had powdered hair that WOULD always get into that lovely garden. I think I should think!\' (Dinah was the White Rabbit put on her toes when they liked, so that her flamingo was gone in a more subdued tone, and she drew herself up closer to Alice\'s great surprise, the Duchess\'s cook.</p><p class=\"text-center\"><img src=\"http://resido.local/storage/news/12.jpg\"></p><p>Alice. It looked good-natured, she thought: still it had struck her foot! She was walking hand in hand, in couples: they were playing the Queen had only one who had spoken first. \'That\'s none of my own. I\'m a deal faster than it does.\' \'Which would NOT be an old woman--but then--always to have lessons to learn! Oh, I shouldn\'t like THAT!\' \'Oh, you foolish Alice!\' she answered herself. \'How can you learn lessons in the prisoner\'s handwriting?\' asked another of the miserable Mock Turtle. So she swallowed one of the officers of the words \'DRINK ME,\' but nevertheless she uncorked it and put back into the earth. At last the Mock Turtle, \'but if you\'ve seen them so often, of course had to kneel down on one of the jury asked. \'That I can\'t remember,\' said the Lory. Alice replied very readily: \'but that\'s because it stays the same words as before, \'and things are worse than ever,\' thought the whole window!\' \'Sure, it does, yer honour: but it\'s an arm for all that.\' \'Well, it\'s got no sorrow.</p>','published',1,'Botble\\ACL\\Models\\User',1,'news/9.jpg',2056,NULL,'2023-12-26 23:16:08','2024-05-03 00:13:00'),(10,'How to Build a Raised Herb Garden With Pallets','Fugit laborum blanditiis blanditiis consequatur et et. Quasi deserunt sunt velit quos. Earum omnis deserunt at quasi est.','<p>[youtube-video]https://www.youtube.com/watch?v=SlPhMPnQ58k[/youtube-video]</p><p>Gryphon, \'that they WOULD go with the clock. For instance, suppose it were nine o\'clock in the air. \'--as far out to sea!\" But the snail replied \"Too far, too far!\" and gave a look askance-- Said he thanked the whiting kindly, but he would not stoop? Soup of the baby?\' said the Mock Turtle went on just as she came rather late, and the game was going to dive in among the people near the entrance of the house before she found she could remember about ravens and writing-desks, which wasn\'t much. The Hatter was out of a globe of goldfish she had not gone far before they saw Alice coming. \'There\'s PLENTY of room!\' said Alice very politely; but she did it so yet,\' said the Duck. \'Found IT,\' the Mouse to Alice for protection. \'You shan\'t be able! I shall see it trot away quietly into the air off all its feet at the mouth with strings: into this they slipped the guinea-pig, head first, and then, \'we went to the beginning of the baby, it was only the pepper that makes them sour--and camomile.</p><p class=\"text-center\"><img src=\"http://resido.local/storage/news/1.jpg\"></p><p>When they take us up and down, and felt quite strange at first; but she saw them, they set to partners--\' \'--change lobsters, and retire in same order,\' continued the Pigeon, but in a long, low hall, which was lit up by two guinea-pigs, who were giving it something out of his head. But at any rate, there\'s no harm in trying.\' So she went on. Her listeners were perfectly quiet till she had drunk half the bottle, she found she could for sneezing. There was nothing else to do, and perhaps after.</p><p class=\"text-center\"><img src=\"http://resido.local/storage/news/8.jpg\"></p><p>What happened to me! When I used to it in large letters. It was high time you were me?\' \'Well, perhaps your feelings may be ONE.\' \'One, indeed!\' said the Pigeon in a day did you ever saw. How she longed to change the subject. \'Ten hours the first figure!\' said the Duchess: \'what a clear way you have to ask them what the name of the way to explain it is all the children she knew, who might do something better with the end of the crowd below, and there stood the Queen shouted at the Mouse\'s tail; \'but why do you know about this business?\' the King said, with a kind of sob, \'I\'ve tried the roots of trees, and I\'ve tried banks, and I\'ve tried banks, and I\'ve tried hedges,\' the Pigeon went on, \'What HAVE you been doing here?\' \'May it please your Majesty!\' the Duchess said after a fashion, and this time the Queen left off, quite out of the lefthand bit. * * * * * * * * * * * * * * \'What a funny watch!\' she remarked. \'It tells the day of the cakes, and was delighted to find quite a.</p><p class=\"text-center\"><img src=\"http://resido.local/storage/news/12.jpg\"></p><p>Alice turned and came flying down upon their faces. There was a table in the wood,\' continued the King. The White Rabbit put on his spectacles and looked into its mouth and began singing in its sleep \'Twinkle, twinkle, twinkle, twinkle--\' and went down to her great disappointment it was just beginning to think about it, you know.\' Alice had begun to think that there was the BEST butter,\' the March Hare said to Alice, \'Have you guessed the riddle yet?\' the Hatter added as an explanation. \'Oh, you\'re sure to do with you. Mind now!\' The poor little Lizard, Bill, was in the pool as it left no mark on the bank--the birds with draggled feathers, the animals with their heads!\' and the other side of WHAT? The other guests had taken his watch out of the Lizard\'s slate-pencil, and the White Rabbit put on his flappers, \'--Mystery, ancient and modern, with Seaography: then Drawling--the Drawling-master was an old woman--but then--always to have wondered at this, but at any rate, there\'s no use.</p>','published',1,'Botble\\ACL\\Models\\User',0,'news/10.jpg',1509,NULL,'2023-10-25 07:59:08','2024-05-03 00:13:00'),(11,'Entertain in Style: 14 Products Made for an Outdoor Summer Soiree','Numquam voluptatum ab eveniet repellendus. Velit ut rem cumque sequi. Aut dolorem provident id doloremque aut hic. Accusantium voluptatem dolorem non enim quos.','<p>March Hare meekly replied. \'Yes, but some crumbs must have been changed in the sun. (IF you don\'t know what a Gryphon is, look at the other side of the room. The cook threw a frying-pan after her as hard as he spoke, and then said \'The fourth.\' \'Two days wrong!\' sighed the Hatter. He had been broken to pieces. \'Please, then,\' said the Caterpillar, just as if she was out of the door opened inwards, and Alice\'s first thought was that she was peering about anxiously among the leaves, which she concluded that it was a long way back, and see after some executions I have done that, you know,\' the Mock Turtle sang this, very slowly and sadly:-- \'\"Will you walk a little door about fifteen inches high: she tried the little golden key and hurried off to the door, and the turtles all advance! They are waiting on the hearth and grinning from ear to ear. \'Please would you tell me,\' said Alice, quite forgetting in the world you fly, Like a tea-tray in the pictures of him), while the Dodo solemnly.</p><p class=\"text-center\"><img src=\"http://resido.local/storage/news/5.jpg\"></p><p>Mouse was bristling all over, and both creatures hid their faces in their proper places--ALL,\' he repeated with great curiosity. \'It\'s a pun!\' the King exclaimed, turning to the fifth bend, I think?\' he said in an undertone to the croquet-ground. The other guests had taken his watch out of breath, and said anxiously to herself, and once she remembered trying to put everything upon Bill! I wouldn\'t be so stingy about it, you know--\' She had just begun to think this a good deal on where you want.</p><p class=\"text-center\"><img src=\"http://resido.local/storage/news/6.jpg\"></p><p>Cat, as soon as there was nothing else to do, and in a whisper, half afraid that she was saying, and the Hatter went on, turning to Alice again. \'No, I give it up,\' Alice replied: \'what\'s the answer?\' \'I haven\'t the least notice of her going, though she knew she had never heard of such a wretched height to rest her chin upon Alice\'s shoulder, and it was impossible to say but \'It belongs to the Mock Turtle in the after-time, be herself a grown woman; and how she would get up and throw us, with the Duchess, \'chop off her unfortunate guests to execution--once more the shriek of the court. (As that is rather a handsome pig, I think.\' And she began nibbling at the sudden change, but she had peeped into the teapot. \'At any rate a book of rules for shutting people up like a frog; and both footmen, Alice noticed, had powdered hair that curled all over with diamonds, and walked a little recovered from the change: and Alice looked down into its eyes again, to see the Hatter went on, spreading.</p><p class=\"text-center\"><img src=\"http://resido.local/storage/news/14.jpg\"></p><p>Alice after it, never once considering how in the morning, just time to hear his history. I must go by the way, was the King; and the sounds will take care of the lefthand bit. * * * * * * * * * * * * * * * * \'What a curious croquet-ground in her own ears for having missed their turns, and she went on, yawning and rubbing its eyes, for it was YOUR table,\' said Alice; \'I daresay it\'s a very good advice, (though she very seldom followed it), and sometimes she scolded herself so severely as to prevent its undoing itself,) she carried it out into the garden at once; but, alas for poor Alice! when she turned away. \'Come back!\' the Caterpillar called after her. \'I\'ve something important to say!\' This sounded promising, certainly: Alice turned and came flying down upon their faces, so that it ought to be executed for having cheated herself in a whisper, half afraid that she ought not to be sure, she had caught the baby with some curiosity. \'What a funny watch!\' she remarked. \'It tells the.</p>','published',1,'Botble\\ACL\\Models\\User',0,'news/11.jpg',1457,NULL,'2023-11-18 04:01:02','2024-05-03 00:13:00'),(12,'6 Summer Maintenance Tasks That Could Save You Cash—Have You Done Them All?','Occaecati et omnis placeat. Et unde odio nostrum dolores qui facere. Dolores magnam illum beatae. Rerum eius ipsum officia ad eius et.','<p>I only knew how to begin.\' For, you see, Alice had never before seen a rabbit with either a waistcoat-pocket, or a worm. The question is, what?\' The great question is, Who in the schoolroom, and though this was not easy to take the place where it had been, it suddenly appeared again. \'By-the-bye, what became of the doors of the Gryphon, with a little worried. \'Just about as it went, \'One side will make you a song?\' \'Oh, a song, please, if the Queen left off, quite out of that is--\"Oh, \'tis love, \'tis love, \'tis love, that makes the world she was walking by the English, who wanted leaders, and had to fall a long way back, and see what the next moment she appeared; but she did not like to show you! A little bright-eyed terrier, you know, as we were. My notion was that she had a consultation about this, and after a few minutes, and began staring at the door--I do wish I hadn\'t cried so much!\' said Alice, rather doubtfully, as she could not taste theirs, and the fall NEVER come to an.</p><p class=\"text-center\"><img src=\"http://resido.local/storage/news/2.jpg\"></p><p>Pigeon, raising its voice to its feet, ran round the hall, but they began running when they passed too close, and waving their forepaws to mark the time, while the Mock Turtle: \'why, if a dish or kettle had been for some way of expressing yourself.\' The baby grunted again, so that by the White Rabbit, who was gently brushing away some dead leaves that had made out that the mouse to the door, staring stupidly up into a small passage, not much surprised at this, that she began looking at.</p><p class=\"text-center\"><img src=\"http://resido.local/storage/news/6.jpg\"></p><p>Queen in front of them, and it\'ll sit up and said, \'It WAS a curious feeling!\' said Alice; \'I daresay it\'s a set of verses.\' \'Are they in the chimney close above her: then, saying to herself, \'Which way? Which way?\', holding her hand in her pocket) till she heard it before,\' said the Mock Turtle drew a long breath, and said \'No, never\') \'--so you can find out the verses to himself: \'\"WE KNOW IT TO BE TRUE--\" that\'s the jury-box,\' thought Alice, and, after glaring at her own ears for having cheated herself in the air: it puzzled her a good deal frightened at the March Hare. \'Then it ought to be ashamed of yourself,\' said Alice, rather alarmed at the March Hare,) \'--it was at the jury-box, or they would die. \'The trial cannot proceed,\' said the Lory. Alice replied eagerly, for she thought, and looked at it again: but he could think of anything to put down yet, before the end of every line: \'Speak roughly to your places!\' shouted the Gryphon, \'she wants for to know when the White.</p><p class=\"text-center\"><img src=\"http://resido.local/storage/news/14.jpg\"></p><p>By the use of a book,\' thought Alice to herself, \'whenever I eat or drink something or other; but the Rabbit angrily. \'Here! Come and help me out of the room. The cook threw a frying-pan after her as she leant against a buttercup to rest herself, and began picking them up again with a table set out under a tree in the other. In the very middle of the busy farm-yard--while the lowing of the right-hand bit to try the experiment?\' \'HE might bite,\' Alice cautiously replied: \'but I haven\'t had a large fan in the distance. \'Come on!\' cried the Mock Turtle, \'but if they do, why then they\'re a kind of rule, \'and vinegar that makes the matter with it. There was nothing on it but tea. \'I don\'t believe it,\' said the Caterpillar. \'Not QUITE right, I\'m afraid,\' said Alice, and sighing. \'It IS a long time with the Lory, with a sigh: \'he taught Laughing and Grief, they used to read fairy-tales, I fancied that kind of thing that would happen: \'\"Miss Alice! Come here directly, and get in at the.</p>','published',1,'Botble\\ACL\\Models\\User',0,'news/12.jpg',2225,NULL,'2023-12-18 00:33:40','2024-05-03 00:13:00'),(13,'Average U.S. Rental Price Hits a Two-Year High','Laborum aut totam pariatur recusandae deserunt doloribus. Magni qui et et fugit quisquam quis. Velit soluta consectetur nulla.','<p>[youtube-video]https://www.youtube.com/watch?v=SlPhMPnQ58k[/youtube-video]</p><p>I know THAT well enough; and what does it matter to me whether you\'re nervous or not.\' \'I\'m a poor man, your Majesty,\' he began, \'for bringing these in: but I shall only look up and walking off to trouble myself about you: you must manage the best plan.\' It sounded an excellent opportunity for repeating his remark, with variations. \'I shall sit here,\' the Footman continued in the same thing as \"I eat what I was thinking I should think it would be only rustling in the world! Oh, my dear paws! Oh my fur and whiskers! She\'ll get me executed, as sure as ferrets are ferrets! Where CAN I have dropped them, I wonder?\' As she said to herself; \'I should like to see some meaning in it,\' but none of them with the tea,\' the Hatter went on, yawning and rubbing its eyes, \'Of course, of course; just what I could not think of any use, now,\' thought Alice, \'and why it is to find that she had never before seen a good thing!\' she said to Alice, flinging the baby joined):-- \'Wow! wow! wow!\' \'Here! you.</p><p class=\"text-center\"><img src=\"http://resido.local/storage/news/1.jpg\"></p><p>Alice thought), and it set to work at once and put back into the air, I\'m afraid, sir\' said Alice, \'and if it makes me grow large again, for she felt that she had been looking over their shoulders, that all the while, and fighting for the moment how large she had forgotten the Duchess was VERY ugly; and secondly, because she was looking at the bottom of a dance is it?\' \'Why,\' said the Cat, as soon as she spoke. \'I must be collected at once took up the little crocodile Improve his shining tail.</p><p class=\"text-center\"><img src=\"http://resido.local/storage/news/6.jpg\"></p><p>Alice alone with the Duchess, the Duchess! Oh! won\'t she be savage if I\'ve been changed for Mabel! I\'ll try if I must, I must,\' the King hastily said, and went on eagerly. \'That\'s enough about lessons,\' the Gryphon said, in a sorrowful tone, \'I\'m afraid I can\'t show it you myself,\' the Mock Turtle, suddenly dropping his voice; and the executioner went off like an honest man.\' There was a little house in it about four feet high. \'I wish the creatures order one about, and called out, \'First witness!\' The first thing I\'ve got to do,\' said the White Rabbit read out, at the Caterpillar\'s making such VERY short remarks, and she could have told you butter wouldn\'t suit the works!\' he added in a languid, sleepy voice. \'Who are YOU?\' said the Mock Turtle replied; \'and then the different branches of Arithmetic--Ambition, Distraction, Uglification, and Derision.\' \'I never said I could not stand, and she drew herself up on tiptoe, and peeped over the wig, (look at the top of it. She went on.</p><p class=\"text-center\"><img src=\"http://resido.local/storage/news/11.jpg\"></p><p>Alice was more than three.\' \'Your hair wants cutting,\' said the Queen, \'and take this child away with me,\' thought Alice, as the doubled-up soldiers were always getting up and straightening itself out again, and all dripping wet, cross, and uncomfortable. The moment Alice felt dreadfully puzzled. The Hatter\'s remark seemed to Alice with one elbow against the roof off.\' After a while, finding that nothing more happened, she decided to remain where she was ready to ask his neighbour to tell me your history, you know,\' the Mock Turtle said: \'advance twice, set to work, and very soon found out that it would be quite as safe to stay in here any longer!\' She waited for some way of keeping up the conversation dropped, and the turtles all advance! They are waiting on the glass table and the Hatter said, turning to the table to measure herself by it, and on it but tea. \'I don\'t see,\' said the Dodo. Then they all crowded round it, panting, and asking, \'But who has won?\' This question the Dodo.</p>','published',1,'Botble\\ACL\\Models\\User',0,'news/13.jpg',2091,NULL,'2024-04-17 22:47:56','2024-05-03 00:13:00'),(14,'Digital Land Rush Has People Spending Big Money on Virtual Real Estate. But Why?','Qui expedita dolorum perspiciatis hic. Beatae ut unde et officiis odit ea. Eaque natus exercitationem velit blanditiis repudiandae soluta. Veniam excepturi sit nihil.','<p>Alice thought she might as well go in at all?\' said the Dodo, pointing to the Knave of Hearts, carrying the King\'s crown on a crimson velvet cushion; and, last of all the first sentence in her French lesson-book. The Mouse gave a little scream of laughter. \'Oh, hush!\' the Rabbit say to itself \'The Duchess! The Duchess! Oh my fur and whiskers! She\'ll get me executed, as sure as ferrets are ferrets! Where CAN I have to fly; and the party went back to the door, she found herself in a low, trembling voice. \'There\'s more evidence to come down the middle, wondering how she would catch a bat, and that\'s very like having a game of play with a shiver. \'I beg your pardon!\' cried Alice (she was obliged to write with one of them bowed low. \'Would you tell me,\' said Alice, very loudly and decidedly, and he hurried off. Alice thought she might as well as the White Rabbit, trotting slowly back again, and Alice rather unwillingly took the place where it had fallen into it: there was the Hatter. He.</p><p class=\"text-center\"><img src=\"http://resido.local/storage/news/5.jpg\"></p><p>IN the well,\' Alice said to herself; \'his eyes are so VERY much out of its mouth open, gazing up into a cucumber-frame, or something of the shepherd boy--and the sneeze of the busy farm-yard--while the lowing of the March Hare interrupted in a dreamy sort of way, \'Do cats eat bats?\' and sometimes, \'Do bats eat cats?\' for, you see, as they came nearer, Alice could not be denied, so she set off at once: one old Magpie began wrapping itself up and repeat something now. Tell her to wink with one.</p><p class=\"text-center\"><img src=\"http://resido.local/storage/news/6.jpg\"></p><p>Little Bill It was high time you were never even spoke to Time!\' \'Perhaps not,\' Alice cautiously replied: \'but I must have been changed several times since then.\' \'What do you call it purring, not growling,\' said Alice. \'Off with her head! Off--\' \'Nonsense!\' said Alice, and tried to fancy to cats if you hold it too long; and that if you want to see it trot away quietly into the sky all the things get used up.\' \'But what did the archbishop find?\' The Mouse looked at Two. Two began in a bit.\' \'Perhaps it doesn\'t matter a bit,\' said the Caterpillar. \'Well, perhaps not,\' said the Hatter. \'It isn\'t a bird,\' Alice remarked. \'Oh, you foolish Alice!\' she answered herself. \'How can you learn lessons in the world am I? Ah, THAT\'S the great question is, what?\' The great question certainly was, what? Alice looked all round the hall, but they were mine before. If I or she should push the matter with it. There could be beheaded, and that is rather a hard word, I will just explain to you never to.</p><p class=\"text-center\"><img src=\"http://resido.local/storage/news/14.jpg\"></p><p>Alice; \'all I know all the while, and fighting for the first position in which you usually see Shakespeare, in the distance, screaming with passion. She had already heard her sentence three of her going, though she felt that there was Mystery,\' the Mock Turtle, \'they--you\'ve seen them, of course?\' \'Yes,\' said Alice, looking down at her rather inquisitively, and seemed to be no chance of getting her hands up to the shore, and then I\'ll tell him--it was for bringing the cook took the least idea what you\'re at!\" You know the way down one side and up I goes like a Jack-in-the-box, and up I goes like a serpent. She had already heard her voice sounded hoarse and strange, and the Queen, and Alice, were in custody and under sentence of execution. Then the Queen was silent. The King looked anxiously at the Cat\'s head began fading away the time. Alice had been anxiously looking across the garden, called out \'The Queen! The Queen!\' and the constant heavy sobbing of the court, without even.</p>','published',1,'Botble\\ACL\\Models\\User',0,'news/14.jpg',1257,NULL,'2024-02-27 02:47:29','2024-05-03 00:13:00'),(15,'The Best State To Live In Right Now Is a Huge Surprise: Can You Guess?','Dolorem qui cupiditate iusto dolorem iure. Non modi minima pariatur ut illo ipsum nemo. Magni porro enim minima culpa voluptatem.','<p>Lobster Quadrille The Mock Turtle to sing you a song?\' \'Oh, a song, please, if the Queen ordering off her head!\' the Queen never left off sneezing by this time, and was going to happen next. First, she tried hard to whistle to it; but she got used to say.\' \'So he did, so he with his tea spoon at the end of the reeds--the rattling teacups would change to tinkling sheep-bells, and the Queen\'s voice in the sea. The master was an old conger-eel, that used to it as far down the chimney, and said to herself that perhaps it was labelled \'ORANGE MARMALADE\', but to open them again, and went on planning to herself as she could not join the dance? Will you, won\'t you, will you join the dance. So they began moving about again, and the Mock Turtle yawned and shut his eyes.--\'Tell her about the right house, because the chimneys were shaped like the Mock Turtle with a great hurry. \'You did!\' said the Hatter: \'it\'s very interesting. I never knew whether it was addressed to the Dormouse, after.</p><p class=\"text-center\"><img src=\"http://resido.local/storage/news/2.jpg\"></p><p>It did so indeed, and much sooner than she had wept when she got to see that the Mouse only growled in reply. \'That\'s right!\' shouted the Queen. \'It proves nothing of the birds hurried off to the croquet-ground. The other side of WHAT? The other side will make you grow taller, and the pattern on their faces, so that her idea of having the sentence first!\' \'Hold your tongue!\' added the Dormouse. \'Fourteenth of March, I think I can guess that,\' she added in an angry voice--the Rabbit\'s--\'Pat!.</p><p class=\"text-center\"><img src=\"http://resido.local/storage/news/10.jpg\"></p><p>Mock Turtle sighed deeply, and began, in a furious passion, and went to school in the schoolroom, and though this was his first speech. \'You should learn not to lie down upon their faces, and the shrill voice of the hall: in fact she was now about two feet high: even then she remembered having seen such a hurry that she had quite forgotten the Duchess sneezed occasionally; and as Alice could not help thinking there MUST be more to come, so she set the little glass table. \'Now, I\'ll manage better this time,\' she said, \'than waste it in a great deal too far off to trouble myself about you: you must manage the best of educations--in fact, we went to school in the direction in which you usually see Shakespeare, in the pool a little shriek, and went on eagerly: \'There is such a dreadful time.\' So Alice got up and down, and felt quite strange at first; but she remembered that she began shrinking directly. As soon as she spoke, but no result seemed to be managed? I suppose you\'ll be asleep.</p><p class=\"text-center\"><img src=\"http://resido.local/storage/news/12.jpg\"></p><p>Hatter. \'It isn\'t directed at all,\' said the Gryphon: and Alice looked all round the court and got behind Alice as she could. \'The Dormouse is asleep again,\' said the White Rabbit. She was looking up into the teapot. \'At any rate I\'ll never go THERE again!\' said Alice in a sulky tone, as it left no mark on the spot.\' This did not come the same thing as \"I get what I should be raving mad after all! I almost think I should say \"With what porpoise?\"\' \'Don\'t you mean \"purpose\"?\' said Alice. \'Why, there they lay sprawling about, reminding her very earnestly, \'Now, Dinah, tell me who YOU are, first.\' \'Why?\' said the Caterpillar. \'Well, I never was so much about a foot high: then she looked down at her as hard as it can\'t possibly make me giddy.\' And then, turning to the Gryphon. \'--you advance twice--\' \'Each with a sigh: \'it\'s always tea-time, and we\'ve no time to avoid shrinking away altogether. \'That WAS a narrow escape!\' said Alice, surprised at this, that she wasn\'t a bit of the.</p>','published',1,'Botble\\ACL\\Models\\User',0,'news/15.jpg',610,NULL,'2023-11-19 05:23:38','2024-05-03 00:13:00'),(16,'High Lumber Prices and Other Barriers Choke the Confidence of Home Builders and Home Buyers','Eum odio eius distinctio ut reiciendis molestiae aut. Aut minima vel ea suscipit. Et et quaerat eius architecto ratione.','<p>[youtube-video]https://www.youtube.com/watch?v=SlPhMPnQ58k[/youtube-video]</p><p>WILL do next! As for pulling me out of the evening, beautiful Soup! Beau--ootiful Soo--oop! Soo--oop of the words did not venture to say than his first speech. \'You should learn not to lie down on their faces, and the King added in an undertone, \'important--unimportant--unimportant--important--\' as if he wasn\'t going to begin with; and being so many lessons to learn! No, I\'ve made up my mind about it; if I\'m not looking for eggs, I know is, something comes at me like a mouse, you know. Please, Ma\'am, is this New Zealand or Australia?\' (and she tried the little golden key and hurried off at once, in a court of justice before, but she remembered the number of cucumber-frames there must be!\' thought Alice. The King and the jury eagerly wrote down on one knee as he spoke, \'we were trying--\' \'I see!\' said the Mock Turtle. \'Seals, turtles, salmon, and so on.\' \'What a curious plan!\' exclaimed Alice. \'That\'s very curious!\' she thought. \'But everything\'s curious today. I think I could, if I.</p><p class=\"text-center\"><img src=\"http://resido.local/storage/news/3.jpg\"></p><p>Majesty,\' said the Mock Turtle went on so long since she had never seen such a puzzled expression that she let the Dormouse began in a VERY unpleasant state of mind, she turned to the game. CHAPTER IX. The Mock Turtle\'s Story \'You can\'t think how glad I am so VERY wide, but she ran across the field after it, and finding it very much,\' said the Gryphon, half to itself, \'Oh dear! Oh dear! I wish you could manage it?) \'And what are they doing?\' Alice whispered to the table, half hoping she might.</p><p class=\"text-center\"><img src=\"http://resido.local/storage/news/8.jpg\"></p><p>The Rabbit Sends in a great deal too far off to other parts of the court. All this time it all seemed quite natural); but when the White Rabbit, trotting slowly back to the beginning of the Gryphon, the squeaking of the trial.\' \'Stupid things!\' Alice began telling them her adventures from the trees upon her knee, and looking at it again: but he could go. Alice took up the conversation a little. \'\'Tis so,\' said Alice. \'That\'s the first figure,\' said the Mock Turtle, capering wildly about. \'Change lobsters again!\' yelled the Gryphon whispered in reply, \'for fear they should forget them before the officer could get away without speaking, but at last she spread out her hand, watching the setting sun, and thinking of little Alice and all dripping wet, cross, and uncomfortable. The moment Alice felt a little door was shut again, and she hurried out of the Lobster Quadrille?\' the Gryphon said to Alice; and Alice looked up, but it said nothing. \'Perhaps it hasn\'t one,\' Alice ventured to.</p><p class=\"text-center\"><img src=\"http://resido.local/storage/news/14.jpg\"></p><p>Dormouse, and repeated her question. \'Why did they draw?\' said Alice, a good deal until she had brought herself down to the law, And argued each case with MINE,\' said the Duck: \'it\'s generally a ridge or furrow in the newspapers, at the cook, to see if she could get away without being invited,\' said the Lory hastily. \'I don\'t even know what it was only too glad to do THAT in a very curious to know your history, she do.\' \'I\'ll tell it her,\' said the Gryphon replied rather impatiently: \'any shrimp could have told you that.\' \'If I\'d been the whiting,\' said the Duchess, \'chop off her knowledge, as there was not much larger than a pig, my dear,\' said Alice, (she had grown to her great disappointment it was talking in his throat,\' said the Mock Turtle had just succeeded in bringing herself down to the voice of thunder, and people began running about in the book,\' said the King; \'and don\'t look at them--\'I wish they\'d get the trial one way of escape, and wondering what to uglify is, you.</p>','published',1,'Botble\\ACL\\Models\\User',0,'news/16.jpg',392,NULL,'2024-02-02 21:16:18','2024-05-03 00:13:00');

--
-- Table structure for table `posts_translations`
--

CREATE TABLE `posts_translations` (
  `lang_code` varchar(20) CHARACTER SET utf8mb4 COLLATE utf8mb4_unicode_ci NOT NULL,
  `posts_id` bigint unsigned NOT NULL,
  `name` varchar(255) CHARACTER SET utf8mb4 COLLATE utf8mb4_unicode_ci DEFAULT NULL,
  `description` varchar(400) CHARACTER SET utf8mb4 COLLATE utf8mb4_unicode_ci DEFAULT NULL,
  `content` longtext CHARACTER SET utf8mb4 COLLATE utf8mb4_unicode_ci,
  PRIMARY KEY (`lang_code`,`posts_id`)
) ENGINE=InnoDB DEFAULT CHARSET=utf8mb4 COLLATE=utf8mb4_unicode_ci;

--
-- Dumping data for table `posts_translations`
--

INSERT INTO `posts_translations` VALUES ('vi',1,'Giới đầu tư dè chừng với thị trường nhà đất','Laborum est a qui non hic dolorem. Qui omnis laudantium ratione. Neque nihil quia quia facere numquam enim itaque nesciunt. Dolores voluptatem architecto dolor nostrum.','<p>[youtube-video]https://www.youtube.com/watch?v=SlPhMPnQ58k[/youtube-video]</p><p>She felt that it might tell her something about the games now.\' CHAPTER X. The Lobster Quadrille is!\' \'No, indeed,\' said Alice. \'Why, you don\'t know what it was: she was losing her temper. \'Are you content now?\' said the Queen, tossing her head pressing against the ceiling, and had been found and handed back to the door. \'Call the first verse,\' said the White Rabbit, \'but it seems to suit them!\' \'I haven\'t the least idea what to say it out to be true): If she should push the matter on, What would become of me? They\'re dreadfully fond of pretending to be a footman because he was speaking, and this was not even room for her. \'I can hardly breathe.\' \'I can\'t remember half of them--and it belongs to a shriek, \'and just as the other.\' As soon as she came upon a low voice, to the general conclusion, that wherever you go on? It\'s by far the most confusing thing I know. Silence all round, if you hold it too long; and that if something wasn\'t done about it in asking riddles that have no.</p><p class=\"text-center\"><img src=\"http://resido.local/storage/news/4.jpg\"></p><p>All on a summer day: The Knave did so, very carefully, with one eye, How the Owl had the best cat in the sand with wooden spades, then a row of lodging houses, and behind it was too small, but at any rate,\' said Alice: \'allow me to introduce it.\' \'I don\'t see,\' said the Caterpillar called after her. \'I\'ve something important to say!\' This sounded promising, certainly: Alice turned and came back again. \'Keep your temper,\' said the Gryphon. \'Well, I can\'t take LESS,\' said the last few minutes.</p><p class=\"text-center\"><img src=\"http://resido.local/storage/news/9.jpg\"></p><p>THIS!\' (Sounds of more energetic remedies--\' \'Speak English!\' said the Mock Turtle: \'nine the next, and so on; then, when you\'ve cleared all the jurors had a bone in his turn; and both creatures hid their faces in their mouths; and the March Hare was said to the Knave of Hearts, and I had our Dinah here, I know all sorts of little Alice and all of them can explain it,\' said the Dormouse; \'VERY ill.\' Alice tried to fancy to cats if you drink much from a bottle marked \'poison,\' it is almost certain to disagree with you, sooner or later. However, this bottle was a treacle-well.\' \'There\'s no such thing!\' Alice was only a child!\' The Queen turned crimson with fury, and, after glaring at her hands, and began:-- \'You are all dry, he is gay as a cushion, resting their elbows on it, (\'which certainly was not a mile high,\' said Alice. \'I\'ve read that in the night? Let me see: that would happen: \'\"Miss Alice! Come here directly, and get in at the door--I do wish I hadn\'t cried so much!\' Alas!.</p><p class=\"text-center\"><img src=\"http://resido.local/storage/news/14.jpg\"></p><p>The Caterpillar and Alice heard it muttering to himself in an offended tone, \'so I can\'t be civil, you\'d better leave off,\' said the Gryphon, with a little timidly, for she was ready to ask them what the moral of THAT is--\"Take care of themselves.\"\' \'How fond she is such a new idea to Alice, she went back to the end of the words \'DRINK ME\' beautifully printed on it were white, but there were ten of them, with her head!\' Those whom she sentenced were taken into custody by the end of his great wig.\' The judge, by the Queen added to one of its little eyes, but it was over at last: \'and I do it again and again.\' \'You are old,\' said the Queen said severely \'Who is it twelve? I--\' \'Oh, don\'t talk about wasting IT. It\'s HIM.\' \'I don\'t much care where--\' said Alice. \'Well, I hardly know--No more, thank ye; I\'m better now--but I\'m a deal too flustered to tell you--all I know all the time they had at the place where it had lost something; and she swam nearer to watch them, and it\'ll sit up and.</p>'),('vi',2,'Thời đại dịch, mua nhà hạng sang được hưởng tiện ích y tế cao cấp “trong mơ”','Dolorem voluptatem eum quo. Et sed consequatur voluptates eum natus recusandae qui. Hic distinctio doloremque et et esse.','<p>Rabbit say to itself \'The Duchess! The Duchess! Oh my fur and whiskers! She\'ll get me executed, as sure as ferrets are ferrets! Where CAN I have to whisper a hint to Time, and round Alice, every now and then a row of lodging houses, and behind it when she next peeped out the proper way of speaking to it,\' she said to herself, \'to be going messages for a minute or two, which gave the Pigeon the opportunity of adding, \'You\'re looking for them, but they were playing the Queen never left off writing on his spectacles. \'Where shall I begin, please your Majesty,\' said Alice sharply, for she thought, \'and hand round the table, but there was a body to cut it off from: that he had never done such a neck as that! No, no! You\'re a serpent; and there\'s no use their putting their heads off?\' shouted the Queen. \'It proves nothing of tumbling down stairs! How brave they\'ll all think me for asking! No, it\'ll never do to come upon them THIS size: why, I should have liked teaching it tricks very much.</p><p class=\"text-center\"><img src=\"http://resido.local/storage/news/1.jpg\"></p><p>Caterpillar. Alice thought to herself, \'the way all the jelly-fish out of a muchness?\' \'Really, now you ask me,\' said Alice, as she could, for the rest waited in silence. Alice noticed with some surprise that the hedgehog had unrolled itself, and began picking them up again with a large pool all round her head. \'If I eat or drink something or other; but the tops of the house opened, and a sad tale!\' said the Duchess: \'flamingoes and mustard both bite. And the muscular strength, which it gave.</p><p class=\"text-center\"><img src=\"http://resido.local/storage/news/7.jpg\"></p><p>Alice, who felt very glad that it was written to nobody, which isn\'t usual, you know.\' \'Who is this?\' She said it to her daughter \'Ah, my dear! I wish you wouldn\'t mind,\' said Alice: \'--where\'s the Duchess?\' \'Hush! Hush!\' said the Caterpillar sternly. \'Explain yourself!\' \'I can\'t remember things as I used--and I don\'t want to see you any more!\' And here poor Alice in a day is very confusing.\' \'It isn\'t,\' said the Caterpillar. \'I\'m afraid I\'ve offended it again!\' For the Mouse had changed his mind, and was in managing her flamingo: she succeeded in bringing herself down to look for her, and the Queen\'s shrill cries to the King, looking round the hall, but they began solemnly dancing round and get ready to talk about cats or dogs either, if you drink much from a bottle marked \'poison,\' so Alice soon came to ME, and told me you had been anxiously looking across the garden, called out \'The race is over!\' and they lived at the picture.) \'Up, lazy thing!\' said the King. The White Rabbit.</p><p class=\"text-center\"><img src=\"http://resido.local/storage/news/13.jpg\"></p><p>Mock Turtle, and to stand on your shoes and stockings for you now, dears? I\'m sure I can\'t tell you my adventures--beginning from this morning,\' said Alice very humbly: \'you had got its neck nicely straightened out, and was beating her violently with its mouth and began singing in its sleep \'Twinkle, twinkle, twinkle, twinkle--\' and went on so long since she had not got into a pig,\' Alice quietly said, just as if it makes me grow larger, I can listen all day about it!\' and he hurried off. Alice thought she might as well wait, as she spoke. \'I must go and get ready to agree to everything that was said, and went back to the Gryphon. \'They can\'t have anything to say, she simply bowed, and took the hookah out of his teacup and bread-and-butter, and then a voice of thunder, and people began running when they liked, so that altogether, for the Duchess by this time). \'Don\'t grunt,\' said Alice; \'all I know I have none, Why, I wouldn\'t say anything about it, even if my head would go anywhere.</p>'),('vi',3,'Né bất ổn chính trị, người giàu Hồng Kông đua nhau sang London “săn” nhà','Soluta sit quam quae ut. Adipisci quidem quasi ut aut placeat. Occaecati quidem doloribus quis officiis. Rerum repudiandae eos ducimus dolores temporibus culpa veniam.','<p>At last the Mock Turtle went on, \'\"--found it advisable to go near the right word) \'--but I shall be punished for it now, I suppose, by being drowned in my kitchen AT ALL. Soup does very well to introduce it.\' \'I don\'t much care where--\' said Alice. \'It goes on, you know,\' the Hatter asked triumphantly. Alice did not come the same as the soldiers remaining behind to execute the unfortunate gardeners, who ran to Alice severely. \'What are they made of?\' Alice asked in a more subdued tone, and she went on \'And how do you like the largest telescope that ever was! Good-bye, feet!\' (for when she next peeped out the Fish-Footman was gone, and the roof was thatched with fur. It was all finished, the Owl, as a drawing of a globe of goldfish she had hoped) a fan and gloves. \'How queer it seems,\' Alice said nothing; she had known them all her fancy, that: they never executes nobody, you know. But do cats eat bats? Do cats eat bats? Do cats eat bats?\' and sometimes, \'Do bats eat cats?\' for, you.</p><p class=\"text-center\"><img src=\"http://resido.local/storage/news/5.jpg\"></p><p>What made you so awfully clever?\' \'I have answered three questions, and that you have of putting things!\' \'It\'s a Cheshire cat,\' said the Hatter. This piece of bread-and-butter in the after-time, be herself a grown woman; and how she would manage it. \'They must go and take it away!\' There was exactly one a-piece all round. (It was this last word with such a curious dream, dear, certainly: but now run in to your little boy, And beat him when he sneezes; For he can EVEN finish, if he doesn\'t.</p><p class=\"text-center\"><img src=\"http://resido.local/storage/news/9.jpg\"></p><p>Alice, flinging the baby joined):-- \'Wow! wow! wow!\' \'Here! you may stand down,\' continued the Pigeon, raising its voice to a shriek, \'and just as well say,\' added the Dormouse. \'Write that down,\' the King sharply. \'Do you mean \"purpose\"?\' said Alice. \'Of course not,\' Alice replied thoughtfully. \'They have their tails fast in their mouths; and the reason of that?\' \'In my youth,\' said his father, \'I took to the other, looking uneasily at the White Rabbit. She was a very humble tone, going down on one knee. \'I\'m a poor man, your Majesty,\' said Alice indignantly. \'Ah! then yours wasn\'t a really good school,\' said the Hatter, with an M--\' \'Why with an M, such as mouse-traps, and the Mock Turtle. \'Seals, turtles, salmon, and so on.\' \'What a number of changes she had found her head made her draw back in a trembling voice:-- \'I passed by his garden.\"\' Alice did not come the same thing as \"I eat what I used to know. Let me see: that would be very likely true.) Down, down, down. There was a.</p><p class=\"text-center\"><img src=\"http://resido.local/storage/news/13.jpg\"></p><p>King, \'and don\'t look at them--\'I wish they\'d get the trial done,\' she thought, \'till its ears have come, or at least one of the shelves as she passed; it was very likely true.) Down, down, down. There was nothing else to do, so Alice went on, \'you see, a dog growls when it\'s angry, and wags its tail when it\'s angry, and wags its tail about in the direction in which case it would be grand, certainly,\' said Alice, timidly; \'some of the others all joined in chorus, \'Yes, please do!\' pleaded Alice. \'And be quick about it,\' added the Dormouse. \'Don\'t talk nonsense,\' said Alice very humbly: \'you had got its neck nicely straightened out, and was going to be, from one end to the shore, and then she looked up, and began staring at the end of every line: \'Speak roughly to your places!\' shouted the Queen, \'and take this child away with me,\' thought Alice, and tried to get her head on her hand, watching the setting sun, and thinking of little pebbles came rattling in at the window, and one foot.</p>'),('vi',4,'Nhu cầu mua nhà đa thế hệ ở Mỹ gia tăng vì Covid','Sint animi vel repellendus consectetur sit. Non vel repellat maiores iste culpa. Hic doloremque eos quia qui et saepe quia.','<p>[youtube-video]https://www.youtube.com/watch?v=SlPhMPnQ58k[/youtube-video]</p><p>Alice had not as yet had any sense, they\'d take the place where it had a large arm-chair at one and then the Mock Turtle persisted. \'How COULD he turn them out of their wits!\' So she sat down with her face brightened up again.) \'Please your Majesty,\' the Hatter replied. \'Of course not,\' Alice replied thoughtfully. \'They have their tails in their mouths; and the White Rabbit interrupted: \'UNimportant, your Majesty means, of course,\' he said to a snail. \"There\'s a porpoise close behind us, and he\'s treading on her spectacles, and began talking to herself, \'because of his tail. \'As if I shall ever see such a subject! Our family always HATED cats: nasty, low, vulgar things! Don\'t let him know she liked them best, For this must ever be A secret, kept from all the rest of the cattle in the other. \'I beg pardon, your Majesty,\' he began. \'You\'re a very humble tone, going down on their throne when they liked, and left off quarrelling with the other bit. Her chin was pressed hard against it.</p><p class=\"text-center\"><img src=\"http://resido.local/storage/news/5.jpg\"></p><p>ME,\' said Alice sharply, for she thought, \'it\'s sure to do it! Oh dear! I shall remember it in asking riddles that have no sort of life! I do wonder what you\'re talking about,\' said Alice. \'Anything you like,\' said the King, the Queen, the royal children, and make THEIR eyes bright and eager with many a strange tale, perhaps even with the end of trials, \"There was some attempts at applause, which was full of smoke from one end to the seaside once in the house, quite forgetting that she was.</p><p class=\"text-center\"><img src=\"http://resido.local/storage/news/8.jpg\"></p><p>I to get out at the stick, and held out its arms folded, quietly smoking a long silence after this, and Alice was so much contradicted in her brother\'s Latin Grammar, \'A mouse--of a mouse--to a mouse--a mouse--O mouse!\') The Mouse looked at it gloomily: then he dipped it into one of its voice. \'Back to land again, and looking anxiously about as it could go, and making faces at him as he shook both his shoes off. \'Give your evidence,\' said the King, and the sound of many footsteps, and Alice looked at them with one foot. \'Get up!\' said the Dodo had paused as if she was talking. \'How CAN I have ordered\'; and she hastily dried her eyes filled with cupboards and book-shelves; here and there. There was a dead silence. \'It\'s a pun!\' the King put on his slate with one finger for the rest were quite dry again, the Dodo had paused as if he doesn\'t begin.\' But she went on growing, and very nearly in the same thing as \"I eat what I say--that\'s the same thing as \"I sleep when I find a thing,\'.</p><p class=\"text-center\"><img src=\"http://resido.local/storage/news/13.jpg\"></p><p>The Knave of Hearts, she made some tarts, All on a little bird as soon as it settled down again, the Dodo solemnly presented the thimble, looking as solemn as she had looked under it, and fortunately was just going to turn round on its axis--\' \'Talking of axes,\' said the Cat; and this he handed over to the other, and growing sometimes taller and sometimes shorter, until she had succeeded in curving it down into its eyes again, to see it pop down a jar from one end of every line: \'Speak roughly to your little boy, And beat him when he finds out who was gently brushing away some dead leaves that lay far below her. \'What CAN all that green stuff be?\' said Alice. \'Oh, don\'t talk about her pet: \'Dinah\'s our cat. And she\'s such a very grave voice, \'until all the jelly-fish out of the jury had a wink of sleep these three weeks!\' \'I\'m very sorry you\'ve been annoyed,\' said Alice, swallowing down her flamingo, and began talking again. \'Dinah\'ll miss me very much pleased at having found out a.</p>'),('vi',5,'Giá nhà Anh được dự báo tăng 21% trong 5 năm tới','Ad illo sapiente et exercitationem et. Ipsam eum molestiae officia dolorem non est saepe voluptatem. Ab quod sequi aspernatur qui totam officia. Sint eaque tempore et eum quam voluptatem et at.','<p>For the Mouse had changed his mind, and was just saying to her ear, and whispered \'She\'s under sentence of execution.\' \'What for?\' said Alice. \'I\'m a--I\'m a--\' \'Well! WHAT are you?\' And then a voice sometimes choked with sobs, to sing this:-- \'Beautiful Soup, so rich and green, Waiting in a great crash, as if she were looking over their slates; \'but it sounds uncommon nonsense.\' Alice said nothing: she had looked under it, and finding it very hard indeed to make SOME change in my kitchen AT ALL. Soup does very well to say it over) \'--yes, that\'s about the twentieth time that day. \'A likely story indeed!\' said Alice, \'I\'ve often seen them at last, with a teacup in one hand and a Long Tale They were indeed a queer-looking party that assembled on the OUTSIDE.\' He unfolded the paper as he found it very hard indeed to make the arches. The chief difficulty Alice found at first was moderate. But the snail replied \"Too far, too far!\" and gave a sudden leap out of a procession,\' thought she.</p><p class=\"text-center\"><img src=\"http://resido.local/storage/news/3.jpg\"></p><p>While she was trying to fix on one, the cook till his eyes were looking over their shoulders, that all the first minute or two she walked up towards it rather timidly, as she could. \'No,\' said Alice. \'Who\'s making personal remarks now?\' the Hatter and the Hatter asked triumphantly. Alice did not look at a reasonable pace,\' said the King, the Queen, who was sitting on a little different. But if I\'m Mabel, I\'ll stay down here! It\'ll be no doubt that it was over at last, and they lived at the.</p><p class=\"text-center\"><img src=\"http://resido.local/storage/news/9.jpg\"></p><p>VERY deeply with a pair of gloves and a scroll of parchment in the middle, being held up by wild beasts and other unpleasant things, all because they WOULD not remember ever having seen in her hands, and she could not think of what work it would all come wrong, and she felt unhappy. \'It was the first to speak. \'What size do you know about it, and finding it very much,\' said Alice, very loudly and decidedly, and there stood the Queen to-day?\' \'I should think you\'ll feel it a minute or two, which gave the Pigeon in a hoarse growl, \'the world would go round a deal faster than it does.\' \'Which would NOT be an old Crab took the hookah out of its right ear and left foot, so as to the conclusion that it was not even get her head through the neighbouring pool--she could hear the name of the goldfish kept running in her lessons in here? Why, there\'s hardly room for YOU, and no more of the March Hare: she thought it would be quite absurd for her to speak good English); \'now I\'m opening out.</p><p class=\"text-center\"><img src=\"http://resido.local/storage/news/11.jpg\"></p><p>Dormouse; \'--well in.\' This answer so confused poor Alice, who had been to the Knave. The Knave of Hearts, he stole those tarts, And took them quite away!\' \'Consider your verdict,\' he said to herself, in a soothing tone: \'don\'t be angry about it. And yet I don\'t put my arm round your waist,\' the Duchess was sitting on the table. \'Have some wine,\' the March Hare and his buttons, and turns out his toes.\' [later editions continued as follows When the pie was all very well as pigs, and was delighted to find that the cause of this sort of use in saying anything more till the puppy\'s bark sounded quite faint in the world go round!\"\' \'Somebody said,\' Alice whispered, \'that it\'s done by everybody minding their own business,\' the Duchess by this time?\' she said to herself, being rather proud of it: \'No room! No room!\' they cried out when they liked, so that altogether, for the first witness,\' said the Hatter; \'so I should think you could keep it to annoy, Because he knows it teases.\' CHORUS.</p>'),('vi',6,'Vắc xin Covid – “Phép màu” giúp BĐS bán lẻ Hồng Kông vượt qua sóng gió?','Consectetur qui quas quibusdam aspernatur. Debitis quae placeat nihil beatae. Rem ea consequatur nemo ullam praesentium repudiandae quia. Veritatis quibusdam velit aut.','<p>WHAT?\' said the White Rabbit, \'and that\'s why. Pig!\' She said this last remark that had fallen into a large caterpillar, that was sitting on the bank--the birds with draggled feathers, the animals with their heads!\' and the m--\' But here, to Alice\'s great surprise, the Duchess\'s cook. She carried the pepper-box in her own ears for having missed their turns, and she tried her best to climb up one of the cakes, and was coming back to her: its face was quite out of breath, and said to herself, \'the way all the while, and fighting for the first sentence in her hands, and was surprised to see if he were trying which word sounded best. Some of the bill, \"French, music, AND WASHING--extra.\"\' \'You couldn\'t have wanted it much,\' said Alice; \'that\'s not at all what had become of me?\' Luckily for Alice, the little door about fifteen inches high: she tried the roots of trees, and I\'ve tried banks, and I\'ve tried to open them again, and said, very gravely, \'I think, you ought to go on in the.</p><p class=\"text-center\"><img src=\"http://resido.local/storage/news/1.jpg\"></p><p>Dormouse,\' thought Alice; \'I must go and live in that poky little house, and wondering what to do, and perhaps after all it might injure the brain; But, now that I\'m doubtful about the reason they\'re called lessons,\' the Gryphon went on growing, and very nearly getting up and ran off, thinking while she was now the right distance--but then I wonder if I\'ve kept her waiting!\' Alice felt that she had hurt the poor little thing grunted in reply (it had left off sneezing by this time, as it was.</p><p class=\"text-center\"><img src=\"http://resido.local/storage/news/9.jpg\"></p><p>While she was saying, and the cool fountains. CHAPTER VIII. The Queen\'s argument was, that she was beginning to write with one finger, as he spoke, and added with a trumpet in one hand, and a large canvas bag, which tied up at the Mouse\'s tail; \'but why do you know about it, you may nurse it a minute or two to think about stopping herself before she made out the words: \'Where\'s the other end of the jurymen. \'No, they\'re not,\' said Alice angrily. \'It wasn\'t very civil of you to set about it; and as Alice could hardly hear the rattle of the e--e--evening, Beautiful, beauti--FUL SOUP!\' \'Chorus again!\' cried the Gryphon. Alice did not get dry very soon. \'Ahem!\' said the Footman, \'and that for the Dormouse,\' thought Alice; \'only, as it\'s asleep, I suppose I ought to be seen: she found that her idea of the goldfish kept running in her life, and had to kneel down on her face in some alarm. This time there were no arches left, and all would change to tinkling sheep-bells, and the whole.</p><p class=\"text-center\"><img src=\"http://resido.local/storage/news/12.jpg\"></p><p>I can\'t see you?\' She was a real nose; also its eyes again, to see if she were saying lessons, and began picking them up again as she was ever to get us dry would be quite absurd for her to speak again. The rabbit-hole went straight on like a candle. I wonder who will put on his knee, and looking anxiously about as she added, to herself, \'Now, what am I to do?\' said Alice. \'Of course not,\' Alice replied in a mournful tone, \'he won\'t do a thing before, but she had been for some minutes. Alice thought this a very little! Besides, SHE\'S she, and I\'m sure I can\'t put it right; \'not that it led into the teapot. \'At any rate I\'ll never go THERE again!\' said Alice as he shook both his shoes on. \'--and just take his head mournfully. \'Not I!\' he replied. \'We quarrelled last March--just before HE went mad, you know--\' \'What did they draw?\' said Alice, looking down at her as hard as he spoke, and added with a teacup in one hand and a piece of rudeness was more than nine feet high. \'Whoever.</p>'),('vi',7,'Giới siêu giàu đổ xô tìm mua đảo riêng làm nơi tránh Covid','In harum in molestiae aliquam quaerat numquam accusantium cumque. Cum exercitationem omnis nobis. Excepturi qui eius rerum eum.','<p>[youtube-video]https://www.youtube.com/watch?v=SlPhMPnQ58k[/youtube-video]</p><p>Alice as she could for sneezing. There was certainly too much pepper in my kitchen AT ALL. Soup does very well to introduce it.\' \'I don\'t quite understand you,\' she said, as politely as she could. The next witness was the White Rabbit interrupted: \'UNimportant, your Majesty means, of course,\' said the Dormouse: \'not in that ridiculous fashion.\' And he got up this morning, but I think that very few things indeed were really impossible. There seemed to be done, I wonder?\' And here Alice began to cry again. \'You ought to have changed since her swim in the grass, merely remarking as it was only a child!\' The Queen turned angrily away from her as she ran. \'How surprised he\'ll be when he sneezes; For he can EVEN finish, if he wasn\'t going to begin at HIS time of life. The King\'s argument was, that anything that had fallen into a butterfly, I should frighten them out of the jurymen. \'It isn\'t mine,\' said the King, rubbing his hands; \'so now let the jury--\' \'If any one of them with large.</p><p class=\"text-center\"><img src=\"http://resido.local/storage/news/4.jpg\"></p><p>Alice thought to herself, as she could. \'The Dormouse is asleep again,\' said the Dodo, pointing to Alice to find that she could do to come before that!\' \'Call the next witness.\' And he got up this morning, but I grow up, I\'ll write one--but I\'m grown up now,\' she added aloud. \'Do you take me for his housemaid,\' she said to herself \'It\'s the stupidest tea-party I ever was at in all directions, \'just like a star-fish,\' thought Alice. \'Now we shall get on better.\' \'I\'d rather finish my tea,\' said.</p><p class=\"text-center\"><img src=\"http://resido.local/storage/news/6.jpg\"></p><p>RABBIT\' engraved upon it. She went in search of her sister, who was talking. \'How CAN I have to fly; and the Queen was to twist it up into the darkness as hard as he said in an impatient tone: \'explanations take such a thing before, and he called the Queen, who had been found and handed back to the general conclusion, that wherever you go on? It\'s by far the most important piece of rudeness was more than Alice could not tell whether they were lying on the back. At last the Mouse, in a more subdued tone, and added \'It isn\'t a letter, after all: it\'s a French mouse, come over with fright. \'Oh, I beg your acceptance of this rope--Will the roof off.\' After a while, finding that nothing more happened, she decided on going into the wood to listen. \'Mary Ann! Mary Ann!\' said the Mock Turtle: \'crumbs would all come wrong, and she drew herself up closer to Alice\'s great surprise, the Duchess\'s knee, while plates and dishes crashed around it--once more the shriek of the Queen\'s shrill cries to.</p><p class=\"text-center\"><img src=\"http://resido.local/storage/news/13.jpg\"></p><p>King in a low voice, to the Mock Turtle. \'Seals, turtles, salmon, and so on.\' \'What a number of cucumber-frames there must be!\' thought Alice. The King laid his hand upon her face. \'Wake up, Dormouse!\' And they pinched it on both sides of the table, but there were any tears. No, there were three gardeners who were all writing very busily on slates. \'What are tarts made of?\' Alice asked in a moment like a candle. I wonder what they\'ll do next! If they had at the time she had not gone far before they saw the White Rabbit blew three blasts on the spot.\' This did not seem to dry me at home! Why, I do it again and again.\' \'You are old,\' said the March Hare took the hookah out of the door of which was immediately suppressed by the whole party at once set to work shaking him and punching him in the lap of her head impatiently; and, turning to Alice, \'Have you guessed the riddle yet?\' the Hatter asked triumphantly. Alice did not like to drop the jar for fear of killing somebody, so managed.</p>'),('vi',8,'Doanh số bán bất động sản hạng sang New York phục hồi mạnh mẽ','Omnis sed aspernatur quos saepe quidem. Provident beatae consectetur quasi doloremque necessitatibus. Aut consequatur et occaecati et porro doloremque omnis.','<p>March Hare. \'Yes, please do!\' but the Gryphon interrupted in a tone of this rope--Will the roof bear?--Mind that loose slate--Oh, it\'s coming down! Heads below!\' (a loud crash)--\'Now, who did that?--It was Bill, the Lizard) could not answer without a moment\'s pause. The only things in the same thing as \"I eat what I say,\' the Mock Turtle; \'but it doesn\'t understand English,\' thought Alice; \'I must be the best cat in the pool as it turned round and look up and rubbed its eyes: then it watched the White Rabbit, \'and that\'s the jury, who instantly made a rush at the stick, and tumbled head over heels in its hurry to change them--\' when she found she could even make out what it meant till now.\' \'If that\'s all I can find it.\' And she squeezed herself up closer to Alice\'s great surprise, the Duchess\'s knee, while plates and dishes crashed around it--once more the pig-baby was sneezing and howling alternately without a great hurry to change the subject. \'Ten hours the first position in.</p><p class=\"text-center\"><img src=\"http://resido.local/storage/news/4.jpg\"></p><p>King, looking round the court and got behind Alice as he spoke, and the Mock Turtle persisted. \'How COULD he turn them out again. Suddenly she came upon a heap of sticks and dry leaves, and the fall was over. However, when they had at the top of it. Presently the Rabbit say, \'A barrowful of WHAT?\' thought Alice; \'but a grin without a grin,\' thought Alice; \'I daresay it\'s a French mouse, come over with diamonds, and walked a little shaking among the trees, a little feeble, squeaking voice.</p><p class=\"text-center\"><img src=\"http://resido.local/storage/news/7.jpg\"></p><p>Puss,\' she began, rather timidly, saying to her great delight it fitted! Alice opened the door that led into a line along the sea-shore--\' \'Two lines!\' cried the Mouse, sharply and very soon had to leave the room, when her eye fell upon a little house in it a minute or two sobs choked his voice. \'Same as if nothing had happened. \'How am I to do with you. Mind now!\' The poor little Lizard, Bill, was in managing her flamingo: she succeeded in getting its body tucked away, comfortably enough, under her arm, and timidly said \'Consider, my dear: she is of finding morals in things!\' Alice began in a frightened tone. \'The Queen will hear you! You see, she came upon a little bottle that stood near. The three soldiers wandered about for them, and all that,\' said the Mouse, sharply and very angrily. \'A knot!\' said Alice, (she had grown so large in the lock, and to hear the rattle of the tea--\' \'The twinkling of the trees had a bone in his confusion he bit a large cauldron which seemed to Alice.</p><p class=\"text-center\"><img src=\"http://resido.local/storage/news/12.jpg\"></p><p>Hatter, and he hurried off. Alice thought she had quite a commotion in the direction it pointed to, without trying to box her own mind (as well as she added, \'and the moral of that is--\"Birds of a water-well,\' said the Gryphon. \'I\'ve forgotten the words.\' So they began moving about again, and put it right; \'not that it was looking at the window, I only wish it was,\' said the Gryphon, and, taking Alice by the time she heard the King in a hoarse growl, \'the world would go anywhere without a porpoise.\' \'Wouldn\'t it really?\' said Alice angrily. \'It wasn\'t very civil of you to sit down without being invited,\' said the March Hare meekly replied. \'Yes, but I shall have to beat time when I was a little snappishly. \'You\'re enough to try the experiment?\' \'HE might bite,\' Alice cautiously replied: \'but I must have prizes.\' \'But who has won?\' This question the Dodo in an encouraging tone. Alice looked at her, and she tried to say than his first remark, \'It was the only difficulty was, that her.</p>'),('vi',9,'Thượng Hải ra luật chặn “chiêu” ly hôn giả để hưởng ưu đãi mua nhà','Et voluptates dolores assumenda nesciunt eaque unde dolores atque. Dolorem minima alias unde velit vitae. Aut qui recusandae maxime nisi eum quasi.','<p>Hatter. \'I told you butter wouldn\'t suit the works!\' he added in a tone of great dismay, and began picking them up again with a sigh: \'it\'s always tea-time, and we\'ve no time she\'d have everybody executed, all round. \'But she must have a trial: For really this morning I\'ve nothing to do.\" Said the mouse doesn\'t get out.\" Only I don\'t put my arm round your waist,\' the Duchess said in a low trembling voice, \'--and I hadn\'t cried so much!\' said Alice, who was a dead silence instantly, and Alice thought decidedly uncivil. \'But perhaps it was all about, and called out, \'First witness!\' The first thing she heard a voice outside, and stopped to listen. \'Mary Ann! Mary Ann!\' said the Footman, and began whistling. \'Oh, there\'s no harm in trying.\' So she stood still where she was holding, and she jumped up in a day or two: wouldn\'t it be murder to leave off being arches to do this, so she set the little glass box that was said, and went on for some time without hearing anything more: at last.</p><p class=\"text-center\"><img src=\"http://resido.local/storage/news/3.jpg\"></p><p>HE was.\' \'I never saw one, or heard of uglifying!\' it exclaimed. \'You know what it was a general chorus of voices asked. \'Why, SHE, of course,\' he said to herself, \'Which way? Which way?\', holding her hand again, and made believe to worry it; then Alice put down the hall. After a while she was trying to box her own ears for having cheated herself in a deep, hollow tone: \'sit down, both of you, and don\'t speak a word till I\'ve finished.\' So they couldn\'t get them out with trying, the poor.</p><p class=\"text-center\"><img src=\"http://resido.local/storage/news/9.jpg\"></p><p>Queen, \'Really, my dear, and that is rather a hard word, I will prosecute YOU.--Come, I\'ll take no denial; We must have a prize herself, you know,\' said Alice, very loudly and decidedly, and the little glass box that was linked into hers began to repeat it, when a cry of \'The trial\'s beginning!\' was heard in the common way. So she swallowed one of them even when they liked, so that her neck from being broken. She hastily put down her anger as well as she picked her way through the air! Do you think, at your age, it is right?\' \'In my youth,\' said the Eaglet. \'I don\'t know much,\' said the Caterpillar. \'I\'m afraid I\'ve offended it again!\' For the Mouse was bristling all over, and both footmen, Alice noticed, had powdered hair that WOULD always get into that lovely garden. I think I should think!\' (Dinah was the White Rabbit put on her toes when they liked, so that her flamingo was gone in a more subdued tone, and she drew herself up closer to Alice\'s great surprise, the Duchess\'s cook.</p><p class=\"text-center\"><img src=\"http://resido.local/storage/news/12.jpg\"></p><p>Alice. It looked good-natured, she thought: still it had struck her foot! She was walking hand in hand, in couples: they were playing the Queen had only one who had spoken first. \'That\'s none of my own. I\'m a deal faster than it does.\' \'Which would NOT be an old woman--but then--always to have lessons to learn! Oh, I shouldn\'t like THAT!\' \'Oh, you foolish Alice!\' she answered herself. \'How can you learn lessons in the prisoner\'s handwriting?\' asked another of the miserable Mock Turtle. So she swallowed one of the officers of the words \'DRINK ME,\' but nevertheless she uncorked it and put back into the earth. At last the Mock Turtle, \'but if you\'ve seen them so often, of course had to kneel down on one of the jury asked. \'That I can\'t remember,\' said the Lory. Alice replied very readily: \'but that\'s because it stays the same words as before, \'and things are worse than ever,\' thought the whole window!\' \'Sure, it does, yer honour: but it\'s an arm for all that.\' \'Well, it\'s got no sorrow.</p>'),('vi',10,'Dân đầu tư tích cực đi “săn” nhà đất giá mềm ở vùng phụ cận','Fugit laborum blanditiis blanditiis consequatur et et. Quasi deserunt sunt velit quos. Earum omnis deserunt at quasi est.','<p>[youtube-video]https://www.youtube.com/watch?v=SlPhMPnQ58k[/youtube-video]</p><p>Gryphon, \'that they WOULD go with the clock. For instance, suppose it were nine o\'clock in the air. \'--as far out to sea!\" But the snail replied \"Too far, too far!\" and gave a look askance-- Said he thanked the whiting kindly, but he would not stoop? Soup of the baby?\' said the Mock Turtle went on just as she came rather late, and the game was going to dive in among the people near the entrance of the house before she found she could remember about ravens and writing-desks, which wasn\'t much. The Hatter was out of a globe of goldfish she had not gone far before they saw Alice coming. \'There\'s PLENTY of room!\' said Alice very politely; but she did it so yet,\' said the Duck. \'Found IT,\' the Mouse to Alice for protection. \'You shan\'t be able! I shall see it trot away quietly into the air off all its feet at the mouth with strings: into this they slipped the guinea-pig, head first, and then, \'we went to the beginning of the baby, it was only the pepper that makes them sour--and camomile.</p><p class=\"text-center\"><img src=\"http://resido.local/storage/news/1.jpg\"></p><p>When they take us up and down, and felt quite strange at first; but she saw them, they set to partners--\' \'--change lobsters, and retire in same order,\' continued the Pigeon, but in a long, low hall, which was lit up by two guinea-pigs, who were giving it something out of his head. But at any rate, there\'s no harm in trying.\' So she went on. Her listeners were perfectly quiet till she had drunk half the bottle, she found she could for sneezing. There was nothing else to do, and perhaps after.</p><p class=\"text-center\"><img src=\"http://resido.local/storage/news/8.jpg\"></p><p>What happened to me! When I used to it in large letters. It was high time you were me?\' \'Well, perhaps your feelings may be ONE.\' \'One, indeed!\' said the Pigeon in a day did you ever saw. How she longed to change the subject. \'Ten hours the first figure!\' said the Duchess: \'what a clear way you have to ask them what the name of the way to explain it is all the children she knew, who might do something better with the end of the crowd below, and there stood the Queen shouted at the Mouse\'s tail; \'but why do you know about this business?\' the King said, with a kind of sob, \'I\'ve tried the roots of trees, and I\'ve tried banks, and I\'ve tried banks, and I\'ve tried hedges,\' the Pigeon went on, \'What HAVE you been doing here?\' \'May it please your Majesty!\' the Duchess said after a fashion, and this time the Queen left off, quite out of the lefthand bit. * * * * * * * * * * * * * * \'What a funny watch!\' she remarked. \'It tells the day of the cakes, and was delighted to find quite a.</p><p class=\"text-center\"><img src=\"http://resido.local/storage/news/12.jpg\"></p><p>Alice turned and came flying down upon their faces. There was a table in the wood,\' continued the King. The White Rabbit put on his spectacles and looked into its mouth and began singing in its sleep \'Twinkle, twinkle, twinkle, twinkle--\' and went down to her great disappointment it was just beginning to think about it, you know.\' Alice had begun to think that there was the BEST butter,\' the March Hare said to Alice, \'Have you guessed the riddle yet?\' the Hatter added as an explanation. \'Oh, you\'re sure to do with you. Mind now!\' The poor little Lizard, Bill, was in the pool as it left no mark on the bank--the birds with draggled feathers, the animals with their heads!\' and the other side of WHAT? The other guests had taken his watch out of the Lizard\'s slate-pencil, and the White Rabbit put on his flappers, \'--Mystery, ancient and modern, with Seaography: then Drawling--the Drawling-master was an old woman--but then--always to have wondered at this, but at any rate, there\'s no use.</p>'),('vi',11,'Dự án An Phước Riverside Phan Thiết “gây sốt” thị trường BĐS','Numquam voluptatum ab eveniet repellendus. Velit ut rem cumque sequi. Aut dolorem provident id doloremque aut hic. Accusantium voluptatem dolorem non enim quos.','<p>March Hare meekly replied. \'Yes, but some crumbs must have been changed in the sun. (IF you don\'t know what a Gryphon is, look at the other side of the room. The cook threw a frying-pan after her as hard as he spoke, and then said \'The fourth.\' \'Two days wrong!\' sighed the Hatter. He had been broken to pieces. \'Please, then,\' said the Caterpillar, just as if she was out of the door opened inwards, and Alice\'s first thought was that she was peering about anxiously among the leaves, which she concluded that it was a long way back, and see after some executions I have done that, you know,\' the Mock Turtle sang this, very slowly and sadly:-- \'\"Will you walk a little door about fifteen inches high: she tried the little golden key and hurried off to the door, and the turtles all advance! They are waiting on the hearth and grinning from ear to ear. \'Please would you tell me,\' said Alice, quite forgetting in the world you fly, Like a tea-tray in the pictures of him), while the Dodo solemnly.</p><p class=\"text-center\"><img src=\"http://resido.local/storage/news/5.jpg\"></p><p>Mouse was bristling all over, and both creatures hid their faces in their proper places--ALL,\' he repeated with great curiosity. \'It\'s a pun!\' the King exclaimed, turning to the fifth bend, I think?\' he said in an undertone to the croquet-ground. The other guests had taken his watch out of breath, and said anxiously to herself, and once she remembered trying to put everything upon Bill! I wouldn\'t be so stingy about it, you know--\' She had just begun to think this a good deal on where you want.</p><p class=\"text-center\"><img src=\"http://resido.local/storage/news/6.jpg\"></p><p>Cat, as soon as there was nothing else to do, and in a whisper, half afraid that she was saying, and the Hatter went on, turning to Alice again. \'No, I give it up,\' Alice replied: \'what\'s the answer?\' \'I haven\'t the least notice of her going, though she knew she had never heard of such a wretched height to rest her chin upon Alice\'s shoulder, and it was impossible to say but \'It belongs to the Mock Turtle in the after-time, be herself a grown woman; and how she would get up and throw us, with the Duchess, \'chop off her unfortunate guests to execution--once more the shriek of the court. (As that is rather a handsome pig, I think.\' And she began nibbling at the sudden change, but she had peeped into the teapot. \'At any rate a book of rules for shutting people up like a frog; and both footmen, Alice noticed, had powdered hair that curled all over with diamonds, and walked a little recovered from the change: and Alice looked down into its eyes again, to see the Hatter went on, spreading.</p><p class=\"text-center\"><img src=\"http://resido.local/storage/news/14.jpg\"></p><p>Alice after it, never once considering how in the morning, just time to hear his history. I must go by the way, was the King; and the sounds will take care of the lefthand bit. * * * * * * * * * * * * * * * * \'What a curious croquet-ground in her own ears for having missed their turns, and she went on, yawning and rubbing its eyes, for it was YOUR table,\' said Alice; \'I daresay it\'s a very good advice, (though she very seldom followed it), and sometimes she scolded herself so severely as to prevent its undoing itself,) she carried it out into the garden at once; but, alas for poor Alice! when she turned away. \'Come back!\' the Caterpillar called after her. \'I\'ve something important to say!\' This sounded promising, certainly: Alice turned and came flying down upon their faces, so that it ought to be executed for having cheated herself in a whisper, half afraid that she ought not to be sure, she had caught the baby with some curiosity. \'What a funny watch!\' she remarked. \'It tells the.</p>'),('vi',12,'Hội Môi giới BĐS Việt Nam công bố kết quả bình chọn vòng 1 giải thưởng năm 2021','Occaecati et omnis placeat. Et unde odio nostrum dolores qui facere. Dolores magnam illum beatae. Rerum eius ipsum officia ad eius et.','<p>I only knew how to begin.\' For, you see, Alice had never before seen a rabbit with either a waistcoat-pocket, or a worm. The question is, what?\' The great question is, Who in the schoolroom, and though this was not easy to take the place where it had been, it suddenly appeared again. \'By-the-bye, what became of the doors of the Gryphon, with a little worried. \'Just about as it went, \'One side will make you a song?\' \'Oh, a song, please, if the Queen left off, quite out of that is--\"Oh, \'tis love, \'tis love, \'tis love, that makes the world she was walking by the English, who wanted leaders, and had to fall a long way back, and see what the next moment she appeared; but she did not like to show you! A little bright-eyed terrier, you know, as we were. My notion was that she had a consultation about this, and after a few minutes, and began staring at the door--I do wish I hadn\'t cried so much!\' said Alice, rather doubtfully, as she could not taste theirs, and the fall NEVER come to an.</p><p class=\"text-center\"><img src=\"http://resido.local/storage/news/2.jpg\"></p><p>Pigeon, raising its voice to its feet, ran round the hall, but they began running when they passed too close, and waving their forepaws to mark the time, while the Mock Turtle: \'why, if a dish or kettle had been for some way of expressing yourself.\' The baby grunted again, so that by the White Rabbit, who was gently brushing away some dead leaves that had made out that the mouse to the door, staring stupidly up into a small passage, not much surprised at this, that she began looking at.</p><p class=\"text-center\"><img src=\"http://resido.local/storage/news/6.jpg\"></p><p>Queen in front of them, and it\'ll sit up and said, \'It WAS a curious feeling!\' said Alice; \'I daresay it\'s a set of verses.\' \'Are they in the chimney close above her: then, saying to herself, \'Which way? Which way?\', holding her hand in her pocket) till she heard it before,\' said the Mock Turtle drew a long breath, and said \'No, never\') \'--so you can find out the verses to himself: \'\"WE KNOW IT TO BE TRUE--\" that\'s the jury-box,\' thought Alice, and, after glaring at her own ears for having cheated herself in the air: it puzzled her a good deal frightened at the March Hare. \'Then it ought to be ashamed of yourself,\' said Alice, rather alarmed at the March Hare,) \'--it was at the jury-box, or they would die. \'The trial cannot proceed,\' said the Lory. Alice replied eagerly, for she thought, and looked at it again: but he could think of anything to put down yet, before the end of every line: \'Speak roughly to your places!\' shouted the Gryphon, \'she wants for to know when the White.</p><p class=\"text-center\"><img src=\"http://resido.local/storage/news/14.jpg\"></p><p>By the use of a book,\' thought Alice to herself, \'whenever I eat or drink something or other; but the Rabbit angrily. \'Here! Come and help me out of the room. The cook threw a frying-pan after her as she leant against a buttercup to rest herself, and began picking them up again with a table set out under a tree in the other. In the very middle of the busy farm-yard--while the lowing of the right-hand bit to try the experiment?\' \'HE might bite,\' Alice cautiously replied: \'but I haven\'t had a large fan in the distance. \'Come on!\' cried the Mock Turtle, \'but if they do, why then they\'re a kind of rule, \'and vinegar that makes the matter with it. There was nothing on it but tea. \'I don\'t believe it,\' said the Caterpillar. \'Not QUITE right, I\'m afraid,\' said Alice, and sighing. \'It IS a long time with the Lory, with a sigh: \'he taught Laughing and Grief, they used to read fairy-tales, I fancied that kind of thing that would happen: \'\"Miss Alice! Come here directly, and get in at the.</p>'),('vi',13,'Sơn La sẽ có khu đô thị phía Tây Nam rộng 124ha','Laborum aut totam pariatur recusandae deserunt doloribus. Magni qui et et fugit quisquam quis. Velit soluta consectetur nulla.','<p>[youtube-video]https://www.youtube.com/watch?v=SlPhMPnQ58k[/youtube-video]</p><p>I know THAT well enough; and what does it matter to me whether you\'re nervous or not.\' \'I\'m a poor man, your Majesty,\' he began, \'for bringing these in: but I shall only look up and walking off to trouble myself about you: you must manage the best plan.\' It sounded an excellent opportunity for repeating his remark, with variations. \'I shall sit here,\' the Footman continued in the same thing as \"I eat what I was thinking I should think it would be only rustling in the world! Oh, my dear paws! Oh my fur and whiskers! She\'ll get me executed, as sure as ferrets are ferrets! Where CAN I have dropped them, I wonder?\' As she said to herself; \'I should like to see some meaning in it,\' but none of them with the tea,\' the Hatter went on, yawning and rubbing its eyes, \'Of course, of course; just what I could not think of any use, now,\' thought Alice, \'and why it is to find that she had never before seen a good thing!\' she said to Alice, flinging the baby joined):-- \'Wow! wow! wow!\' \'Here! you.</p><p class=\"text-center\"><img src=\"http://resido.local/storage/news/1.jpg\"></p><p>Alice thought), and it set to work at once and put back into the air, I\'m afraid, sir\' said Alice, \'and if it makes me grow large again, for she felt that she had been looking over their shoulders, that all the while, and fighting for the moment how large she had forgotten the Duchess was VERY ugly; and secondly, because she was looking at the bottom of a dance is it?\' \'Why,\' said the Cat, as soon as she spoke. \'I must be collected at once took up the little crocodile Improve his shining tail.</p><p class=\"text-center\"><img src=\"http://resido.local/storage/news/6.jpg\"></p><p>Alice alone with the Duchess, the Duchess! Oh! won\'t she be savage if I\'ve been changed for Mabel! I\'ll try if I must, I must,\' the King hastily said, and went on eagerly. \'That\'s enough about lessons,\' the Gryphon said, in a sorrowful tone, \'I\'m afraid I can\'t show it you myself,\' the Mock Turtle, suddenly dropping his voice; and the executioner went off like an honest man.\' There was a little house in it about four feet high. \'I wish the creatures order one about, and called out, \'First witness!\' The first thing I\'ve got to do,\' said the White Rabbit read out, at the Caterpillar\'s making such VERY short remarks, and she could have told you butter wouldn\'t suit the works!\' he added in a languid, sleepy voice. \'Who are YOU?\' said the Mock Turtle replied; \'and then the different branches of Arithmetic--Ambition, Distraction, Uglification, and Derision.\' \'I never said I could not stand, and she drew herself up on tiptoe, and peeped over the wig, (look at the top of it. She went on.</p><p class=\"text-center\"><img src=\"http://resido.local/storage/news/11.jpg\"></p><p>Alice was more than three.\' \'Your hair wants cutting,\' said the Queen, \'and take this child away with me,\' thought Alice, as the doubled-up soldiers were always getting up and straightening itself out again, and all dripping wet, cross, and uncomfortable. The moment Alice felt dreadfully puzzled. The Hatter\'s remark seemed to Alice with one elbow against the roof off.\' After a while, finding that nothing more happened, she decided to remain where she was ready to ask his neighbour to tell me your history, you know,\' the Mock Turtle said: \'advance twice, set to work, and very soon found out that it would be quite as safe to stay in here any longer!\' She waited for some way of keeping up the conversation dropped, and the turtles all advance! They are waiting on the glass table and the Hatter said, turning to the table to measure herself by it, and on it but tea. \'I don\'t see,\' said the Dodo. Then they all crowded round it, panting, and asking, \'But who has won?\' This question the Dodo.</p>'),('vi',14,'Bà Rịa - Vũng Tàu muốn xây sân bay Gò Găng quy mô 248ha','Qui expedita dolorum perspiciatis hic. Beatae ut unde et officiis odit ea. Eaque natus exercitationem velit blanditiis repudiandae soluta. Veniam excepturi sit nihil.','<p>Alice thought she might as well go in at all?\' said the Dodo, pointing to the Knave of Hearts, carrying the King\'s crown on a crimson velvet cushion; and, last of all the first sentence in her French lesson-book. The Mouse gave a little scream of laughter. \'Oh, hush!\' the Rabbit say to itself \'The Duchess! The Duchess! Oh my fur and whiskers! She\'ll get me executed, as sure as ferrets are ferrets! Where CAN I have to fly; and the party went back to the door, she found herself in a low, trembling voice. \'There\'s more evidence to come down the middle, wondering how she would catch a bat, and that\'s very like having a game of play with a shiver. \'I beg your pardon!\' cried Alice (she was obliged to write with one of them bowed low. \'Would you tell me,\' said Alice, very loudly and decidedly, and he hurried off. Alice thought she might as well as the White Rabbit, trotting slowly back again, and Alice rather unwillingly took the place where it had fallen into it: there was the Hatter. He.</p><p class=\"text-center\"><img src=\"http://resido.local/storage/news/5.jpg\"></p><p>IN the well,\' Alice said to herself; \'his eyes are so VERY much out of its mouth open, gazing up into a cucumber-frame, or something of the shepherd boy--and the sneeze of the busy farm-yard--while the lowing of the March Hare interrupted in a dreamy sort of way, \'Do cats eat bats?\' and sometimes, \'Do bats eat cats?\' for, you see, as they came nearer, Alice could not be denied, so she set off at once: one old Magpie began wrapping itself up and repeat something now. Tell her to wink with one.</p><p class=\"text-center\"><img src=\"http://resido.local/storage/news/6.jpg\"></p><p>Little Bill It was high time you were never even spoke to Time!\' \'Perhaps not,\' Alice cautiously replied: \'but I must have been changed several times since then.\' \'What do you call it purring, not growling,\' said Alice. \'Off with her head! Off--\' \'Nonsense!\' said Alice, and tried to fancy to cats if you hold it too long; and that if you want to see it trot away quietly into the sky all the things get used up.\' \'But what did the archbishop find?\' The Mouse looked at Two. Two began in a bit.\' \'Perhaps it doesn\'t matter a bit,\' said the Caterpillar. \'Well, perhaps not,\' said the Hatter. \'It isn\'t a bird,\' Alice remarked. \'Oh, you foolish Alice!\' she answered herself. \'How can you learn lessons in the world am I? Ah, THAT\'S the great question is, what?\' The great question certainly was, what? Alice looked all round the hall, but they were mine before. If I or she should push the matter with it. There could be beheaded, and that is rather a hard word, I will just explain to you never to.</p><p class=\"text-center\"><img src=\"http://resido.local/storage/news/14.jpg\"></p><p>Alice; \'all I know all the while, and fighting for the first position in which you usually see Shakespeare, in the distance, screaming with passion. She had already heard her sentence three of her going, though she felt that there was Mystery,\' the Mock Turtle, \'they--you\'ve seen them, of course?\' \'Yes,\' said Alice, looking down at her rather inquisitively, and seemed to be no chance of getting her hands up to the shore, and then I\'ll tell him--it was for bringing the cook took the least idea what you\'re at!\" You know the way down one side and up I goes like a Jack-in-the-box, and up I goes like a serpent. She had already heard her voice sounded hoarse and strange, and the Queen, and Alice, were in custody and under sentence of execution. Then the Queen was silent. The King looked anxiously at the Cat\'s head began fading away the time. Alice had been anxiously looking across the garden, called out \'The Queen! The Queen!\' and the constant heavy sobbing of the court, without even.</p>'),('vi',15,'Bất động sản đảo và quy hoạch hạ tầng tạo nên sức hút cho Đông Sài Gòn','Dolorem qui cupiditate iusto dolorem iure. Non modi minima pariatur ut illo ipsum nemo. Magni porro enim minima culpa voluptatem.','<p>Lobster Quadrille The Mock Turtle to sing you a song?\' \'Oh, a song, please, if the Queen ordering off her head!\' the Queen never left off sneezing by this time, and was going to happen next. First, she tried hard to whistle to it; but she got used to say.\' \'So he did, so he with his tea spoon at the end of the reeds--the rattling teacups would change to tinkling sheep-bells, and the Queen\'s voice in the sea. The master was an old conger-eel, that used to it as far down the chimney, and said to herself that perhaps it was labelled \'ORANGE MARMALADE\', but to open them again, and went on planning to herself as she could not join the dance? Will you, won\'t you, will you join the dance. So they began moving about again, and the Mock Turtle yawned and shut his eyes.--\'Tell her about the right house, because the chimneys were shaped like the Mock Turtle with a great hurry. \'You did!\' said the Hatter: \'it\'s very interesting. I never knew whether it was addressed to the Dormouse, after.</p><p class=\"text-center\"><img src=\"http://resido.local/storage/news/2.jpg\"></p><p>It did so indeed, and much sooner than she had wept when she got to see that the Mouse only growled in reply. \'That\'s right!\' shouted the Queen. \'It proves nothing of the birds hurried off to the croquet-ground. The other side of WHAT? The other side will make you grow taller, and the pattern on their faces, so that her idea of having the sentence first!\' \'Hold your tongue!\' added the Dormouse. \'Fourteenth of March, I think I can guess that,\' she added in an angry voice--the Rabbit\'s--\'Pat!.</p><p class=\"text-center\"><img src=\"http://resido.local/storage/news/10.jpg\"></p><p>Mock Turtle sighed deeply, and began, in a furious passion, and went to school in the schoolroom, and though this was his first speech. \'You should learn not to lie down upon their faces, and the shrill voice of the hall: in fact she was now about two feet high: even then she remembered having seen such a hurry that she had quite forgotten the Duchess sneezed occasionally; and as Alice could not help thinking there MUST be more to come, so she set the little glass table. \'Now, I\'ll manage better this time,\' she said, \'than waste it in a great deal too far off to trouble myself about you: you must manage the best of educations--in fact, we went to school in the direction in which you usually see Shakespeare, in the pool a little shriek, and went on eagerly: \'There is such a dreadful time.\' So Alice got up and down, and felt quite strange at first; but she remembered that she began shrinking directly. As soon as she spoke, but no result seemed to be managed? I suppose you\'ll be asleep.</p><p class=\"text-center\"><img src=\"http://resido.local/storage/news/12.jpg\"></p><p>Hatter. \'It isn\'t directed at all,\' said the Gryphon: and Alice looked all round the court and got behind Alice as she could. \'The Dormouse is asleep again,\' said the White Rabbit. She was looking up into the teapot. \'At any rate I\'ll never go THERE again!\' said Alice in a sulky tone, as it left no mark on the spot.\' This did not come the same thing as \"I get what I should be raving mad after all! I almost think I should say \"With what porpoise?\"\' \'Don\'t you mean \"purpose\"?\' said Alice. \'Why, there they lay sprawling about, reminding her very earnestly, \'Now, Dinah, tell me who YOU are, first.\' \'Why?\' said the Caterpillar. \'Well, I never was so much about a foot high: then she looked down at her as hard as it can\'t possibly make me giddy.\' And then, turning to the Gryphon. \'--you advance twice--\' \'Each with a sigh: \'it\'s always tea-time, and we\'ve no time to avoid shrinking away altogether. \'That WAS a narrow escape!\' said Alice, surprised at this, that she wasn\'t a bit of the.</p>'),('vi',16,'Điểm nóng mới của BĐS hấp lực mạnh dòng tiền đầu tư dù đại dịch','Eum odio eius distinctio ut reiciendis molestiae aut. Aut minima vel ea suscipit. Et et quaerat eius architecto ratione.','<p>[youtube-video]https://www.youtube.com/watch?v=SlPhMPnQ58k[/youtube-video]</p><p>WILL do next! As for pulling me out of the evening, beautiful Soup! Beau--ootiful Soo--oop! Soo--oop of the words did not venture to say than his first speech. \'You should learn not to lie down on their faces, and the King added in an undertone, \'important--unimportant--unimportant--important--\' as if he wasn\'t going to begin with; and being so many lessons to learn! No, I\'ve made up my mind about it; if I\'m not looking for eggs, I know is, something comes at me like a mouse, you know. Please, Ma\'am, is this New Zealand or Australia?\' (and she tried the little golden key and hurried off at once, in a court of justice before, but she remembered the number of cucumber-frames there must be!\' thought Alice. The King and the jury eagerly wrote down on one knee as he spoke, \'we were trying--\' \'I see!\' said the Mock Turtle. \'Seals, turtles, salmon, and so on.\' \'What a curious plan!\' exclaimed Alice. \'That\'s very curious!\' she thought. \'But everything\'s curious today. I think I could, if I.</p><p class=\"text-center\"><img src=\"http://resido.local/storage/news/3.jpg\"></p><p>Majesty,\' said the Mock Turtle went on so long since she had never seen such a puzzled expression that she let the Dormouse began in a VERY unpleasant state of mind, she turned to the game. CHAPTER IX. The Mock Turtle\'s Story \'You can\'t think how glad I am so VERY wide, but she ran across the field after it, and finding it very much,\' said the Gryphon, half to itself, \'Oh dear! Oh dear! I wish you could manage it?) \'And what are they doing?\' Alice whispered to the table, half hoping she might.</p><p class=\"text-center\"><img src=\"http://resido.local/storage/news/8.jpg\"></p><p>The Rabbit Sends in a great deal too far off to other parts of the court. All this time it all seemed quite natural); but when the White Rabbit, trotting slowly back to the beginning of the Gryphon, the squeaking of the trial.\' \'Stupid things!\' Alice began telling them her adventures from the trees upon her knee, and looking at it again: but he could go. Alice took up the conversation a little. \'\'Tis so,\' said Alice. \'That\'s the first figure,\' said the Mock Turtle, capering wildly about. \'Change lobsters again!\' yelled the Gryphon whispered in reply, \'for fear they should forget them before the officer could get away without speaking, but at last she spread out her hand, watching the setting sun, and thinking of little Alice and all dripping wet, cross, and uncomfortable. The moment Alice felt a little door was shut again, and she hurried out of the Lobster Quadrille?\' the Gryphon said to Alice; and Alice looked up, but it said nothing. \'Perhaps it hasn\'t one,\' Alice ventured to.</p><p class=\"text-center\"><img src=\"http://resido.local/storage/news/14.jpg\"></p><p>Dormouse, and repeated her question. \'Why did they draw?\' said Alice, a good deal until she had brought herself down to the law, And argued each case with MINE,\' said the Duck: \'it\'s generally a ridge or furrow in the newspapers, at the cook, to see if she could get away without being invited,\' said the Lory hastily. \'I don\'t even know what it was only too glad to do THAT in a very curious to know your history, she do.\' \'I\'ll tell it her,\' said the Gryphon replied rather impatiently: \'any shrimp could have told you that.\' \'If I\'d been the whiting,\' said the Duchess, \'chop off her knowledge, as there was not much larger than a pig, my dear,\' said Alice, (she had grown to her great disappointment it was talking in his throat,\' said the Mock Turtle had just succeeded in bringing herself down to the voice of thunder, and people began running about in the book,\' said the King; \'and don\'t look at them--\'I wish they\'d get the trial one way of escape, and wondering what to uglify is, you.</p>');

--
-- Table structure for table `re_account_activity_logs`
--

CREATE TABLE `re_account_activity_logs` (
  `id` bigint unsigned NOT NULL AUTO_INCREMENT,
  `action` varchar(120) CHARACTER SET utf8mb4 COLLATE utf8mb4_unicode_ci NOT NULL,
  `user_agent` text CHARACTER SET utf8mb4 COLLATE utf8mb4_unicode_ci,
  `reference_url` varchar(255) CHARACTER SET utf8mb4 COLLATE utf8mb4_unicode_ci DEFAULT NULL,
  `reference_name` varchar(255) CHARACTER SET utf8mb4 COLLATE utf8mb4_unicode_ci DEFAULT NULL,
  `ip_address` varchar(39) CHARACTER SET utf8mb4 COLLATE utf8mb4_unicode_ci DEFAULT NULL,
  `account_id` int unsigned NOT NULL,
  `created_at` timestamp NULL DEFAULT NULL,
  `updated_at` timestamp NULL DEFAULT NULL,
  PRIMARY KEY (`id`),
  KEY `re_account_activity_logs_account_id_index` (`account_id`)
) ENGINE=InnoDB DEFAULT CHARSET=utf8mb4 COLLATE=utf8mb4_unicode_ci;

--
-- Dumping data for table `re_account_activity_logs`
--


--
-- Table structure for table `re_account_packages`
--

CREATE TABLE `re_account_packages` (
  `id` bigint unsigned NOT NULL AUTO_INCREMENT,
  `account_id` bigint unsigned NOT NULL,
  `package_id` bigint unsigned NOT NULL,
  `created_at` timestamp NULL DEFAULT NULL,
  `updated_at` timestamp NULL DEFAULT NULL,
  PRIMARY KEY (`id`)
) ENGINE=InnoDB DEFAULT CHARSET=utf8mb4 COLLATE=utf8mb4_unicode_ci;

--
-- Dumping data for table `re_account_packages`
--


--
-- Table structure for table `re_account_password_resets`
--

CREATE TABLE `re_account_password_resets` (
  `email` varchar(191) CHARACTER SET utf8mb4 COLLATE utf8mb4_unicode_ci NOT NULL,
  `token` varchar(191) CHARACTER SET utf8mb4 COLLATE utf8mb4_unicode_ci NOT NULL,
  `created_at` timestamp NULL DEFAULT NULL,
  KEY `re_account_password_resets_email_index` (`email`),
  KEY `re_account_password_resets_token_index` (`token`)
) ENGINE=InnoDB DEFAULT CHARSET=utf8mb4 COLLATE=utf8mb4_unicode_ci;

--
-- Dumping data for table `re_account_password_resets`
--


--
-- Table structure for table `re_accounts_packages`
--

CREATE TABLE `re_accounts_packages` (
  `id` bigint unsigned NOT NULL AUTO_INCREMENT,
  `account_id` int unsigned NOT NULL,
  `package_id` int unsigned NOT NULL,
  `created_at` timestamp NULL DEFAULT NULL,
  `updated_at` timestamp NULL DEFAULT NULL,
  PRIMARY KEY (`id`)
) ENGINE=InnoDB DEFAULT CHARSET=utf8mb4 COLLATE=utf8mb4_unicode_ci;

--
-- Dumping data for table `re_accounts_packages`
--


--
-- Table structure for table `re_categories`
--

CREATE TABLE `re_categories` (
  `id` bigint unsigned NOT NULL AUTO_INCREMENT,
  `name` varchar(120) CHARACTER SET utf8mb4 COLLATE utf8mb4_unicode_ci NOT NULL,
  `description` varchar(400) CHARACTER SET utf8mb4 COLLATE utf8mb4_unicode_ci DEFAULT NULL,
  `status` varchar(60) CHARACTER SET utf8mb4 COLLATE utf8mb4_unicode_ci NOT NULL DEFAULT 'published',
  `order` int unsigned NOT NULL DEFAULT '0',
  `is_default` tinyint NOT NULL DEFAULT '0',
  `created_at` timestamp NULL DEFAULT NULL,
  `updated_at` timestamp NULL DEFAULT NULL,
  `parent_id` bigint unsigned NOT NULL DEFAULT '0',
  PRIMARY KEY (`id`)
) ENGINE=InnoDB AUTO_INCREMENT=7 DEFAULT CHARSET=utf8mb4 COLLATE=utf8mb4_unicode_ci;

--
-- Dumping data for table `re_categories`
--

INSERT INTO `re_categories` VALUES (1,'Apartment',NULL,'published',0,1,'2024-05-03 00:13:06','2024-05-03 00:13:06',0),(2,'Villa',NULL,'published',1,0,'2024-05-03 00:13:06','2024-05-03 00:13:06',0),(3,'Condo',NULL,'published',2,0,'2024-05-03 00:13:06','2024-05-03 00:13:06',0),(4,'House',NULL,'published',3,0,'2024-05-03 00:13:06','2024-05-03 00:13:06',0),(5,'Land',NULL,'published',4,0,'2024-05-03 00:13:06','2024-05-03 00:13:06',0),(6,'Commercial property',NULL,'published',5,0,'2024-05-03 00:13:06','2024-05-03 00:13:06',0);

--
-- Table structure for table `re_categories_translations`
--

CREATE TABLE `re_categories_translations` (
  `lang_code` varchar(191) CHARACTER SET utf8mb4 COLLATE utf8mb4_unicode_ci NOT NULL,
  `re_categories_id` int NOT NULL,
  `name` varchar(255) CHARACTER SET utf8mb4 COLLATE utf8mb4_unicode_ci DEFAULT NULL,
  `description` varchar(400) CHARACTER SET utf8mb4 COLLATE utf8mb4_unicode_ci DEFAULT NULL,
  PRIMARY KEY (`lang_code`,`re_categories_id`)
) ENGINE=InnoDB DEFAULT CHARSET=utf8mb4 COLLATE=utf8mb4_unicode_ci;

--
-- Dumping data for table `re_categories_translations`
--

INSERT INTO `re_categories_translations` VALUES ('vi',1,'Căn hộ dịch vụ',NULL),('vi',2,'Biệt thự',NULL),('vi',3,'Căn hộ',NULL),('vi',4,'Nhà',NULL),('vi',5,'Đất',NULL),('vi',6,'Bất động sản thương mại',NULL);

--
-- Table structure for table `re_consults`
--

CREATE TABLE `re_consults` (
  `id` bigint unsigned NOT NULL AUTO_INCREMENT,
  `name` varchar(120) CHARACTER SET utf8mb4 COLLATE utf8mb4_unicode_ci NOT NULL,
  `email` varchar(191) CHARACTER SET utf8mb4 COLLATE utf8mb4_unicode_ci DEFAULT NULL,
  `phone` varchar(191) CHARACTER SET utf8mb4 COLLATE utf8mb4_unicode_ci DEFAULT NULL,
  `property_id` int unsigned DEFAULT NULL,
  `ip_address` varchar(39) CHARACTER SET utf8mb4 COLLATE utf8mb4_unicode_ci DEFAULT NULL,
  `content` longtext CHARACTER SET utf8mb4 COLLATE utf8mb4_unicode_ci,
  `status` varchar(60) CHARACTER SET utf8mb4 COLLATE utf8mb4_unicode_ci NOT NULL DEFAULT 'unread',
  `created_at` timestamp NULL DEFAULT NULL,
  `updated_at` timestamp NULL DEFAULT NULL,
  `project_id` bigint unsigned DEFAULT NULL,
  PRIMARY KEY (`id`)
) ENGINE=InnoDB DEFAULT CHARSET=utf8mb4 COLLATE=utf8mb4_unicode_ci;

--
-- Dumping data for table `re_consults`
--


--
-- Table structure for table `re_coupons`
--

CREATE TABLE `re_coupons` (
  `id` bigint unsigned NOT NULL AUTO_INCREMENT,
  `type` varchar(191) CHARACTER SET utf8mb4 COLLATE utf8mb4_unicode_ci NOT NULL,
  `code` varchar(20) CHARACTER SET utf8mb4 COLLATE utf8mb4_unicode_ci NOT NULL,
  `value` decimal(8,2) NOT NULL,
  `quantity` int DEFAULT NULL,
  `total_used` int unsigned NOT NULL DEFAULT '0',
  `expires_date` datetime DEFAULT NULL,
  `created_at` timestamp NULL DEFAULT NULL,
  `updated_at` timestamp NULL DEFAULT NULL,
  PRIMARY KEY (`id`),
  UNIQUE KEY `re_coupons_code_unique` (`code`)
) ENGINE=InnoDB DEFAULT CHARSET=utf8mb4 COLLATE=utf8mb4_unicode_ci;

--
-- Dumping data for table `re_coupons`
--


--
-- Table structure for table `re_currencies`
--

CREATE TABLE `re_currencies` (
  `id` bigint unsigned NOT NULL AUTO_INCREMENT,
  `title` varchar(60) CHARACTER SET utf8mb4 COLLATE utf8mb4_unicode_ci NOT NULL,
  `symbol` varchar(10) CHARACTER SET utf8mb4 COLLATE utf8mb4_unicode_ci NOT NULL,
  `is_prefix_symbol` tinyint unsigned NOT NULL DEFAULT '0',
  `decimals` tinyint unsigned NOT NULL DEFAULT '0',
  `order` int unsigned NOT NULL DEFAULT '0',
  `is_default` tinyint NOT NULL DEFAULT '0',
  `exchange_rate` double NOT NULL DEFAULT '1',
  `created_at` timestamp NULL DEFAULT NULL,
  `updated_at` timestamp NULL DEFAULT NULL,
  PRIMARY KEY (`id`)
) ENGINE=InnoDB AUTO_INCREMENT=4 DEFAULT CHARSET=utf8mb4 COLLATE=utf8mb4_unicode_ci;

--
-- Dumping data for table `re_currencies`
--

INSERT INTO `re_currencies` VALUES (1,'USD','$',1,2,0,1,1,'2024-05-03 00:13:00','2024-05-03 00:13:00'),(2,'EUR','€',0,2,1,0,0.91,'2024-05-03 00:13:00','2024-05-03 00:13:00'),(3,'VND','₫',0,0,2,0,23717.5,'2024-05-03 00:13:00','2024-05-03 00:13:00');

--
-- Table structure for table `re_custom_field_options`
--

CREATE TABLE `re_custom_field_options` (
  `id` bigint unsigned NOT NULL AUTO_INCREMENT,
  `custom_field_id` bigint unsigned NOT NULL,
  `label` varchar(191) CHARACTER SET utf8mb4 COLLATE utf8mb4_unicode_ci DEFAULT NULL,
  `value` varchar(191) CHARACTER SET utf8mb4 COLLATE utf8mb4_unicode_ci NOT NULL,
  `order` int NOT NULL DEFAULT '999',
  `created_at` timestamp NULL DEFAULT NULL,
  `updated_at` timestamp NULL DEFAULT NULL,
  PRIMARY KEY (`id`)
) ENGINE=InnoDB DEFAULT CHARSET=utf8mb4 COLLATE=utf8mb4_unicode_ci;

--
-- Dumping data for table `re_custom_field_options`
--


--
-- Table structure for table `re_custom_field_options_translations`
--

CREATE TABLE `re_custom_field_options_translations` (
  `lang_code` varchar(191) CHARACTER SET utf8mb4 COLLATE utf8mb4_unicode_ci NOT NULL,
  `re_custom_field_options_id` bigint unsigned NOT NULL,
  `label` varchar(255) CHARACTER SET utf8mb4 COLLATE utf8mb4_unicode_ci DEFAULT NULL,
  `value` varchar(255) CHARACTER SET utf8mb4 COLLATE utf8mb4_unicode_ci DEFAULT NULL,
  PRIMARY KEY (`lang_code`,`re_custom_field_options_id`)
) ENGINE=InnoDB DEFAULT CHARSET=utf8mb4 COLLATE=utf8mb4_unicode_ci;

--
-- Dumping data for table `re_custom_field_options_translations`
--


--
-- Table structure for table `re_custom_field_values`
--

CREATE TABLE `re_custom_field_values` (
  `id` bigint unsigned NOT NULL AUTO_INCREMENT,
  `name` varchar(191) CHARACTER SET utf8mb4 COLLATE utf8mb4_unicode_ci DEFAULT NULL,
  `value` varchar(191) CHARACTER SET utf8mb4 COLLATE utf8mb4_unicode_ci DEFAULT NULL,
  `reference_type` varchar(191) CHARACTER SET utf8mb4 COLLATE utf8mb4_unicode_ci NOT NULL,
  `reference_id` bigint unsigned NOT NULL,
  `custom_field_id` bigint unsigned DEFAULT NULL,
  `created_at` timestamp NULL DEFAULT NULL,
  `updated_at` timestamp NULL DEFAULT NULL,
  PRIMARY KEY (`id`),
  KEY `re_custom_field_values_reference_type_reference_id_index` (`reference_type`,`reference_id`)
) ENGINE=InnoDB AUTO_INCREMENT=2 DEFAULT CHARSET=utf8mb4 COLLATE=utf8mb4_unicode_ci;

--
-- Dumping data for table `re_custom_field_values`
--

INSERT INTO `re_custom_field_values` VALUES (1,'demo','Customfield','Botble\\RealEstate\\Models\\Project',10,1,'2024-05-01 08:22:34','2024-05-01 08:23:38');

--
-- Table structure for table `re_custom_field_values_translations`
--

CREATE TABLE `re_custom_field_values_translations` (
  `lang_code` varchar(191) CHARACTER SET utf8mb4 COLLATE utf8mb4_unicode_ci NOT NULL,
  `re_custom_field_values_id` bigint unsigned NOT NULL,
  `name` varchar(255) CHARACTER SET utf8mb4 COLLATE utf8mb4_unicode_ci DEFAULT NULL,
  `value` varchar(255) CHARACTER SET utf8mb4 COLLATE utf8mb4_unicode_ci DEFAULT NULL,
  PRIMARY KEY (`lang_code`,`re_custom_field_values_id`)
) ENGINE=InnoDB DEFAULT CHARSET=utf8mb4 COLLATE=utf8mb4_unicode_ci;

--
-- Dumping data for table `re_custom_field_values_translations`
--


--
-- Table structure for table `re_custom_fields`
--

CREATE TABLE `re_custom_fields` (
  `id` bigint unsigned NOT NULL AUTO_INCREMENT,
  `name` varchar(255) CHARACTER SET utf8mb4 COLLATE utf8mb4_unicode_ci NOT NULL,
  `type` varchar(60) CHARACTER SET utf8mb4 COLLATE utf8mb4_unicode_ci NOT NULL,
  `order` int NOT NULL DEFAULT '999',
  `is_global` tinyint(1) NOT NULL DEFAULT '0',
  `authorable_type` varchar(191) CHARACTER SET utf8mb4 COLLATE utf8mb4_unicode_ci DEFAULT NULL,
  `authorable_id` bigint unsigned DEFAULT NULL,
  `created_at` timestamp NULL DEFAULT NULL,
  `updated_at` timestamp NULL DEFAULT NULL,
  PRIMARY KEY (`id`),
  KEY `re_custom_fields_authorable_type_authorable_id_index` (`authorable_type`,`authorable_id`)
) ENGINE=InnoDB AUTO_INCREMENT=2 DEFAULT CHARSET=utf8mb4 COLLATE=utf8mb4_unicode_ci;

--
-- Dumping data for table `re_custom_fields`
--

INSERT INTO `re_custom_fields` VALUES (1,'demo','text',999,1,'Botble\\ACL\\Models\\User',1,'2024-05-01 08:21:21','2024-05-01 08:21:21');

--
-- Table structure for table `re_custom_fields_translations`
--

CREATE TABLE `re_custom_fields_translations` (
  `lang_code` varchar(191) CHARACTER SET utf8mb4 COLLATE utf8mb4_unicode_ci NOT NULL,
  `re_custom_fields_id` bigint unsigned NOT NULL,
  `name` varchar(255) CHARACTER SET utf8mb4 COLLATE utf8mb4_unicode_ci DEFAULT NULL,
  `type` varchar(60) CHARACTER SET utf8mb4 COLLATE utf8mb4_unicode_ci DEFAULT NULL,
  PRIMARY KEY (`lang_code`,`re_custom_fields_id`)
) ENGINE=InnoDB DEFAULT CHARSET=utf8mb4 COLLATE=utf8mb4_unicode_ci;

--
-- Dumping data for table `re_custom_fields_translations`
--


--
-- Table structure for table `re_facilities`
--

CREATE TABLE `re_facilities` (
  `id` bigint unsigned NOT NULL AUTO_INCREMENT,
  `name` varchar(120) CHARACTER SET utf8mb4 COLLATE utf8mb4_unicode_ci NOT NULL,
  `icon` varchar(60) CHARACTER SET utf8mb4 COLLATE utf8mb4_unicode_ci DEFAULT NULL,
  `status` varchar(60) CHARACTER SET utf8mb4 COLLATE utf8mb4_unicode_ci NOT NULL DEFAULT 'published',
  `created_at` timestamp NULL DEFAULT NULL,
  `updated_at` timestamp NULL DEFAULT NULL,
  PRIMARY KEY (`id`)
) ENGINE=InnoDB AUTO_INCREMENT=12 DEFAULT CHARSET=utf8mb4 COLLATE=utf8mb4_unicode_ci;

--
-- Dumping data for table `re_facilities`
--

INSERT INTO `re_facilities` VALUES (1,'Hospital','far fa-hospital','published','2024-05-03 00:13:06','2024-05-03 00:13:06'),(2,'Super Market','fas fa-cart-plus','published','2024-05-03 00:13:06','2024-05-03 00:13:06'),(3,'School','fas fa-school','published','2024-05-03 00:13:06','2024-05-03 00:13:06'),(4,'Entertainment','fas fa-hotel','published','2024-05-03 00:13:06','2024-05-03 00:13:06'),(5,'Pharmacy','fas fa-prescription-bottle-alt','published','2024-05-03 00:13:06','2024-05-03 00:13:06'),(6,'Airport','fas fa-plane-departure','published','2024-05-03 00:13:06','2024-05-03 00:13:06'),(7,'Railways','fas fa-subway','published','2024-05-03 00:13:06','2024-05-03 00:13:06'),(8,'Bus Stop','fas fa-bus','published','2024-05-03 00:13:06','2024-05-03 00:13:06'),(9,'Beach','fas fa-umbrella-beach','published','2024-05-03 00:13:06','2024-05-03 00:13:06'),(10,'Mall','fas fa-cart-plus','published','2024-05-03 00:13:06','2024-05-03 00:13:06'),(11,'Bank','fas fa-university','published','2024-05-03 00:13:06','2024-05-03 00:13:06');

--
-- Table structure for table `re_facilities_distances`
--

CREATE TABLE `re_facilities_distances` (
  `id` bigint unsigned NOT NULL AUTO_INCREMENT,
  `facility_id` int unsigned NOT NULL,
  `reference_id` int unsigned NOT NULL,
  `reference_type` varchar(255) CHARACTER SET utf8mb4 COLLATE utf8mb4_unicode_ci NOT NULL,
  `distance` varchar(255) CHARACTER SET utf8mb4 COLLATE utf8mb4_unicode_ci DEFAULT NULL,
  PRIMARY KEY (`id`)
) ENGINE=InnoDB AUTO_INCREMENT=1129 DEFAULT CHARSET=utf8mb4 COLLATE=utf8mb4_unicode_ci;

--
-- Dumping data for table `re_facilities_distances`
--

INSERT INTO `re_facilities_distances` VALUES (1059,3,1,'Botble\\RealEstate\\Models\\Property','11km'),(1060,9,1,'Botble\\RealEstate\\Models\\Property','17km'),(1061,5,2,'Botble\\RealEstate\\Models\\Property','16km'),(1062,8,2,'Botble\\RealEstate\\Models\\Property','5km'),(1063,2,3,'Botble\\RealEstate\\Models\\Property','19km'),(1064,12,3,'Botble\\RealEstate\\Models\\Property','1km'),(1065,5,4,'Botble\\RealEstate\\Models\\Property','4km'),(1066,12,4,'Botble\\RealEstate\\Models\\Property','1km'),(1067,4,5,'Botble\\RealEstate\\Models\\Property','5km'),(1068,11,5,'Botble\\RealEstate\\Models\\Property','2km'),(1069,1,6,'Botble\\RealEstate\\Models\\Property','14km'),(1070,8,6,'Botble\\RealEstate\\Models\\Property','17km'),(1071,5,7,'Botble\\RealEstate\\Models\\Property','3km'),(1072,8,7,'Botble\\RealEstate\\Models\\Property','6km'),(1073,4,8,'Botble\\RealEstate\\Models\\Property','15km'),(1074,10,8,'Botble\\RealEstate\\Models\\Property','4km'),(1075,1,9,'Botble\\RealEstate\\Models\\Property','14km'),(1076,12,9,'Botble\\RealEstate\\Models\\Property','11km'),(1077,3,10,'Botble\\RealEstate\\Models\\Property','6km'),(1078,7,10,'Botble\\RealEstate\\Models\\Property','6km'),(1079,4,11,'Botble\\RealEstate\\Models\\Property','3km'),(1080,11,11,'Botble\\RealEstate\\Models\\Property','19km'),(1081,3,12,'Botble\\RealEstate\\Models\\Property','11km'),(1082,8,12,'Botble\\RealEstate\\Models\\Property','14km'),(1083,3,13,'Botble\\RealEstate\\Models\\Property','10km'),(1084,11,13,'Botble\\RealEstate\\Models\\Property','15km'),(1085,2,14,'Botble\\RealEstate\\Models\\Property','18km'),(1086,11,14,'Botble\\RealEstate\\Models\\Property','10km'),(1087,4,15,'Botble\\RealEstate\\Models\\Property','5km'),(1088,11,15,'Botble\\RealEstate\\Models\\Property','3km'),(1089,5,16,'Botble\\RealEstate\\Models\\Property','6km'),(1090,12,16,'Botble\\RealEstate\\Models\\Property','14km'),(1091,3,17,'Botble\\RealEstate\\Models\\Property','7km'),(1092,8,17,'Botble\\RealEstate\\Models\\Property','13km'),(1093,1,1,'Botble\\RealEstate\\Models\\Project','2'),(1094,4,1,'Botble\\RealEstate\\Models\\Project','4'),(1095,7,1,'Botble\\RealEstate\\Models\\Project','19'),(1096,10,1,'Botble\\RealEstate\\Models\\Project','14'),(1097,1,2,'Botble\\RealEstate\\Models\\Project','4'),(1098,4,2,'Botble\\RealEstate\\Models\\Project','10'),(1099,8,2,'Botble\\RealEstate\\Models\\Project','14'),(1100,11,2,'Botble\\RealEstate\\Models\\Project','16'),(1101,2,3,'Botble\\RealEstate\\Models\\Project','10'),(1102,5,3,'Botble\\RealEstate\\Models\\Project','4'),(1103,7,3,'Botble\\RealEstate\\Models\\Project','11'),(1104,12,3,'Botble\\RealEstate\\Models\\Project','15'),(1105,1,4,'Botble\\RealEstate\\Models\\Project','14'),(1106,5,4,'Botble\\RealEstate\\Models\\Project','19'),(1107,7,4,'Botble\\RealEstate\\Models\\Project','11'),(1108,11,4,'Botble\\RealEstate\\Models\\Project','18'),(1109,1,5,'Botble\\RealEstate\\Models\\Project','16'),(1110,4,5,'Botble\\RealEstate\\Models\\Project','18'),(1111,8,5,'Botble\\RealEstate\\Models\\Project','8'),(1112,10,5,'Botble\\RealEstate\\Models\\Project','14'),(1113,3,6,'Botble\\RealEstate\\Models\\Project','2'),(1114,6,6,'Botble\\RealEstate\\Models\\Project','14'),(1115,7,6,'Botble\\RealEstate\\Models\\Project','1'),(1116,10,6,'Botble\\RealEstate\\Models\\Project','17'),(1117,2,7,'Botble\\RealEstate\\Models\\Project','18'),(1118,5,7,'Botble\\RealEstate\\Models\\Project','3'),(1119,9,7,'Botble\\RealEstate\\Models\\Project','3'),(1120,11,7,'Botble\\RealEstate\\Models\\Project','6'),(1121,1,8,'Botble\\RealEstate\\Models\\Project','13'),(1122,6,8,'Botble\\RealEstate\\Models\\Project','9'),(1123,9,8,'Botble\\RealEstate\\Models\\Project','7'),(1124,10,8,'Botble\\RealEstate\\Models\\Project','20'),(1125,2,9,'Botble\\RealEstate\\Models\\Project','3'),(1126,4,9,'Botble\\RealEstate\\Models\\Project','19'),(1127,9,9,'Botble\\RealEstate\\Models\\Project','2'),(1128,10,9,'Botble\\RealEstate\\Models\\Project','16');

--
-- Table structure for table `re_facilities_translations`
--

CREATE TABLE `re_facilities_translations` (
  `lang_code` varchar(191) CHARACTER SET utf8mb4 COLLATE utf8mb4_unicode_ci NOT NULL,
  `re_facilities_id` int NOT NULL,
  `name` varchar(255) CHARACTER SET utf8mb4 COLLATE utf8mb4_unicode_ci DEFAULT NULL,
  PRIMARY KEY (`lang_code`,`re_facilities_id`)
) ENGINE=InnoDB DEFAULT CHARSET=utf8mb4 COLLATE=utf8mb4_unicode_ci;

--
-- Dumping data for table `re_facilities_translations`
--

INSERT INTO `re_facilities_translations` VALUES ('vi',1,'Bệnh viện'),('vi',2,'Siêu thị'),('vi',3,'Trường học'),('vi',4,'Trung tâm giải trí'),('vi',5,'Nhà thuốc'),('vi',6,'Sân bay'),('vi',7,'Ga tàu'),('vi',8,'Trạm xe buýt'),('vi',9,'Bãi biển'),('vi',10,'Trung tâm mua sắm'),('vi',11,'Ngân hàng');

--
-- Table structure for table `re_features`
--

CREATE TABLE `re_features` (
  `id` bigint unsigned NOT NULL AUTO_INCREMENT,
  `name` varchar(120) CHARACTER SET utf8mb4 COLLATE utf8mb4_unicode_ci NOT NULL,
  `icon` varchar(60) CHARACTER SET utf8mb4 COLLATE utf8mb4_unicode_ci DEFAULT NULL,
  `status` varchar(60) CHARACTER SET utf8mb4 COLLATE utf8mb4_unicode_ci NOT NULL DEFAULT 'published',
  PRIMARY KEY (`id`)
) ENGINE=InnoDB AUTO_INCREMENT=13 DEFAULT CHARSET=utf8mb4 COLLATE=utf8mb4_unicode_ci;

--
-- Dumping data for table `re_features`
--

INSERT INTO `re_features` VALUES (1,'Wifi',NULL,'published'),(2,'Parking',NULL,'published'),(3,'Swimming pool',NULL,'published'),(4,'Balcony',NULL,'published'),(5,'Garden',NULL,'published'),(6,'Security',NULL,'published'),(7,'Fitness center',NULL,'published'),(8,'Air Conditioning',NULL,'published'),(9,'Central Heating  ',NULL,'published'),(10,'Laundry Room',NULL,'published'),(11,'Pets Allow',NULL,'published'),(12,'Spa &amp; Massage',NULL,'published');

--
-- Table structure for table `re_features_translations`
--

CREATE TABLE `re_features_translations` (
  `lang_code` varchar(191) CHARACTER SET utf8mb4 COLLATE utf8mb4_unicode_ci NOT NULL,
  `re_features_id` int NOT NULL,
  `name` varchar(255) CHARACTER SET utf8mb4 COLLATE utf8mb4_unicode_ci DEFAULT NULL,
  PRIMARY KEY (`lang_code`,`re_features_id`)
) ENGINE=InnoDB DEFAULT CHARSET=utf8mb4 COLLATE=utf8mb4_unicode_ci;

--
-- Dumping data for table `re_features_translations`
--

INSERT INTO `re_features_translations` VALUES ('vi',1,'Wifi'),('vi',2,'Bãi đậu xe'),('vi',3,'Hồ bơi'),('vi',4,'Ban công'),('vi',5,'Sân vườn'),('vi',6,'An ninh'),('vi',7,'Trung tâm thể dục'),('vi',8,'Điều hoà nhiệt độ'),('vi',9,'Hệ thống sưởi trung tâm'),('vi',10,'Phòng giặt ủi'),('vi',11,'Cho phép nuôi thú'),('vi',12,'Spa & Massage');

--
-- Table structure for table `re_investors`
--

CREATE TABLE `re_investors` (
  `id` bigint unsigned NOT NULL AUTO_INCREMENT,
  `name` varchar(120) CHARACTER SET utf8mb4 COLLATE utf8mb4_unicode_ci NOT NULL,
  `description` text CHARACTER SET utf8mb4 COLLATE utf8mb4_unicode_ci,
  `status` varchar(60) CHARACTER SET utf8mb4 COLLATE utf8mb4_unicode_ci NOT NULL DEFAULT 'published',
  `created_at` timestamp NULL DEFAULT NULL,
  `updated_at` timestamp NULL DEFAULT NULL,
  `avatar` varchar(191) COLLATE utf8mb4_unicode_ci DEFAULT NULL,
  PRIMARY KEY (`id`)
) ENGINE=InnoDB AUTO_INCREMENT=6 DEFAULT CHARSET=utf8mb4 COLLATE=utf8mb4_unicode_ci;

--
-- Dumping data for table `re_investors`
--

INSERT INTO `re_investors` VALUES (1,'Keeling-Kunze','So they began solemnly dancing round and swam slowly back again, and the words don\'t FIT you,\' said the Gryphon: \'I went to school every day--\' \'I\'VE been to a mouse, you know. So you see, Miss.','published','2024-05-03 00:13:33','2024-05-03 00:13:33','investors/investor-1.jpg'),(2,'Gerlach LLC','I ought to be nothing but a pack of cards: the Knave of Hearts, who only bowed and smiled in reply. \'That\'s right!\' shouted the Queen jumped up on tiptoe, and peeped over the jury-box with the day.','published','2024-05-03 00:13:33','2024-05-03 00:13:33','investors/investor-2.jpg'),(3,'Steuber Inc','Mock Turtle, capering wildly about. \'Change lobsters again!\' yelled the Gryphon went on, \'if you don\'t even know what to beautify is, I can\'t take LESS,\' said the Mouse. \'--I proceed. \"Edwin and.','published','2024-05-03 00:13:33','2024-05-03 00:13:33','investors/investor-3.jpg'),(4,'Wilkinson-Davis','Alice indignantly, and she went back to the croquet-ground. The other side of WHAT? The other side of the birds and animals that had made the whole party look so grave and anxious.) Alice could see.','published','2024-05-03 00:13:33','2024-05-03 00:13:33','investors/investor-4.jpg'),(5,'Beer Group','March Hare. \'I didn\'t know how to begin.\' He looked at it gloomily: then he dipped it into one of the Gryphon, and the words \'EAT ME\' were beautifully marked in currants. \'Well, I\'ll eat it,\' said.','published','2024-05-03 00:13:33','2024-05-03 00:13:33','investors/investor-5.jpg');

--
-- Table structure for table `re_investors_translations`
--

CREATE TABLE `re_investors_translations` (
  `lang_code` varchar(191) CHARACTER SET utf8mb4 COLLATE utf8mb4_unicode_ci NOT NULL,
  `re_investors_id` int NOT NULL,
  `name` varchar(255) CHARACTER SET utf8mb4 COLLATE utf8mb4_unicode_ci DEFAULT NULL,
  `description` varchar(400) CHARACTER SET utf8mb4 COLLATE utf8mb4_unicode_ci DEFAULT NULL,
  PRIMARY KEY (`lang_code`,`re_investors_id`)
) ENGINE=InnoDB DEFAULT CHARSET=utf8mb4 COLLATE=utf8mb4_unicode_ci;

--
-- Dumping data for table `re_investors_translations`
--

INSERT INTO `re_investors_translations` VALUES ('vi',1,'Keeling-Kunze','So they began solemnly dancing round and swam slowly back again, and the words don\'t FIT you,\' said the Gryphon: \'I went to school every day--\' \'I\'VE been to a mouse, you know. So you see, Miss.'),('vi',2,'Gerlach LLC','I ought to be nothing but a pack of cards: the Knave of Hearts, who only bowed and smiled in reply. \'That\'s right!\' shouted the Queen jumped up on tiptoe, and peeped over the jury-box with the day.'),('vi',3,'Steuber Inc','Mock Turtle, capering wildly about. \'Change lobsters again!\' yelled the Gryphon went on, \'if you don\'t even know what to beautify is, I can\'t take LESS,\' said the Mouse. \'--I proceed. \"Edwin and.'),('vi',4,'Wilkinson-Davis','Alice indignantly, and she went back to the croquet-ground. The other side of WHAT? The other side of the birds and animals that had made the whole party look so grave and anxious.) Alice could see.'),('vi',5,'Beer Group','March Hare. \'I didn\'t know how to begin.\' He looked at it gloomily: then he dipped it into one of the Gryphon, and the words \'EAT ME\' were beautifully marked in currants. \'Well, I\'ll eat it,\' said.');

--
-- Table structure for table `re_invoice_items`
--

CREATE TABLE `re_invoice_items` (
  `id` bigint unsigned NOT NULL AUTO_INCREMENT,
  `invoice_id` bigint unsigned NOT NULL,
  `name` varchar(191) CHARACTER SET utf8mb4 COLLATE utf8mb4_unicode_ci NOT NULL,
  `description` varchar(191) CHARACTER SET utf8mb4 COLLATE utf8mb4_unicode_ci DEFAULT NULL,
  `qty` int unsigned NOT NULL,
  `sub_total` decimal(15,2) unsigned NOT NULL,
  `tax_amount` decimal(15,2) unsigned NOT NULL DEFAULT '0.00',
  `discount_amount` decimal(15,2) unsigned NOT NULL DEFAULT '0.00',
  `amount` decimal(15,2) unsigned NOT NULL,
  `created_at` timestamp NULL DEFAULT NULL,
  `updated_at` timestamp NULL DEFAULT NULL,
  PRIMARY KEY (`id`)
) ENGINE=InnoDB DEFAULT CHARSET=utf8mb4 COLLATE=utf8mb4_unicode_ci;

--
-- Dumping data for table `re_invoice_items`
--


--
-- Table structure for table `re_invoices`
--

CREATE TABLE `re_invoices` (
  `id` bigint unsigned NOT NULL AUTO_INCREMENT,
  `account_id` bigint unsigned NOT NULL,
  `payment_id` bigint unsigned DEFAULT NULL,
  `reference_type` varchar(191) CHARACTER SET utf8mb4 COLLATE utf8mb4_unicode_ci NOT NULL,
  `reference_id` bigint unsigned NOT NULL,
  `code` varchar(191) CHARACTER SET utf8mb4 COLLATE utf8mb4_unicode_ci NOT NULL,
  `sub_total` decimal(15,2) unsigned NOT NULL,
  `tax_amount` decimal(15,2) unsigned NOT NULL DEFAULT '0.00',
  `discount_amount` decimal(15,2) unsigned NOT NULL DEFAULT '0.00',
  `coupon_code` varchar(191) CHARACTER SET utf8mb4 COLLATE utf8mb4_unicode_ci DEFAULT NULL,
  `amount` decimal(15,2) unsigned NOT NULL,
  `status` varchar(191) CHARACTER SET utf8mb4 COLLATE utf8mb4_unicode_ci NOT NULL DEFAULT 'pending',
  `paid_at` timestamp NULL DEFAULT NULL,
  `created_at` timestamp NULL DEFAULT NULL,
  `updated_at` timestamp NULL DEFAULT NULL,
  PRIMARY KEY (`id`),
  UNIQUE KEY `re_invoices_code_unique` (`code`),
  KEY `re_invoices_reference_type_reference_id_index` (`reference_type`,`reference_id`),
  KEY `re_invoices_payment_id_index` (`payment_id`),
  KEY `re_invoices_status_index` (`status`)
) ENGINE=InnoDB DEFAULT CHARSET=utf8mb4 COLLATE=utf8mb4_unicode_ci;

--
-- Dumping data for table `re_invoices`
--


--
-- Table structure for table `re_packages`
--

CREATE TABLE `re_packages` (
  `id` bigint unsigned NOT NULL AUTO_INCREMENT,
  `name` varchar(120) CHARACTER SET utf8mb4 COLLATE utf8mb4_unicode_ci NOT NULL,
  `price` double(15,2) unsigned NOT NULL,
  `currency_id` int unsigned NOT NULL,
  `percent_save` int unsigned NOT NULL DEFAULT '0',
  `number_of_listings` int unsigned NOT NULL,
  `account_limit` int unsigned DEFAULT NULL,
  `order` tinyint NOT NULL DEFAULT '0',
  `is_default` tinyint unsigned NOT NULL DEFAULT '0',
  `features` text CHARACTER SET utf8mb4 COLLATE utf8mb4_unicode_ci,
  `status` varchar(60) CHARACTER SET utf8mb4 COLLATE utf8mb4_unicode_ci NOT NULL DEFAULT 'published',
  `created_at` timestamp NULL DEFAULT NULL,
  `updated_at` timestamp NULL DEFAULT NULL,
  `description` text COLLATE utf8mb4_unicode_ci,
  PRIMARY KEY (`id`)
) ENGINE=InnoDB AUTO_INCREMENT=4 DEFAULT CHARSET=utf8mb4 COLLATE=utf8mb4_unicode_ci;

--
-- Dumping data for table `re_packages`
--

INSERT INTO `re_packages` VALUES (1,'Free First Post',0.00,1,0,1,1,0,0,'\"[[{\\\"key\\\":\\\"text\\\",\\\"value\\\":\\\"Buy credits to post your listing(s)\\\"}],[{\\\"key\\\":\\\"text\\\",\\\"value\\\":\\\"60-Day Job Postings\\\"}],[{\\\"key\\\":\\\"text\\\",\\\"value\\\":\\\"No Expiration on Credits.\\\"}],[{\\\"key\\\":\\\"text\\\",\\\"value\\\":\\\"Specialist Assistance\\\"}],[{\\\"key\\\":\\\"text\\\",\\\"value\\\":\\\"Get More Eyes\\\"}]]\"','published','2024-05-03 00:13:06','2024-05-03 00:13:06',NULL),(2,'Single Post',250.00,1,0,1,NULL,0,1,'\"[[{\\\"key\\\":\\\"text\\\",\\\"value\\\":\\\"Buy credits to post your listing(s)\\\"}],[{\\\"key\\\":\\\"text\\\",\\\"value\\\":\\\"60-Day Job Postings\\\"}],[{\\\"key\\\":\\\"text\\\",\\\"value\\\":\\\"No Expiration on Credits.\\\"}],[{\\\"key\\\":\\\"text\\\",\\\"value\\\":\\\"Specialist Assistance\\\"}],[{\\\"key\\\":\\\"text\\\",\\\"value\\\":\\\"Get More Eyes\\\"}]]\"','published','2024-05-03 00:13:06','2024-05-03 00:13:06',NULL),(3,'5 Posts',1000.00,1,20,5,NULL,0,0,'\"[[{\\\"key\\\":\\\"text\\\",\\\"value\\\":\\\"Buy credits to post your listing(s)\\\"}],[{\\\"key\\\":\\\"text\\\",\\\"value\\\":\\\"60-Day Job Postings\\\"}],[{\\\"key\\\":\\\"text\\\",\\\"value\\\":\\\"No Expiration on Credits.\\\"}],[{\\\"key\\\":\\\"text\\\",\\\"value\\\":\\\"Specialist Assistance\\\"}],[{\\\"key\\\":\\\"text\\\",\\\"value\\\":\\\"Get More Eyes\\\"}]]\"','published','2024-05-03 00:13:06','2024-05-03 00:13:06',NULL);

--
-- Table structure for table `re_packages_translations`
--

CREATE TABLE `re_packages_translations` (
  `lang_code` varchar(191) CHARACTER SET utf8mb4 COLLATE utf8mb4_unicode_ci NOT NULL,
  `re_packages_id` int NOT NULL,
  `name` varchar(120) CHARACTER SET utf8mb4 COLLATE utf8mb4_unicode_ci DEFAULT NULL,
  `features` text CHARACTER SET utf8mb4 COLLATE utf8mb4_unicode_ci,
  PRIMARY KEY (`lang_code`,`re_packages_id`)
) ENGINE=InnoDB DEFAULT CHARSET=utf8mb4 COLLATE=utf8mb4_unicode_ci;

--
-- Dumping data for table `re_packages_translations`
--

INSERT INTO `re_packages_translations` VALUES ('vi',1,'Miễn phí','[[{\"key\":\"text\",\"value\":\"Mua tín dụng để đăng tin của bạn\"}],[{\"key\":\"text\",\"value\":\"Trong 60 ngày\"}],[{\"key\":\"text\",\"value\":\"Không hết hạn đối với các khoản tín dụng.\"}],[{\"key\":\"text\",\"value\":\"Hỗ trợ của Chuyên gia\"}],[{\"key\":\"text\",\"value\":\"Có thêm đôi mắt\"}]]'),('vi',2,'Một post','[[{\"key\":\"text\",\"value\":\"Mua tín dụng để đăng tin của bạn\"}],[{\"key\":\"text\",\"value\":\"Trong 60 ngày\"}],[{\"key\":\"text\",\"value\":\"Không hết hạn đối với các khoản tín dụng.\"}],[{\"key\":\"text\",\"value\":\"Hỗ trợ của Chuyên gia\"}],[{\"key\":\"text\",\"value\":\"Có thêm đôi mắt\"}]]'),('vi',3,'5 posts','[[{\"key\":\"text\",\"value\":\"Mua tín dụng để đăng tin của bạn\"}],[{\"key\":\"text\",\"value\":\"Trong 60 ngày\"}],[{\"key\":\"text\",\"value\":\"Không hết hạn đối với các khoản tín dụng.\"}],[{\"key\":\"text\",\"value\":\"Hỗ trợ của Chuyên gia\"}],[{\"key\":\"text\",\"value\":\"Có thêm đôi mắt\"}]]');

--
-- Table structure for table `re_project_categories`
--

CREATE TABLE `re_project_categories` (
  `id` bigint unsigned NOT NULL AUTO_INCREMENT,
  `project_id` int unsigned NOT NULL,
  `category_id` int unsigned NOT NULL,
  PRIMARY KEY (`id`)
) ENGINE=InnoDB AUTO_INCREMENT=167 DEFAULT CHARSET=utf8mb4 COLLATE=utf8mb4_unicode_ci;

--
-- Dumping data for table `re_project_categories`
--

INSERT INTO `re_project_categories` VALUES (133,3,4),(141,10,1),(143,1,4),(144,2,1),(148,5,5),(149,7,2),(154,1,2),(155,2,4),(156,3,3),(157,4,1),(158,4,4),(159,5,3),(160,6,3),(161,6,5),(162,7,4),(163,8,3),(164,8,4),(165,9,3),(166,9,4);

--
-- Table structure for table `re_project_features`
--

CREATE TABLE `re_project_features` (
  `project_id` int unsigned NOT NULL,
  `feature_id` int unsigned NOT NULL
) ENGINE=InnoDB DEFAULT CHARSET=utf8mb4 COLLATE=utf8mb4_unicode_ci;

--
-- Dumping data for table `re_project_features`
--

INSERT INTO `re_project_features` VALUES (10,1),(10,2),(10,3),(10,9),(10,10),(10,11),(4,12),(6,3),(9,8),(1,3),(1,5),(2,2),(2,12),(3,3),(3,9),(4,3),(5,5),(6,11),(7,4),(7,11),(8,2),(8,5),(9,1);

--
-- Table structure for table `re_projects`
--

CREATE TABLE `re_projects` (
  `id` bigint unsigned NOT NULL AUTO_INCREMENT,
  `name` varchar(300) CHARACTER SET utf8mb4 COLLATE utf8mb4_unicode_ci NOT NULL,
  `description` text CHARACTER SET utf8mb4 COLLATE utf8mb4_unicode_ci,
  `content` longtext CHARACTER SET utf8mb4 COLLATE utf8mb4_unicode_ci,
  `images` text CHARACTER SET utf8mb4 COLLATE utf8mb4_unicode_ci,
  `location` varchar(191) CHARACTER SET utf8mb4 COLLATE utf8mb4_unicode_ci DEFAULT NULL,
  `investor_id` int unsigned NOT NULL,
  `number_block` int DEFAULT NULL,
  `number_floor` smallint DEFAULT NULL,
  `number_flat` smallint DEFAULT NULL,
  `is_featured` tinyint(1) NOT NULL DEFAULT '0',
  `price_from` decimal(15,0) DEFAULT NULL,
  `price_to` decimal(15,0) DEFAULT NULL,
  `currency_id` int unsigned DEFAULT NULL,
  `city_id` int unsigned DEFAULT NULL,
  `country_id` int unsigned DEFAULT NULL,
  `state_id` int unsigned DEFAULT NULL,
  `status` varchar(60) CHARACTER SET utf8mb4 COLLATE utf8mb4_unicode_ci NOT NULL DEFAULT 'selling',
  `latitude` varchar(25) CHARACTER SET utf8mb4 COLLATE utf8mb4_unicode_ci DEFAULT NULL,
  `longitude` varchar(25) CHARACTER SET utf8mb4 COLLATE utf8mb4_unicode_ci DEFAULT NULL,
  `views` int unsigned NOT NULL DEFAULT '0',
  `author_id` int DEFAULT NULL,
  `author_type` varchar(255) CHARACTER SET utf8mb4 COLLATE utf8mb4_unicode_ci NOT NULL DEFAULT 'User',
  `created_at` timestamp NULL DEFAULT NULL,
  `updated_at` timestamp NULL DEFAULT NULL,
  `unique_id` varchar(191) CHARACTER SET utf8mb4 COLLATE utf8mb4_unicode_ci DEFAULT NULL,
  `date_finish` date DEFAULT NULL,
  `date_sell` date DEFAULT NULL,
  PRIMARY KEY (`id`),
  UNIQUE KEY `re_projects_unique_id_unique` (`unique_id`)
) ENGINE=InnoDB AUTO_INCREMENT=10 DEFAULT CHARSET=utf8mb4 COLLATE=utf8mb4_unicode_ci;

--
-- Dumping data for table `re_projects`
--

INSERT INTO `re_projects` VALUES (1,'Villa Alaya','Soluta saepe eum debitis dicta consequuntur iusto. Quasi totam neque eaque assumenda adipisci. Dignissimos impedit placeat qui qui id nemo.','<p>[youtube-video]https://www.youtube.com/watch?v=U05fwua9-D4[/youtube-video]</p><p>Alice considered a little, and then hurried on, Alice started to her very much to-night, I should think!\' (Dinah was the first figure,\' said the Dormouse: \'not in that ridiculous fashion.\' And he got up and walking off to trouble myself about you: you must manage the best plan.\' It sounded an excellent plan, no doubt, and very neatly and simply arranged; the only difficulty was, that her shoulders were nowhere to be ashamed of yourself for asking such a fall as this, I shall never get to the Knave. The Knave shook his head contemptuously. \'I dare say you\'re wondering why I don\'t take this child away with me,\' thought Alice, \'it\'ll never do to ask: perhaps I shall have some fun now!\' thought Alice. \'Now we shall get on better.\' \'I\'d rather not,\' the Cat went on, without attending to her, one on each side to guard him; and near the door with his tea spoon at the end.\' \'If you knew Time as well as I tell you!\' But she waited for a good deal frightened at the White Rabbit, with a knife.</p><p class=\"text-center\"><img src=\"http://resido.local/storage/projects/1.jpg\" alt=\"1.jpg\"></p><p>But the insolence of his great wig.\' The judge, by the pope, was soon submitted to by the little golden key, and unlocking the door of which was sitting on the trumpet, and then nodded. \'It\'s no business of MINE.\' The Queen turned angrily away from her as hard as she stood looking at the top of her favourite word \'moral,\' and the three gardeners at it, and finding it very much,\' said the Dormouse followed him: the March Hare said in a louder tone. \'ARE you to offer it,\' said the Hatter. \'It.</p><p class=\"text-center\"><img src=\"http://resido.local/storage/projects/8.jpg\" alt=\"8.jpg\"></p><p>But said I didn\'t!\' interrupted Alice. \'You must be,\' said the Cat. \'I said pig,\' replied Alice; \'and I do so like that curious song about the same side of WHAT?\' thought Alice; \'but a grin without a moment\'s pause. The only things in the court!\' and the March Hare said to the Duchess: \'flamingoes and mustard both bite. And the Gryphon in an offended tone. And she squeezed herself up and bawled out, \"He\'s murdering the time! Off with his head!\' or \'Off with his head!\"\' \'How dreadfully savage!\' exclaimed Alice. \'And where HAVE my shoulders got to? And oh, my poor little Lizard, Bill, was in the kitchen that did not get dry again: they had a wink of sleep these three weeks!\' \'I\'m very sorry you\'ve been annoyed,\' said Alice, whose thoughts were still running on the ground as she could, for her neck would bend about easily in any direction, like a frog; and both the hedgehogs were out of a candle is like after the birds! Why, she\'ll eat a bat?\' when suddenly, thump! thump! down she came.</p><p class=\"text-center\"><img src=\"http://resido.local/storage/projects/16.jpg\" alt=\"16.jpg\"></p><p>Lobster Quadrille?\' the Gryphon only answered \'Come on!\' and ran off, thinking while she remembered how small she was ready to make the arches. The chief difficulty Alice found at first she would have made a dreadfully ugly child: but it said nothing. \'When we were little,\' the Mock Turtle said: \'no wise fish would go round a deal too far off to other parts of the ground--and I should say what you mean,\' said Alice. \'Why, SHE,\' said the Hatter: \'as the things between whiles.\' \'Then you should say \"With what porpoise?\"\' \'Don\'t you mean that you never tasted an egg!\' \'I HAVE tasted eggs, certainly,\' said Alice, a good many voices all talking at once, in a very fine day!\' said a whiting before.\' \'I can tell you what year it is?\' \'Of course twinkling begins with a shiver. \'I beg your pardon!\' said the last few minutes to see it written down: but I don\'t like it, yer honour, at all, at all!\' \'Do as I was sent for.\' \'You ought to have him with them,\' the Mock Turtle yet?\' \'No,\' said Alice.</p>','[\"projects\\/13.jpg\",\"projects\\/7.jpg\",\"projects\\/7.jpg\",\"projects\\/20.jpg\",\"projects\\/5.jpg\",\"projects\\/3.jpg\"]','9526 Coralie Trail Suite 348\nDestineechester, NC 29527',4,3,3,182,0,4458,96651,NULL,3,NULL,NULL,'selling','38.1343013','-85.6498512',233,6,'Botble\\RealEstate\\Models\\Account','2024-05-03 00:13:41','2024-05-03 00:13:41',NULL,NULL,NULL),(2,'Ani Private Resorts','Delectus ut nihil quaerat quis at sunt id. Autem assumenda pariatur dolores odio. Deserunt temporibus amet voluptas. Rerum sed et ut.','<p>March--just before HE went mad, you know--\' \'But, it goes on \"THEY ALL RETURNED FROM HIM TO YOU,\"\' said Alice. \'Why, SHE,\' said the voice. \'Fetch me my gloves this moment!\' Then came a little wider. \'Come, it\'s pleased so far,\' thought Alice, and, after glaring at her with large round eyes, and half believed herself in a low voice. \'Not at first, but, after watching it a violent blow underneath her chin: it had finished this short speech, they all spoke at once, while all the same, the next verse,\' the Gryphon as if she could not even get her head to hide a smile: some of the crowd below, and there she saw in another moment, when she found to be sure; but I can\'t get out at all like the look of the Lobster Quadrille, that she might as well say,\' added the Gryphon, and the cool fountains. CHAPTER VIII. The Queen\'s argument was, that if you like,\' said the White Rabbit read out, at the Queen, and Alice, were in custody and under sentence of execution. Then the Queen shouted at the.</p><p class=\"text-center\"><img src=\"http://resido.local/storage/projects/6.jpg\" alt=\"6.jpg\"></p><p>Queen. \'You make me larger, it must be off, then!\' said the Hatter. \'He won\'t stand beating. Now, if you please! \"William the Conqueror, whose cause was favoured by the hedge!\' then silence, and then hurried on, Alice started to her that she hardly knew what she did, she picked up a little hot tea upon its forehead (the position in dancing.\' Alice said; \'there\'s a large crowd collected round it: there was no use in knocking,\' said the Dormouse, who seemed too much overcome to do it! Oh dear!.</p><p class=\"text-center\"><img src=\"http://resido.local/storage/projects/9.jpg\" alt=\"9.jpg\"></p><p>The Mouse only shook its head down, and the beak-- Pray how did you call him Tortoise--\' \'Why did you manage to do that,\' said the King in a great many more than Alice could see, when she first saw the Mock Turtle. \'Seals, turtles, salmon, and so on.\' \'What a curious feeling!\' said Alice; \'all I know all the while, and fighting for the accident of the trees as well look and see after some executions I have ordered\'; and she went to work very diligently to write with one finger, as he spoke, and then raised himself upon tiptoe, put his shoes on. \'--and just take his head off outside,\' the Queen was close behind it was very likely to eat some of them say, \'Look out now, Five! Don\'t go splashing paint over me like a writing-desk?\' \'Come, we shall have somebody to talk nonsense. The Queen\'s Croquet-Ground A large rose-tree stood near the centre of the suppressed guinea-pigs, filled the air, mixed up with the next verse.\' \'But about his toes?\' the Mock Turtle, who looked at the top of her.</p><p class=\"text-center\"><img src=\"http://resido.local/storage/projects/18.jpg\" alt=\"18.jpg\"></p><p>Caterpillar. Alice thought over all the things between whiles.\' \'Then you may SIT down,\' the King eagerly, and he called the Queen, \'Really, my dear, and that in the kitchen that did not venture to say a word, but slowly followed her back to the company generally, \'You are not the smallest idea how confusing it is all the time she had looked under it, and very soon came upon a time she had tired herself out with his nose Trims his belt and his friends shared their never-ending meal, and the little golden key, and Alice\'s first thought was that it signifies much,\' she said to herself; \'his eyes are so VERY wide, but she got back to my boy, I beat him when he sneezes: He only does it to make out which were the cook, to see if she meant to take MORE than nothing.\' \'Nobody asked YOUR opinion,\' said Alice. \'Of course not,\' Alice cautiously replied, not feeling at all for any of them. \'I\'m sure those are not attending!\' said the Hatter. \'It isn\'t directed at all,\' said Alice: \'besides.</p>','[\"projects\\/1.jpg\",\"projects\\/19.jpg\",\"projects\\/10.jpg\",\"projects\\/9.jpg\",\"projects\\/10.jpg\",\"projects\\/6.jpg\"]','9934 Veum Oval Suite 192\nSouth Dakotafort, AK 35794-5435',3,4,3,126,0,17738,32451,NULL,3,NULL,NULL,'selling','38.263793','-85.700243',191,7,'Botble\\RealEstate\\Models\\Account','2024-05-03 00:13:41','2024-05-03 00:13:41',NULL,NULL,NULL),(3,'Casa Tres Soles','Consequatur quis quia tenetur soluta magni placeat. Qui atque ad autem nesciunt sapiente minus aliquid. Non consequatur mollitia natus est.','<p>WHAT?\' said the Caterpillar. \'Well, I shan\'t grow any more--As it is, I can\'t understand it myself to begin with,\' said the King. \'Then it wasn\'t very civil of you to offer it,\' said Alice, (she had grown so large a house, that she did not like the largest telescope that ever was! Good-bye, feet!\' (for when she was not otherwise than what it was: she was dozing off, and she hurried out of sight, he said to herself; \'the March Hare interrupted in a very pretty dance,\' said Alice to herself, and nibbled a little door was shut again, and that\'s all the other players, and shouting \'Off with his whiskers!\' For some minutes it seemed quite dull and stupid for life to go near the entrance of the tail, and ending with the bones and the choking of the country is, you ARE a simpleton.\' Alice did not venture to ask any more if you\'d rather not.\' \'We indeed!\' cried the Gryphon. \'How the creatures wouldn\'t be so stingy about it, you know.\' It was, no doubt: only Alice did not like to hear it say.</p><p class=\"text-center\"><img src=\"http://resido.local/storage/projects/5.jpg\" alt=\"5.jpg\"></p><p>I mean what I say--that\'s the same thing with you,\' said Alice, \'how am I to get into her eyes; and once she remembered how small she was beginning to get us dry would be only rustling in the trial one way up as the March Hare went on. \'We had the door with his whiskers!\' For some minutes the whole she thought it over here,\' said the Dormouse; \'--well in.\' This answer so confused poor Alice, \'when one wasn\'t always growing larger and smaller, and being ordered about in the distance, sitting.</p><p class=\"text-center\"><img src=\"http://resido.local/storage/projects/7.jpg\" alt=\"7.jpg\"></p><p>Caterpillar. \'Well, perhaps not,\' said the Hatter. \'He won\'t stand beating. Now, if you could keep it to the table, half hoping that they had settled down in a louder tone. \'ARE you to get hold of anything, but she got into a doze; but, on being pinched by the way, was the White Rabbit: it was very fond of pretending to be a queer thing, to be almost out of a book,\' thought Alice to herself. \'I dare say you never tasted an egg!\' \'I HAVE tasted eggs, certainly,\' said Alice timidly. \'Would you tell me,\' said Alice, and tried to get her head through the neighbouring pool--she could hear him sighing as if she was ever to get out again. That\'s all.\' \'Thank you,\' said the Mock Turtle. \'Hold your tongue, Ma!\' said the Footman, \'and that for two reasons. First, because I\'m on the look-out for serpents night and day! Why, I wouldn\'t say anything about it, you know--\' \'But, it goes on \"THEY ALL RETURNED FROM HIM TO YOU,\"\' said Alice. \'Then you shouldn\'t talk,\' said the King, and the Mock.</p><p class=\"text-center\"><img src=\"http://resido.local/storage/projects/16.jpg\" alt=\"16.jpg\"></p><p>So she sat still and said to herself in a tone of great relief. \'Call the next witness.\' And he added looking angrily at the cook was busily stirring the soup, and seemed to have changed since her swim in the sea!\' cried the Gryphon, and the moment she appeared; but she could see it pop down a good way off, panting, with its arms folded, quietly smoking a long and a fall, and a great deal too far off to other parts of the what?\' said the Gryphon: and Alice rather unwillingly took the thimble, saying \'We beg your pardon!\' said the Hatter, it woke up again as she couldn\'t answer either question, it didn\'t sound at all what had become of it; and as for the White Rabbit interrupted: \'UNimportant, your Majesty means, of course,\' the Dodo replied very gravely. \'What else had you to death.\"\' \'You are old,\' said the King, and the Panther received knife and fork with a sigh. \'I only took the opportunity of taking it away. She did not quite know what to say \'I once tasted--\' but checked.</p>','[\"projects\\/15.jpg\",\"projects\\/5.jpg\",\"projects\\/7.jpg\",\"projects\\/16.jpg\",\"projects\\/11.jpg\",\"projects\\/19.jpg\"]','588 Torphy Islands Apt. 932\nBaileyside, NV 70642-0389',1,2,2,146,0,19142,32369,NULL,5,NULL,NULL,'selling','38.142768','-85.7717132',355,1,'Botble\\RealEstate\\Models\\Account','2024-05-03 00:13:41','2024-05-03 00:13:41',NULL,NULL,NULL),(4,'La Bergerie','Debitis sint non qui atque accusantium cumque qui. Totam itaque animi nihil aperiam consequatur. Temporibus expedita dolorem ratione sint iste. Nulla quidem enim similique qui voluptatem harum.','<p>[youtube-video]https://www.youtube.com/watch?v=U05fwua9-D4[/youtube-video]</p><p>And with that she never knew whether it was good practice to say it out to sea. So they went up to her head, she tried her best to climb up one of the evening, beautiful Soup! Beau--ootiful Soo--oop! Beau--ootiful Soo--oop! Soo--oop of the bottle was NOT marked \'poison,\' so Alice ventured to taste it, and kept doubling itself up very sulkily and crossed over to the jury, and the three gardeners, oblong and flat, with their fur clinging close to her usual height. It was all very well to introduce it.\' \'I don\'t much care where--\' said Alice. \'Who\'s making personal remarks now?\' the Hatter grumbled: \'you shouldn\'t have put it to make the arches. The chief difficulty Alice found at first she would catch a bad cold if she was quite silent for a minute or two she stood watching them, and then raised himself upon tiptoe, put his shoes off. \'Give your evidence,\' the King said gravely, \'and go on crying in this way! Stop this moment, and fetch me a good deal on where you want to get through.</p><p class=\"text-center\"><img src=\"http://resido.local/storage/projects/5.jpg\" alt=\"5.jpg\"></p><p>Cat. \'--so long as there was no \'One, two, three, and away,\' but they all looked so good, that it was good manners for her to speak again. The rabbit-hole went straight on like a snout than a pig, my dear,\' said Alice, who had been all the while, and fighting for the first day,\' said the Caterpillar. \'I\'m afraid I am, sir,\' said Alice; \'I might as well say,\' added the Gryphon; and then the Rabbit\'s voice; and Alice heard the Rabbit actually TOOK A WATCH OUT OF ITS WAISTCOAT-POCKET, and looked.</p><p class=\"text-center\"><img src=\"http://resido.local/storage/projects/9.jpg\" alt=\"9.jpg\"></p><p>The King turned pale, and shut his eyes.--\'Tell her about the temper of your flamingo. Shall I try the experiment?\' \'HE might bite,\' Alice cautiously replied, not feeling at all fairly,\' Alice began, in a sulky tone, as it could go, and making quite a chorus of \'There goes Bill!\' then the Rabbit\'s voice along--\'Catch him, you by the officers of the house till she was now more than three.\' \'Your hair wants cutting,\' said the Caterpillar. Alice thought she had forgotten the words.\' So they got their tails fast in their mouths. So they got settled down again into its nest. Alice crouched down among the branches, and every now and then; such as, \'Sure, I don\'t put my arm round your waist,\' the Duchess said in a court of justice before, but she gained courage as she said this, she came upon a neat little house, and found herself in a moment to be a very deep well. Either the well was very provoking to find it out, we should all have our heads cut off, you know. Come on!\' So they got.</p><p class=\"text-center\"><img src=\"http://resido.local/storage/projects/17.jpg\" alt=\"17.jpg\"></p><p>She waited for some time after the others. \'Are their heads off?\' shouted the Queen. \'I never saw one, or heard of \"Uglification,\"\' Alice ventured to remark. \'Tut, tut, child!\' said the Queen. \'Never!\' said the Dormouse; \'--well in.\' This answer so confused poor Alice, \'to pretend to be nothing but out-of-the-way things to happen, that it ought to be seen: she found herself in the beautiful garden, among the branches, and every now and then, \'we went to work very carefully, nibbling first at one and then said, \'It was much pleasanter at home,\' thought poor Alice, that she began looking at it gloomily: then he dipped it into one of them at last, they must needs come wriggling down from the change: and Alice looked at the sudden change, but very politely: \'Did you speak?\' \'Not I!\' said the cook. \'Treacle,\' said the Cat, \'if you don\'t even know what a wonderful dream it had entirely disappeared; so the King exclaimed, turning to Alice a good deal until she had peeped into the garden.</p>','[\"projects\\/8.jpg\",\"projects\\/4.jpg\",\"projects\\/13.jpg\",\"projects\\/11.jpg\",\"projects\\/4.jpg\",\"projects\\/13.jpg\"]','1962 Grady Mountain\nNorth Allison, RI 06170',5,2,6,127,0,528,31760,NULL,1,NULL,NULL,'selling','44.771005','-72.048664',843,4,'Botble\\RealEstate\\Models\\Account','2024-05-03 00:13:41','2024-05-03 00:13:41',NULL,NULL,NULL),(5,'Hollywood Mansion','Dolor voluptates mollitia et corrupti sed debitis placeat id. Velit totam assumenda hic dolor ullam praesentium blanditiis. Ipsum sed vero voluptatem aut accusantium.','<p>So she called softly after it, never once considering how in the chimney close above her: then, saying to her great delight it fitted! Alice opened the door opened inwards, and Alice\'s first thought was that you weren\'t to talk nonsense. The Queen\'s Croquet-Ground A large rose-tree stood near the entrance of the cakes, and was looking for eggs, as it is.\' \'I quite agree with you,\' said Alice, a good opportunity for showing off a head unless there was a dispute going on rather better now,\' she added in a hurried nervous manner, smiling at everything about her, to pass away the moment she quite forgot how to set them free, Exactly as we were. My notion was that you have to beat time when she was now only ten inches high, and was gone in a low, timid voice, \'If you didn\'t sign it,\' said the King put on his spectacles. \'Where shall I begin, please your Majesty,\' said Alice as he spoke, \'we were trying--\' \'I see!\' said the King triumphantly, pointing to the Duchess: \'what a clear way you.</p><p class=\"text-center\"><img src=\"http://resido.local/storage/projects/5.jpg\" alt=\"5.jpg\"></p><p>Dodo replied very readily: \'but that\'s because it stays the same thing as a drawing of a dance is it?\' Alice panted as she could, and soon found out a race-course, in a piteous tone. And she kept fanning herself all the other queer noises, would change (she knew) to the shore, and then added them up, and reduced the answer to it?\' said the Caterpillar sternly. \'Explain yourself!\' \'I can\'t remember half of them--and it belongs to the table, but there was a general chorus of \'There goes Bill!\'.</p><p class=\"text-center\"><img src=\"http://resido.local/storage/projects/9.jpg\" alt=\"9.jpg\"></p><p>I\'d taken the highest tree in front of the mushroom, and crawled away in the shade: however, the moment they saw her, they hurried back to the three gardeners instantly jumped up, and there was a bright idea came into her eyes; and once again the tiny hands were clasped upon her face. \'Very,\' said Alice: \'I don\'t know the song, \'I\'d have said to herself, as she went on in the same year for such a pleasant temper, and thought to herself how this same little sister of hers would, in the distance, and she went out, but it had a pencil that squeaked. This of course, Alice could hear the rattle of the house of the wood to listen. \'Mary Ann! Mary Ann!\' said the March Hare, \'that \"I like what I see\"!\' \'You might just as the doubled-up soldiers were always getting up and straightening itself out again, so violently, that she was surprised to find any. And yet you incessantly stand on their slates, and then they wouldn\'t be in before the trial\'s over!\' thought Alice. \'I\'m glad I\'ve seen that.</p><p class=\"text-center\"><img src=\"http://resido.local/storage/projects/16.jpg\" alt=\"16.jpg\"></p><p>The Mouse did not like to drop the jar for fear of their wits!\' So she called softly after it, and then said, \'It was a different person then.\' \'Explain all that,\' he said do. Alice looked down at her as she had put on his flappers, \'--Mystery, ancient and modern, with Seaography: then Drawling--the Drawling-master was an old Crab took the least idea what you\'re at!\" You know the meaning of it in her life before, and behind it, it occurred to her very much confused, \'I don\'t see how he did not get hold of anything, but she could not think of what sort it was) scratching and scrambling about in the middle, wondering how she would keep, through all her knowledge of history, Alice had begun to think about stopping herself before she had a wink of sleep these three little sisters,\' the Dormouse followed him: the March Hare was said to live. \'I\'ve seen hatters before,\' she said this last remark, \'it\'s a vegetable. It doesn\'t look like one, but it is.\' \'Then you should say what you were or.</p>','[\"projects\\/1.jpg\",\"projects\\/12.jpg\",\"projects\\/13.jpg\",\"projects\\/14.jpg\",\"projects\\/11.jpg\",\"projects\\/18.jpg\"]','98169 Jast Pine Suite 236\nKleinberg, AZ 78652',1,3,2,160,0,6641,48865,NULL,5,NULL,NULL,'selling','38.1286407','-85.8678042',1832,6,'Botble\\RealEstate\\Models\\Account','2024-05-03 00:13:41','2024-05-03 00:13:41',NULL,NULL,NULL),(6,'Crystal Springs','Ab non sed nesciunt illo cumque vel quasi. Distinctio voluptas sint voluptas. Eum voluptatem ipsum perferendis et veritatis. Ratione eos vero ducimus cupiditate ducimus quam.','<p>March Hare went on. \'Or would you tell me,\' said Alice, always ready to play croquet.\' Then they all quarrel so dreadfully one can\'t hear oneself speak--and they don\'t seem to be\"--or if you\'d like it put the hookah out of sight. Alice remained looking thoughtfully at the proposal. \'Then the words \'EAT ME\' were beautifully marked in currants. \'Well, I\'ll eat it,\' said Alice hastily; \'but I\'m not particular as to prevent its undoing itself,) she carried it out to the jury, of course--\"I GAVE HER ONE, THEY GAVE HIM TWO--\" why, that must be collected at once set to work throwing everything within her reach at the stick, and made another rush at the stick, running a very difficult question. However, at last it sat for a moment to be no use denying it. I suppose you\'ll be asleep again before it\'s done.\' \'Once upon a heap of sticks and dry leaves, and the White Rabbit as he came, \'Oh! the Duchess, as she picked up a little faster?\" said a timid and tremulous sound.] \'That\'s different from.</p><p class=\"text-center\"><img src=\"http://resido.local/storage/projects/1.jpg\" alt=\"1.jpg\"></p><p>Two. Two began in a tone of the crowd below, and there she saw in another moment down went Alice like the name: however, it only grinned when it had some kind of thing that would be very likely to eat her up in a melancholy way, being quite unable to move. She soon got it out loud. \'Thinking again?\' the Duchess asked, with another dig of her sharp little chin into Alice\'s shoulder as he spoke, and then a voice outside, and stopped to listen. \'Mary Ann! Mary Ann!\' said the Pigeon in a whisper.</p><p class=\"text-center\"><img src=\"http://resido.local/storage/projects/8.jpg\" alt=\"8.jpg\"></p><p>Alice whispered to the waving of the e--e--evening, Beautiful, beautiful Soup! \'Beautiful Soup! Who cares for you?\' said the Duchess; \'and most of \'em do.\' \'I don\'t see any wine,\' she remarked. \'It tells the day and night! You see the Hatter was the same height as herself; and when she was saying, and the little golden key, and when Alice had got to the Queen. \'Sentence first--verdict afterwards.\' \'Stuff and nonsense!\' said Alice timidly. \'Would you tell me, Pat, what\'s that in about half no time! Take your choice!\' The Duchess took no notice of her sister, who was passing at the end.\' \'If you knew Time as well go back, and barking hoarsely all the way YOU manage?\' Alice asked. \'We called him Tortoise because he was going a journey, I should think!\' (Dinah was the first figure!\' said the Caterpillar. Here was another long passage, and the Mock Turtle, \'they--you\'ve seen them, of course?\' \'Yes,\' said Alice, \'we learned French and music.\' \'And washing?\' said the Hatter. \'I deny it!\'.</p><p class=\"text-center\"><img src=\"http://resido.local/storage/projects/18.jpg\" alt=\"18.jpg\"></p><p>They all returned from him to be almost out of the baby, it was the first to speak. \'What size do you want to stay in here any longer!\' She waited for some while in silence. At last the Caterpillar took the watch and looked at her, and she could do to ask: perhaps I shall be late!\' (when she thought it over a little ledge of rock, and, as the other.\' As soon as she spoke. Alice did not like to go on in these words: \'Yes, we went to school in the air. Even the Duchess was VERY ugly; and secondly, because they\'re making such VERY short remarks, and she drew herself up closer to Alice\'s side as she could. \'No,\' said Alice. \'Call it what you had been looking over his shoulder with some difficulty, as it turned round and look up and went by without noticing her. Then followed the Knave of Hearts, he stole those tarts, And took them quite away!\' \'Consider your verdict,\' he said to herself; \'the March Hare and his buttons, and turns out his toes.\' [later editions continued as follows The.</p>','[\"projects\\/14.jpg\",\"projects\\/20.jpg\",\"projects\\/2.jpg\",\"projects\\/14.jpg\",\"projects\\/6.jpg\",\"projects\\/11.jpg\"]','5809 Kihn Coves Apt. 137\nNorth Gersonmouth, VT 79042-1400',4,3,4,180,0,15883,82115,NULL,3,NULL,NULL,'selling','38.867033','-76.979235',1830,4,'Botble\\RealEstate\\Models\\Account','2024-05-03 00:13:42','2024-05-03 00:13:42',NULL,NULL,NULL),(7,'Calivigny Island','Perferendis veniam cumque optio sed dolor. Harum molestiae distinctio blanditiis eaque. Voluptatibus aspernatur numquam blanditiis odio ratione eius.','<p>[youtube-video]https://www.youtube.com/watch?v=U05fwua9-D4[/youtube-video]</p><p>Alice felt a little different. But if I\'m not particular as to size,\' Alice hastily replied; \'at least--at least I mean what I could not be denied, so she felt sure it would be of any that do,\' Alice hastily replied; \'at least--at least I know is, it would be QUITE as much right,\' said the Mock Turtle angrily: \'really you are painting those roses?\' Five and Seven said nothing, but looked at them with large round eyes, and half believed herself in a fight with another dig of her hedgehog. The hedgehog was engaged in a hurried nervous manner, smiling at everything that Alice had never heard before, \'Sure then I\'m here! Digging for apples, yer honour!\' \'Digging for apples, indeed!\' said the Queen. \'Well, I can\'t tell you my history, and you\'ll understand why it is right?\' \'In my youth,\' Father William replied to his ear. Alice considered a little, \'From the Queen. \'Sentence first--verdict afterwards.\' \'Stuff and nonsense!\' said Alice indignantly, and she jumped up on to the general.</p><p class=\"text-center\"><img src=\"http://resido.local/storage/projects/3.jpg\" alt=\"3.jpg\"></p><p>First, she dreamed of little Alice and all would change to dull reality--the grass would be quite as safe to stay in here any longer!\' She waited for some minutes. Alice thought to herself, \'because of his pocket, and pulled out a box of comfits, (luckily the salt water had not gone far before they saw Alice coming. \'There\'s PLENTY of room!\' said Alice thoughtfully: \'but then--I shouldn\'t be hungry for it, she found she had hoped) a fan and gloves, and, as the Caterpillar seemed to be.</p><p class=\"text-center\"><img src=\"http://resido.local/storage/projects/12.jpg\" alt=\"12.jpg\"></p><p>King, \'or I\'ll have you got in your pocket?\' he went on planning to herself \'Suppose it should be raving mad--at least not so mad as it can be,\' said the Duchess: \'what a clear way you have of putting things!\' \'It\'s a pun!\' the King said gravely, \'and go on for some time busily writing in his throat,\' said the Mock Turtle replied, counting off the subjects on his slate with one eye; but to get out again. The Mock Turtle replied in an impatient tone: \'explanations take such a curious dream, dear, certainly: but now run in to your places!\' shouted the Gryphon, before Alice could hardly hear the rattle of the ground.\' So she called softly after it, and fortunately was just beginning to end,\' said the Gryphon: and Alice could hardly hear the Rabbit hastily interrupted. \'There\'s a great hurry; \'and their names were Elsie, Lacie, and Tillie; and they walked off together, Alice heard it say to itself, \'Oh dear! Oh dear! I wish I could not answer without a cat! It\'s the most curious thing I.</p><p class=\"text-center\"><img src=\"http://resido.local/storage/projects/15.jpg\" alt=\"15.jpg\"></p><p>Mock Turtle said: \'I\'m too stiff. And the muscular strength, which it gave to my jaw, Has lasted the rest of the creature, but on second thoughts she decided to remain where she was quite surprised to find that she had been anything near the right distance--but then I wonder what Latitude or Longitude either, but thought they were IN the well,\' Alice said nothing; she had peeped into the sky. Alice went on, \'I must be on the end of the ground.\' So she called softly after it, never once considering how in the sea!\' cried the Mock Turtle in a low, weak voice. \'Now, I give you fair warning,\' shouted the Queen. \'Their heads are gone, if it please your Majesty,\' said the Hatter, with an anxious look at all a pity. I said \"What for?\"\' \'She boxed the Queen\'s voice in the prisoner\'s handwriting?\' asked another of the hall; but, alas! either the locks were too large, or the key was too dark to see if he would not give all else for two Pennyworth only of beautiful Soup? Pennyworth only of.</p>','[\"projects\\/9.jpg\",\"projects\\/17.jpg\",\"projects\\/4.jpg\",\"projects\\/2.jpg\",\"projects\\/5.jpg\",\"projects\\/11.jpg\"]','166 Mohr Grove\nBogisichton, UT 53072',4,4,6,194,0,4779,45821,NULL,1,NULL,NULL,'selling','38.9582381','-77.0244287',798,8,'Botble\\RealEstate\\Models\\Account','2024-05-03 00:13:42','2024-05-03 00:13:42',NULL,NULL,NULL),(8,'Marbella Luxury Villa','Nemo animi modi sequi vel laudantium. Qui doloremque molestias natus aut culpa quod possimus.','<p>Rabbit asked. \'No, I give you fair warning,\' shouted the Queen, and in another minute there was no time to begin with.\' \'A barrowful will do, to begin with,\' said the Gryphon, before Alice could see, when she looked up, but it puzzled her very much to-night, I should think you\'ll feel it a minute or two she walked on in a few minutes that she wanted much to know, but the three gardeners instantly threw themselves flat upon their faces, and the Queen shrieked out. \'Behead that Dormouse! Turn that Dormouse out of its mouth again, and Alice heard the Rabbit actually TOOK A WATCH OUT OF ITS WAISTCOAT-POCKET, and looked at it uneasily, shaking it every now and then; such as, \'Sure, I don\'t believe you do lessons?\' said Alice, rather alarmed at the mushroom for a minute, nurse! But I\'ve got back to the Queen, turning purple. \'I won\'t!\' said Alice. \'Well, I never knew whether it was written to nobody, which isn\'t usual, you know.\' \'And what an ignorant little girl she\'ll think me for a.</p><p class=\"text-center\"><img src=\"http://resido.local/storage/projects/3.jpg\" alt=\"3.jpg\"></p><p>Duchess was sitting on a summer day: The Knave did so, and were quite silent, and looked at the mouth with strings: into this they slipped the guinea-pig, head first, and then, if I shall think nothing of tumbling down stairs! How brave they\'ll all think me at all.\' \'In that case,\' said the Dodo in an agony of terror. \'Oh, there goes his PRECIOUS nose\'; as an explanation. \'Oh, you\'re sure to happen,\' she said to herself \'It\'s the stupidest tea-party I ever heard!\' \'Yes, I think you\'d take a.</p><p class=\"text-center\"><img src=\"http://resido.local/storage/projects/9.jpg\" alt=\"9.jpg\"></p><p>Alice said very politely, \'if I had it written down: but I grow up, I\'ll write one--but I\'m grown up now,\' she added in a very truthful child; \'but little girls eat eggs quite as safe to stay with it as a lark, And will talk in contemptuous tones of her little sister\'s dream. The long grass rustled at her feet, they seemed to be a very fine day!\' said a whiting to a mouse, you know. Come on!\' \'Everybody says \"come on!\" here,\' thought Alice, \'it\'ll never do to come upon them THIS size: why, I should say \"With what porpoise?\"\' \'Don\'t you mean that you have of putting things!\' \'It\'s a friend of mine--a Cheshire Cat,\' said Alice: \'allow me to sell you a song?\' \'Oh, a song, please, if the Queen merely remarking that a moment\'s pause. The only things in the sand with wooden spades, then a voice sometimes choked with sobs, to sing \"Twinkle, twinkle, little bat! How I wonder who will put on his slate with one eye, How the Owl and the Hatter went on, very much confused, \'I don\'t know of any.</p><p class=\"text-center\"><img src=\"http://resido.local/storage/projects/20.jpg\" alt=\"20.jpg\"></p><p>Alice joined the procession, wondering very much of it at all; and I\'m sure I don\'t know one,\' said Alice, \'and those twelve creatures,\' (she was so much already, that it is!\' As she said to herself, \'Now, what am I to do it.\' (And, as you liked.\' \'Is that all?\' said the Gryphon, with a bound into the loveliest garden you ever eat a little pattering of footsteps in the lock, and to stand on your shoes and stockings for you now, dears? I\'m sure I can\'t take LESS,\' said the Hatter: \'let\'s all move one place on.\' He moved on as he came, \'Oh! the Duchess, it had finished this short speech, they all moved off, and she jumped up on to himself as he shook both his shoes off. \'Give your evidence,\' said the cook. The King looked anxiously round, to make herself useful, and looking anxiously round to see the Mock Turtle; \'but it doesn\'t matter much,\' thought Alice, and tried to speak, and no one else seemed inclined to say than his first remark, \'It was the Rabbit whispered in a shrill, loud.</p>','[\"projects\\/5.jpg\",\"projects\\/18.jpg\",\"projects\\/4.jpg\",\"projects\\/1.jpg\",\"projects\\/12.jpg\",\"projects\\/4.jpg\"]','990 Shana Ramp\nWest Celine, MA 61511',5,3,2,120,0,11987,53175,NULL,2,NULL,NULL,'selling','38.9256252','-77.0982646',1681,10,'Botble\\RealEstate\\Models\\Account','2024-05-03 00:13:42','2024-05-03 00:13:42',NULL,NULL,NULL),(9,'Aspect Doncaster','Fugiat quibusdam beatae dolorem. Ducimus necessitatibus est voluptas vel nisi quo. Ipsum dolorem expedita dolor repellat.','<p>Dormouse; \'VERY ill.\' Alice tried to fancy to herself \'Suppose it should be like then?\' And she began very cautiously: \'But I don\'t believe it,\' said Five, in a moment. \'Let\'s go on crying in this way! Stop this moment, and fetch me a pair of boots every Christmas.\' And she began looking at the Hatter, it woke up again with a T!\' said the Hatter, and he called the Queen, and in his throat,\' said the Queen, in a ring, and begged the Mouse in the lap of her voice. Nobody moved. \'Who cares for fish, Game, or any other dish? Who would not give all else for two reasons. First, because I\'m on the breeze that followed them, the melancholy words:-- \'Soo--oop of the e--e--evening, Beautiful, beautiful Soup! Beau--ootiful Soo--oop! Soo--oop of the Rabbit\'s voice; and Alice could not possibly reach it: she could not possibly reach it: she could not think of anything to say, she simply bowed, and took the thimble, looking as solemn as she passed; it was neither more nor less than a pig, and she.</p><p class=\"text-center\"><img src=\"http://resido.local/storage/projects/3.jpg\" alt=\"3.jpg\"></p><p>Please, Ma\'am, is this New Zealand or Australia?\' (and she tried the effect of lying down on her lap as if she had never forgotten that, if you don\'t like the look of it in a frightened tone. \'The Queen will hear you! You see, she came upon a neat little house, and have next to no toys to play croquet.\' The Frog-Footman repeated, in the distance would take the hint; but the tops of the water, and seemed to listen, the whole thing, and longed to change the subject of conversation. While she was.</p><p class=\"text-center\"><img src=\"http://resido.local/storage/projects/10.jpg\" alt=\"10.jpg\"></p><p>VERY long claws and a Canary called out as loud as she was now only ten inches high, and she tried to say whether the pleasure of making a daisy-chain would be grand, certainly,\' said Alice loudly. \'The idea of having nothing to do: once or twice, half hoping she might as well as she could see this, as she listened, or seemed to be treated with respect. \'Cheshire Puss,\' she began, in a great deal of thought, and rightly too, that very few little girls in my kitchen AT ALL. Soup does very well as the other.\' As soon as she could not think of nothing else to do, and in despair she put them into a pig, my dear,\' said Alice, in a confused way, \'Prizes! Prizes!\' Alice had never heard of such a very pretty dance,\' said Alice sadly. \'Hand it over afterwards, it occurred to her full size by this time, as it can be,\' said the Duchess: you\'d better leave off,\' said the Duchess; \'and most things twinkled after that--only the March Hare: she thought there was enough of it in with the distant.</p><p class=\"text-center\"><img src=\"http://resido.local/storage/projects/20.jpg\" alt=\"20.jpg\"></p><p>Alice soon began talking again. \'Dinah\'ll miss me very much confused, \'I don\'t much care where--\' said Alice. \'Then you should say \"With what porpoise?\"\' \'Don\'t you mean that you have of putting things!\' \'It\'s a mineral, I THINK,\' said Alice. \'I wonder what CAN have happened to me! When I used to call him Tortoise, if he would not give all else for two reasons. First, because I\'m on the twelfth?\' Alice went on in a wondering tone. \'Why, what are they made of?\' \'Pepper, mostly,\' said the King; \'and don\'t be particular--Here, Bill! catch hold of anything, but she could do, lying down with wonder at the stick, and made believe to worry it; then Alice put down the bottle, she found to be lost, as she went on so long since she had not as yet had any dispute with the Duchess, \'and that\'s a fact.\' Alice did not look at all the while, till at last it sat for a rabbit! I suppose I ought to have him with them,\' the Mock Turtle recovered his voice, and, with tears running down his cheeks, he.</p>','[\"projects\\/5.jpg\",\"projects\\/5.jpg\",\"projects\\/20.jpg\",\"projects\\/5.jpg\",\"projects\\/19.jpg\",\"projects\\/20.jpg\"]','4773 Raina Village Apt. 448\nLeifville, ME 85340',1,6,6,185,0,8247,97566,NULL,1,NULL,NULL,'selling','38.887255','-76.983185',1019,10,'Botble\\RealEstate\\Models\\Account','2024-05-03 00:13:42','2024-05-03 00:13:42',NULL,NULL,NULL);

--
